{"id":1819,"date":"2018-09-27T14:37:39","date_gmt":"2018-09-27T14:37:39","guid":{"rendered":"https:\/\/agrarias.ufpr.br\/pgapv\/?page_id=1819"},"modified":"2026-02-04T12:35:35","modified_gmt":"2026-02-04T12:35:35","slug":"agro-7009-epidemiologia-de-doencas-de-plantas","status":"publish","type":"page","link":"https:\/\/agrarias.ufpr.br\/pgapv\/agro-7009-epidemiologia-de-doencas-de-plantas\/","title":{"rendered":"AGRO 7009 &#8211; Epidemiologia para o Manejo de Doen\u00e7as de Plantas"},"content":{"rendered":"\n<p><strong>N\u00edvel<\/strong><\/p>\n\n\n\n<p>Mestrado\/Doutorado<\/p>\n\n\n\n<p><strong>Natureza<\/strong><\/p>\n\n\n\n<p>Semestral<\/p>\n\n\n\n<p><strong>Cr\u00e9ditos<\/strong><\/p>\n\n\n\n<p>04<\/p>\n\n\n\n<p><strong>Carga hor\u00e1ria<\/strong><\/p>\n\n\n\n<p>60 horas&nbsp;<\/p>\n\n\n\n<p><strong>Ementa<\/strong><\/p>\n\n\n\n<p>Busca de compreens\u00e3o das bases da Epidemiologia Bot\u00e2nica com estudos dos padr\u00f5es de doen\u00e7as e descri\u00e7\u00e3o do progresso temporal e espacial de epidemias. Estabelecimento de m\u00e9todos para estudo do pat\u00f3geno, do hospedeiro e do ambiente, com quantifica\u00e7\u00e3o de danos e perdas; estimando riscos de epidemias. Reflex\u00f5es sobre estudos epidemiol\u00f3gicos para o manejo integrado de doen\u00e7as com base em estudos de caso.<\/p>\n\n\n\n<p><strong>Semestre<\/strong><\/p>\n\n\n\n<p>1\u00ba semestre de anos pares<\/p>\n\n\n\n<p><strong>Dia\/Hor\u00e1rio<\/strong><\/p>\n\n\n\n<p>Quinta-feira\/ 08:00 \u2013 12:00 horas<\/p>\n\n\n\n<p><strong>Docente<\/strong><\/p>\n\n\n\n<p><a href=\"https:\/\/agrarias.ufpr.br\/pgapv\/louise-larissa-may-de-mio\/\">Louise Larissa May De Mio&nbsp;<\/a><\/p>\n\n\n\n<p><strong>Bibliografia Recomendada<\/strong><\/p>\n\n\n\n<p>ANGELI, S. S.; MAY DE MIO, L.L.; AMORIM, L. (2017). Comparative analysis of Monilinia fructicola and M. laxa isolates from Brazil: monocyclic components of peach brown rot. Ciencia Rural, 47(6), e20160300. BERGAMIN FILHO, A. Epidemiologia. In: BERGAMIN FILHO, A.; KIMATI, H.; AMORIM, L. (Eds.). Manual de fitopatologia: princ\u00edpios e conceitos. 3. Ed. S\u00e3o Paulo: Agron\u00f4mica Ceres, 1995. v.1,&nbsp;p. 540-691<\/p>\n\n\n\n<p>BERGAMIN FILHO, A.; AMORIM, L. Doen\u00e7as de plantas tropicais: epidemiologia e controle econ\u00f4mico. S\u00e3o Paulo: Agron\u00f4mica Ceres, 1996. 289p.<\/p>\n\n\n\n<p>COOKE, B.M.; JONES, D.G.; KAYE, B. (Eds.). The epidemiology of plant diseases. 2. ed. Londres: Springer, 2006. 576p.<\/p>\n\n\n\n<p>FLINCKH, M.R; van BRUGGEN. A.H.C.; TAMM, L. Plant Disease and their Management in organic agriculture, APS Press, 2015<\/p>\n\n\n\n<p>FRANCL, L.J.; NEHER, D.A. (Eds.). Exercises in plant disease epidemiology. St. Paul: APS Press, 1997. 242p.<\/p>\n\n\n\n<p>FRANNTSZEN, J. Epidemiology and plant Ecology. Principles and applications.Wolrd Scientific. 2007. 172 p.<\/p>\n\n\n\n<p>HAMADA, N.A.; MOREIRA, R.R.; NESI, C. N.;&nbsp;May De Mio, L.L.&nbsp;(2019). Pathogen dispersal and Glomerella leaf spot progress within apple canopy in Brazil. Plant Disease, 103: 3209-3217.<\/p>\n\n\n\n<p>KRANZ, J. Comparative epidemiology of plant diseases. Heidelberg: Springer-Verlag, 2003. 206p.<\/p>\n\n\n\n<p>KRANZ, J.; ROTEM, J. (Eds.). Experimental techniques in plant disease epidemiology. Berlin: Springer-Verlag, 1988. 299p.<\/p>\n\n\n\n<p>MADDEN, L.V.; HUGHES, G.; VAN DEN BOSCH, F. The study of plant disease epidemics. St. Paul: APS Press, 2007. 421p.<\/p>\n\n\n\n<p>MCQUAID CF, VAN DEN BOSCH F, SZYNISZEWSKA A, ALICAI T, PARIYO A, CHIKOTI PC, et al. (2017) Spatial dynamics and control of a crop pathogen with mixed-mode<\/p>\n\n\n\n<p>MORAL, J. MORGAN, D. TRAPERO, A. MICHAILIDES, T.J. (2019) Ecology and Epidemiology of Diseases of Nut Crops and Olives Caused by Botryosphaeriaceae Fungi in California and Spain, 103:1809-1827.<\/p>\n\n\n\n<p>NELSON, M. E., GENT, D. H., GROVE, G. G. 2015. Meta-analysis reveals a critical period for management of powdery mildew on hop cones. Plant Dis. 99:632-640.<\/p>\n\n\n\n<p>PETHYBRIDGE, S. J., NELSON, S. C. (2015). Leaf Doctor: A new portable application for quantifying plant disease severity. Plant Dis. 99:1310-1316.<\/p>\n\n\n\n<p>REIS, E.M. (Org.). Previs\u00e3o de doen\u00e7as de plantas. Passo Fundo: UPF, 2004. 316p.<\/p>\n\n\n\n<p>ROESE, A. D. ; RIBERIO Jr, P.J.;&nbsp;MAY-DE MIO, L. L.&nbsp;(2017). Microclimate in agrosilvopastoral system enhances powdery mildew severity compared to agropastoral and non-integrated crop. Tropical Plant Pathology, 42: 382-390.<\/p>\n\n\n\n<p>SAVARY, S.; COOKE, B.M. (Eds.). Plant disease epidemiology: facing challenges of the 21st century. Berlin: Springer-Verlag, 2005. 138p.<\/p>\n\n\n\n<p>SUFFERT, F.&nbsp; THOMPSON R.N. 2018. Some reasons why the latent period should not always be considered constant over the course of a plant disease epidemic.&nbsp;Plant Pathology, 67:1831\u20131840<\/p>\n\n\n\n<p>VALE, F.X.R.; JESUS JR., W.C.; ZAMBOLIM, L. (Eds.). Epidemiologia aplicada ao manejo de doen\u00e7as de plantas. Belo Horizonte: Perfil, 2004. 531p.<\/p>\n","protected":false},"excerpt":{"rendered":"<p>N\u00edvel Mestrado\/Doutorado Natureza Semestral Cr\u00e9ditos 04 Carga hor\u00e1ria 60 horas&nbsp; Ementa Busca de compreens\u00e3o das bases da Epidemiologia Bot\u00e2nica com estudos dos padr\u00f5es de doen\u00e7as e descri\u00e7\u00e3o do progresso temporal e espacial de epidemias. Estabelecimento de m\u00e9todos para estudo do pat\u00f3geno, do hospedeiro e do ambiente, com quantifica\u00e7\u00e3o de danos e perdas; estimando riscos de [&hellip;]<\/p>\n","protected":false},"author":10266,"featured_media":0,"parent":0,"menu_order":0,"comment_status":"closed","ping_status":"closed","template":"","meta":{"footnotes":""},"class_list":["post-1819","page","type-page","status-publish","hentry"],"_links":{"self":[{"href":"https:\/\/agrarias.ufpr.br\/pgapv\/wp-json\/wp\/v2\/pages\/1819","targetHints":{"allow":["GET"]}}],"collection":[{"href":"https:\/\/agrarias.ufpr.br\/pgapv\/wp-json\/wp\/v2\/pages"}],"about":[{"href":"https:\/\/agrarias.ufpr.br\/pgapv\/wp-json\/wp\/v2\/types\/page"}],"author":[{"embeddable":true,"href":"https:\/\/agrarias.ufpr.br\/pgapv\/wp-json\/wp\/v2\/users\/10266"}],"replies":[{"embeddable":true,"href":"https:\/\/agrarias.ufpr.br\/pgapv\/wp-json\/wp\/v2\/comments?post=1819"}],"version-history":[{"count":8,"href":"https:\/\/agrarias.ufpr.br\/pgapv\/wp-json\/wp\/v2\/pages\/1819\/revisions"}],"predecessor-version":[{"id":7661,"href":"https:\/\/agrarias.ufpr.br\/pgapv\/wp-json\/wp\/v2\/pages\/1819\/revisions\/7661"}],"wp:attachment":[{"href":"https:\/\/agrarias.ufpr.br\/pgapv\/wp-json\/wp\/v2\/media?parent=1819"}],"curies":[{"name":"wp","href":"https:\/\/api.w.org\/{rel}","templated":true}]}}