{"id":1745,"date":"2018-09-26T18:57:04","date_gmt":"2018-09-26T18:57:04","guid":{"rendered":"https:\/\/agrarias.ufpr.br\/pgapv\/?page_id=1745"},"modified":"2018-09-26T19:18:41","modified_gmt":"2018-09-26T19:18:41","slug":"laboratorio-de-micropropagacao-vegetal-lmv","status":"publish","type":"page","link":"https:\/\/agrarias.ufpr.br\/pgapv\/laboratorio-de-micropropagacao-vegetal-lmv\/","title":{"rendered":"Laborat\u00f3rio de Micropropaga\u00e7\u00e3o Vegetal (LMV)"},"content":{"rendered":"<p><strong>Interesses de pesquisa<\/strong><\/p>\n<p>Estudos em Cultura de Tecidos Vegetais <em>in vitro<\/em>. Os projetos do laborat\u00f3rio est\u00e3o direcionados para estabelecimento de protocolos de micropropaga\u00e7\u00e3o de esp\u00e9cies nativas herb\u00e1ceas e lenhosas.<\/p>\n<p><strong>Coordenador<\/strong><\/p>\n<p>Luciana Lopes Fortes Ribas<\/p>\n<p><strong>Colaboradora<\/strong><\/p>\n<p><a href=\"https:\/\/agrarias.ufpr.br\/pgapv\/marguerite-germaine-ghislaine-quoirin-2\/\">Marguerite Germaine Ghislaine Quoirin<\/a><\/p>\n<p><strong>Localiza\u00e7\u00e3o<\/strong><\/p>\n<p>Departamento de Bot\u00e2nica, Setor de Ci\u00eancias Biol\u00f3gicas, UFPR<\/p>\n<p><strong>Contatos<\/strong><\/p>\n<p><strong><img loading=\"lazy\" decoding=\"async\" class=\"wp-image-758 alignnone\" src=\"https:\/\/agrarias.ufpr.br\/fitotecnia\/wp-content\/uploads\/sites\/26\/2016\/03\/telefone.png\" alt=\"telefone\" width=\"22\" height=\"22\">&nbsp;<\/strong>+55 (41) 3361-1762<\/p>\n","protected":false},"excerpt":{"rendered":"<p>Interesses de pesquisa Estudos em Cultura de Tecidos Vegetais in vitro. Os projetos do laborat\u00f3rio est\u00e3o direcionados para estabelecimento de protocolos de micropropaga\u00e7\u00e3o de esp\u00e9cies nativas herb\u00e1ceas e lenhosas. Coordenador Luciana Lopes Fortes Ribas Colaboradora Marguerite Germaine Ghislaine Quoirin Localiza\u00e7\u00e3o Departamento de Bot\u00e2nica, Setor de Ci\u00eancias Biol\u00f3gicas, UFPR Contatos &nbsp;+55 (41) 3361-1762<\/p>\n","protected":false},"author":10266,"featured_media":0,"parent":0,"menu_order":0,"comment_status":"closed","ping_status":"closed","template":"","meta":{"footnotes":""},"class_list":["post-1745","page","type-page","status-publish","hentry"],"_links":{"self":[{"href":"https:\/\/agrarias.ufpr.br\/pgapv\/wp-json\/wp\/v2\/pages\/1745","targetHints":{"allow":["GET"]}}],"collection":[{"href":"https:\/\/agrarias.ufpr.br\/pgapv\/wp-json\/wp\/v2\/pages"}],"about":[{"href":"https:\/\/agrarias.ufpr.br\/pgapv\/wp-json\/wp\/v2\/types\/page"}],"author":[{"embeddable":true,"href":"https:\/\/agrarias.ufpr.br\/pgapv\/wp-json\/wp\/v2\/users\/10266"}],"replies":[{"embeddable":true,"href":"https:\/\/agrarias.ufpr.br\/pgapv\/wp-json\/wp\/v2\/comments?post=1745"}],"version-history":[{"count":4,"href":"https:\/\/agrarias.ufpr.br\/pgapv\/wp-json\/wp\/v2\/pages\/1745\/revisions"}],"predecessor-version":[{"id":1750,"href":"https:\/\/agrarias.ufpr.br\/pgapv\/wp-json\/wp\/v2\/pages\/1745\/revisions\/1750"}],"wp:attachment":[{"href":"https:\/\/agrarias.ufpr.br\/pgapv\/wp-json\/wp\/v2\/media?parent=1745"}],"curies":[{"name":"wp","href":"https:\/\/api.w.org\/{rel}","templated":true}]}}