{"id":1322,"date":"2018-09-20T12:41:00","date_gmt":"2018-09-20T12:41:00","guid":{"rendered":"https:\/\/agrarias.ufpr.br\/pgapv\/?page_id=1322"},"modified":"2018-09-20T12:41:00","modified_gmt":"2018-09-20T12:41:00","slug":"tsfadfdasfdsafdsfdasfas","status":"publish","type":"page","link":"https:\/\/agrarias.ufpr.br\/pgapv\/tsfadfdasfdsafdsfdasfas\/","title":{"rendered":"tsfadfdasfdsafdsfdasfas"},"content":{"rendered":"<p>Apresenta\u00e7\u00e3o<br \/>\n      O Programa de P\u00f3s-Gradua\u00e7\u00e3o em Agronomia, \u00e1rea de concentra\u00e7\u00e3o em Produ\u00e7\u00e3o Vegetal, Mestrado e Doutorado, foi homologado pelo Conselho Universit\u00e1rio da UFPR em 09 de junho de 1994, pelo Parecer n.\u00ba 08\/94-COUN. Oferece duas sub-\u00e1reas de forma\u00e7\u00e3o \u2013 Fitotecnia e Fitossanidade.<br \/>\n          A primeira turma de Mestrado teve in\u00edcio em agosto de 1994, e em mar\u00e7o de 1995 o Doutorado. Em junho de 1997 foi credenciado pelo Grupo T\u00e9cnico Consultivo da CAPES, recomendando o Curso de P\u00f3s-Gradua\u00e7\u00e3o em Agronomia para Mestrado e Doutorado, com o n\u00famero de refer\u00eancia: CAA\/GTC\/040.<\/p>\n<p>Na \u00faltima Avalia\u00e7\u00e3o Nacional realizada pela Capes, do quadri\u00eanio (2013 \/ 2014 \/ 2015 \/ 2016) o programa obteve o conceito 5.<\/p>\n","protected":false},"excerpt":{"rendered":"<p>Apresenta\u00e7\u00e3o O Programa de P\u00f3s-Gradua\u00e7\u00e3o em Agronomia, \u00e1rea de concentra\u00e7\u00e3o em Produ\u00e7\u00e3o Vegetal, Mestrado e Doutorado, foi homologado pelo Conselho Universit\u00e1rio da UFPR em 09 de junho de 1994, pelo Parecer n.\u00ba 08\/94-COUN. Oferece duas sub-\u00e1reas de forma\u00e7\u00e3o \u2013 Fitotecnia e Fitossanidade. A primeira turma de Mestrado teve in\u00edcio em agosto de 1994, e em [&hellip;]<\/p>\n","protected":false},"author":3,"featured_media":0,"parent":0,"menu_order":0,"comment_status":"closed","ping_status":"closed","template":"","meta":{"footnotes":""},"class_list":["post-1322","page","type-page","status-publish","hentry"],"_links":{"self":[{"href":"https:\/\/agrarias.ufpr.br\/pgapv\/wp-json\/wp\/v2\/pages\/1322","targetHints":{"allow":["GET"]}}],"collection":[{"href":"https:\/\/agrarias.ufpr.br\/pgapv\/wp-json\/wp\/v2\/pages"}],"about":[{"href":"https:\/\/agrarias.ufpr.br\/pgapv\/wp-json\/wp\/v2\/types\/page"}],"author":[{"embeddable":true,"href":"https:\/\/agrarias.ufpr.br\/pgapv\/wp-json\/wp\/v2\/users\/3"}],"replies":[{"embeddable":true,"href":"https:\/\/agrarias.ufpr.br\/pgapv\/wp-json\/wp\/v2\/comments?post=1322"}],"version-history":[{"count":1,"href":"https:\/\/agrarias.ufpr.br\/pgapv\/wp-json\/wp\/v2\/pages\/1322\/revisions"}],"predecessor-version":[{"id":1323,"href":"https:\/\/agrarias.ufpr.br\/pgapv\/wp-json\/wp\/v2\/pages\/1322\/revisions\/1323"}],"wp:attachment":[{"href":"https:\/\/agrarias.ufpr.br\/pgapv\/wp-json\/wp\/v2\/media?parent=1322"}],"curies":[{"name":"wp","href":"https:\/\/api.w.org\/{rel}","templated":true}]}}