{"id":1134,"date":"2018-09-04T12:35:27","date_gmt":"2018-09-04T12:35:27","guid":{"rendered":"https:\/\/agrarias.ufpr.br\/pgapv\/?page_id=1134"},"modified":"2018-09-04T12:35:58","modified_gmt":"2018-09-04T12:35:59","slug":"agro-7006-ecofisiologia-da-producao-vegetal","status":"publish","type":"page","link":"https:\/\/agrarias.ufpr.br\/pgapv\/agro-7006-ecofisiologia-da-producao-vegetal\/","title":{"rendered":"AGRO 7006 &#8211; ECOFISIOLOGIA DA PRODU\u00c7\u00c3O VEGETAL"},"content":{"rendered":"<p class=\"Normal tm12\">&nbsp;<\/p>\n<p class=\"Normal tm12\"><strong><span class=\"tm13\">N\u00edvel<\/span><\/strong><\/p>\n<p class=\"Normal tm12\"><span class=\"tm14\">MESTRADO\/DOUTORADO <\/span><\/p>\n<p class=\"Normal tm12\"><strong><span class=\"tm13\">Natureza<\/span><\/strong><\/p>\n<p class=\"Normal tm12\"><span class=\"tm14\">SEMESTRAL<\/span><\/p>\n<p class=\"Normal tm12\"><strong><span class=\"tm13\">Carga Hor\u00e1ria<\/span><\/strong><\/p>\n<p class=\"Normal tm12\"><span class=\"tm14\">60 horas (30 te\u00f3ricas \/ 30 pr\u00e1ticas) <\/span><\/p>\n<p class=\"Normal tm12\"><strong><span class=\"tm13\">Cr\u00e9ditos<\/span><\/strong><\/p>\n<p class=\"Normal tm12\"><span class=\"tm14\">04 <\/span><\/p>\n<p class=\"Normal tm15\"><strong><span class=\"tm13\">Ementa<\/span><\/strong><\/p>\n<p class=\"Normal tm15\"><span class=\"tm14\">Introdu\u00e7\u00e3o (c\u00e9lula vegetal, fotoss\u00edntese e respira\u00e7\u00e3o). Influ\u00eancia dos fatores ambientais no desenvolvimento de esp\u00e9cies cultivadas e sua rela\u00e7\u00e3o com a produtividade de comunidades vegetais. Metabolismo vegetal (an\u00e1lise bioqu\u00edmica em tecidos vegetais). An\u00e1lise de crescimento em comunidades vegetais. Transloca\u00e7\u00e3o de assimilados. Rela\u00e7\u00f5es h\u00eddricas e fisiologia dos est\u00f4matos. Assimila\u00e7\u00e3o de nitrog\u00eanio. Metabolismo secund\u00e1rio de plantas. Cursos para os quais \u00e9 ministrada: Agronomia-Produ\u00e7\u00e3o Vegetal <\/span><\/p>\n<p class=\"Normal_Web_ tm16\"><strong><span class=\"Forte\">Semestre<\/span><\/strong><\/p>\n<p class=\"Normal_Web_ tm16\"><span class=\"tm17\">1\u00ba semestre <\/span><\/p>\n<p class=\"Normal_Web_ tm16\"><strong><span class=\"tm18\">Dia\/Hor\u00e1rio<\/span><\/strong><\/p>\n<p class=\"Normal_Web_ tm16\"><span class=\"tm19\">Quarta-feira ( 08:00 \u2013 12:00 horas<\/span><\/p>\n<p class=\"Normal_Web_ tm16\"><strong><span class=\"Forte\">Docente<\/span><\/strong><\/p>\n<p class=\"Normal_Web_ tm16\"><span class=\"tm20\">C\u00edcero Deschamps<\/span><\/p>\n<p class=\"Normal_Web_ tm16\"><strong><span class=\"tm18\">&nbsp;<\/span><\/strong><\/p>\n<p class=\"Normal_Web_ tm21\"><strong><span class=\"tm22\">Bibliografia Recomendada<\/span><\/strong><\/p>\n<p class=\"Normal_Web_ tm23\"><span class=\"tm20\">&nbsp;<\/span><\/p>\n<p class=\"Normal tm24\"><span class=\"tm14\">BUCHANAN<\/span> <span class=\"tm14\">B. B.;<\/span> <span class=\"tm14\">GRUISSEM<\/span> <span class=\"tm14\">W.;<\/span> <span class=\"tm14\">JONES<\/span> <span class=\"tm14\">R. L.<\/span><strong> <span class=\"tm13\">Biochemistry and Molecular Biology of Plants<\/span><\/strong><span class=\"tm14\">, 2 ed. American Society of Plant Physiologists, Wiley Blackwell, 2015. <\/span><\/p>\n<p class=\"Normal tm24\"><span class=\"tm25\">TAIZ L.; ZEIGER E.; MOLLER I. M.; MURPHY A. <\/span><strong><a href=\"http:\/\/www.sinauer.com\/plant-physiology-and-development.html\"><span class=\"tm13\">Plant Physiology and Development<\/span><\/a><\/strong><a><span class=\"tm14\">,<\/span><em><u><span class=\"tm26\">&nbsp;<\/span><\/u><\/em><u><span class=\"tm14\">6 ed.<\/span><\/u><\/a><u><\/u><em><span class=\"tm26\">, <\/span><\/em><span class=\"tm25\">Sinauer Associates,<\/span><span class=\"tm14\"> 2015.<\/span><\/p>\n<p class=\"Normal tm24\"><span class=\"tm25\">CONNOR <\/span><a href=\"https:\/\/www.google.com.br\/search?q=crop+ecology:+productivity+and+management+in+agricultural+systems+david+j.+connor&amp;stick=H4sIAAAAAAAAAOPgE-LRT9c3NErKM84yyDNSAvMMzUzNk9OTyrRkspOt9JPy87P1y4syS0pS8-LL84uyrRJLSzLyiwCMT6kNPAAAAA&amp;sa=X&amp;ved=2ahUKEwjbpKWIkaHdAh\"><span class=\"tm14\">D. J.; <\/span><\/a> <span class=\"tm25\">LOOMIS <\/span><a href=\"https:\/\/www.google.com.br\/search?q=crop+ecology:+productivity+and+management+in+agricultural+systems+robert+s.+loomis&amp;stick=H4sIAAAAAAAAAOPgE-LRT9c3NErKM84yyDNSAvMMjYvNzApyyrVkspOt9JPy87P1y4syS0pS8-LL84uyrRJLSzLyiwD6O_wuPAAAAA&amp;sa=X&amp;ved=2ahUKEwjbpKWIkaHdA\"><span class=\"tm14\">R. S.; <\/span><\/a><span class=\"tm14\"> CASSMAN <\/span><a href=\"https:\/\/www.google.com.br\/search?q=crop+ecology:+productivity+and+management+in+agricultural+systems+kenneth+g.+cassman&amp;stick=H4sIAAAAAAAAAOPgE-LRT9c3NErKM84yyDNSAvMMjcuzM8zMy7RkspOt9JPy87P1y4syS0pS8-LL84uyrRJLSzLyiwBZor6MPAAAAA&amp;sa=X&amp;ved=2ahUKEwjbpKWIkaH\"><span class=\"tm14\">K. G.<\/span> <\/a><strong><span class=\"tm13\">Crop Ecology: Productivity and Management in Agricultural Systems. <\/span><\/strong><span class=\"tm14\">2 ed. Cambridge, 2011. <\/span><\/p>\n<p class=\"Normal tm24\"><span class=\"tm27\">JENKS M.; HASEGAWA P. <\/span><strong><span class=\"tm28\">Plant Abiotic Stress.<\/span><\/strong><span class=\"tm29\">&nbsp;<\/span><span class=\"tm29\">1 ed. <\/span><span class=\"tm14\">Wiley Blackwell, 2005.<\/span><\/p>\n<p class=\"Normal\">&nbsp;<\/p>\n","protected":false},"excerpt":{"rendered":"<p>&nbsp; N\u00edvel MESTRADO\/DOUTORADO Natureza SEMESTRAL Carga Hor\u00e1ria 60 horas (30 te\u00f3ricas \/ 30 pr\u00e1ticas) Cr\u00e9ditos 04 Ementa Introdu\u00e7\u00e3o (c\u00e9lula vegetal, fotoss\u00edntese e respira\u00e7\u00e3o). Influ\u00eancia dos fatores ambientais no desenvolvimento de esp\u00e9cies cultivadas e sua rela\u00e7\u00e3o com a produtividade de comunidades vegetais. Metabolismo vegetal (an\u00e1lise bioqu\u00edmica em tecidos vegetais). An\u00e1lise de crescimento em comunidades vegetais. Transloca\u00e7\u00e3o de assimilados. Rela\u00e7\u00f5es h\u00eddricas e fisiologia dos est\u00f4matos. Assimila\u00e7\u00e3o de nitrog\u00eanio. Metabolismo secund\u00e1rio de plantas. Cursos para os quais \u00e9 [&hellip;]<\/p>\n","protected":false},"author":3,"featured_media":0,"parent":0,"menu_order":0,"comment_status":"closed","ping_status":"closed","template":"","meta":{"footnotes":""},"class_list":["post-1134","page","type-page","status-publish","hentry"],"_links":{"self":[{"href":"https:\/\/agrarias.ufpr.br\/pgapv\/wp-json\/wp\/v2\/pages\/1134","targetHints":{"allow":["GET"]}}],"collection":[{"href":"https:\/\/agrarias.ufpr.br\/pgapv\/wp-json\/wp\/v2\/pages"}],"about":[{"href":"https:\/\/agrarias.ufpr.br\/pgapv\/wp-json\/wp\/v2\/types\/page"}],"author":[{"embeddable":true,"href":"https:\/\/agrarias.ufpr.br\/pgapv\/wp-json\/wp\/v2\/users\/3"}],"replies":[{"embeddable":true,"href":"https:\/\/agrarias.ufpr.br\/pgapv\/wp-json\/wp\/v2\/comments?post=1134"}],"version-history":[{"count":2,"href":"https:\/\/agrarias.ufpr.br\/pgapv\/wp-json\/wp\/v2\/pages\/1134\/revisions"}],"predecessor-version":[{"id":1136,"href":"https:\/\/agrarias.ufpr.br\/pgapv\/wp-json\/wp\/v2\/pages\/1134\/revisions\/1136"}],"wp:attachment":[{"href":"https:\/\/agrarias.ufpr.br\/pgapv\/wp-json\/wp\/v2\/media?parent=1134"}],"curies":[{"name":"wp","href":"https:\/\/api.w.org\/{rel}","templated":true}]}}