{"id":6205,"date":"2025-07-08T18:50:21","date_gmt":"2025-07-08T18:50:21","guid":{"rendered":"https:\/\/agrarias.ufpr.br\/mvc\/?page_id=6205"},"modified":"2025-07-08T18:52:30","modified_gmt":"2025-07-08T18:52:30","slug":"medicina-veterinaria-de-povos-originarios-e-tradicionais","status":"publish","type":"page","link":"https:\/\/agrarias.ufpr.br\/mvc\/medicina-veterinaria-de-povos-originarios-e-tradicionais\/","title":{"rendered":"Medicina Veterin\u00e1ria de Povos Origin\u00e1rios e Tradicionais"},"content":{"rendered":"\n<p><strong>Medicina Veterin\u00e1ria de Povos Origin\u00e1rios e Tradicionais<\/strong><\/p>\n\n\n\n<p>A&nbsp;<strong>Medicina Veterin\u00e1ria de Povos Origin\u00e1rios e Tradicionais<\/strong>&nbsp;\u00e9 uma \u00e1rea da Medicina Veterin\u00e1ria do Coletivo (MVC) voltada ao cuidado da sa\u00fade animal dentro do contexto sociocultural e ambiental de povos origin\u00e1rios, como comunidades ind\u00edgenas, quilombolas e outros grupos tradicionais. Essa abordagem respeita e valoriza os saberes ancestrais e conecta pr\u00e1ticas veterin\u00e1rias modernas a sistemas tradicionais de manejo animal, sa\u00fade humana e equil\u00edbrio ambiental, promovendo um modelo integrado de sa\u00fade baseado no conceito de&nbsp;<strong>&#8220;Sa\u00fade \u00danica&#8221;<\/strong>.<\/p>\n\n\n\n<p>O principal objetivo dessa \u00e1rea \u00e9 compreender as particularidades das intera\u00e7\u00f5es humano, animal e ambiente,&nbsp; os aspectos culturais, sociais e ambientais dessas comunidades para a constru\u00e7\u00e3o de estrat\u00e9gias de atua\u00e7\u00e3o que respeitem as pr\u00e1ticas tradicionais, ao mesmo tempo que promovam a sa\u00fade dos indiv\u00edduos, fam\u00edlias e comunidades, a conserva\u00e7\u00e3o ambiental e melhorar os n\u00edveis de bem-estar dos animais.<\/p>\n\n\n\n<p><strong>O controle das zoonoses<\/strong>&nbsp;\u00e9 um dos pilares fundamentais das a\u00e7\u00f5es na Medicina Veterin\u00e1ria de Povos Origin\u00e1rios e Tradicionais, dado o impacto direto dessas doen\u00e7as n\u00e3o apenas na sa\u00fade animal, mas tamb\u00e9m na sa\u00fade das pessoas e na sustentabilidade das comunidades. Muitas das zoonoses comuns em \u00e1reas urbanas e rurais (como leptospirose, raiva, tuberculose, toxoplasmose e leishmaniose) podem se agravar nas comunidades origin\u00e1rias e tradicionais devido a fatores como isolamento geogr\u00e1fico, falta de acesso a servi\u00e7os de sa\u00fade, e condi\u00e7\u00f5es ambientais que favorecem a dissemina\u00e7\u00e3o de agentes infecciosos.<\/p>\n\n\n\n<p><strong>As medidas de controle de zoonoses incluem:<\/strong><\/p>\n\n\n\n<figure class=\"wp-block-table\"><table class=\"has-fixed-layout\"><tbody><tr><th>&#8211; Educa\u00e7\u00e3o em sa\u00fade:&nbsp;Sensibilizando as comunidades sobre formas de preven\u00e7\u00e3o, como vacina\u00e7\u00e3o, manejo adequado de res\u00edduos e cuidados b\u00e1sicos de higiene no manejo dos animais.<\/th><\/tr><\/tbody><\/table><\/figure>\n\n\n\n<p><strong>Vacina\u00e7\u00e3o e desparasita\u00e7\u00e3o:<\/strong>&nbsp;Campanhas regulares para imuniza\u00e7\u00e3o de c\u00e3es, gatos e animais de produ\u00e7\u00e3o (como bovinos, su\u00ednos e aves), com estrat\u00e9gias que levam em conta as condi\u00e7\u00f5es locais de manejo.<\/p>\n\n\n\n<p><strong>Diagn\u00f3stico e manejo veterin\u00e1rio:<\/strong>&nbsp;Atua\u00e7\u00e3o direta de profissionais para monitoramento, diagn\u00f3stico precoce e tratamento de doen\u00e7as zoon\u00f3ticas que possam representar riscos tanto para os animais quanto para os humanos.<\/p>\n\n\n\n<p><strong>Pr\u00e1ticas sustent\u00e1veis de manejo:<\/strong>&nbsp;Promovendo o manejo seguro de \u00e1guas, alimentos e \u00e1reas de cria\u00e7\u00e3o animal para evitar a transmiss\u00e3o de pat\u00f3genos.<\/p>\n\n\n\n<p>Nessas abordagens, a escuta ativa das pr\u00e1ticas locais \u00e9 essencial, garantindo que as interven\u00e7\u00f5es contemplem as especificidades culturais e ambientais de cada regi\u00e3o, e maximizem os benef\u00edcios tanto para os animais quanto para as pessoas.<\/p>\n\n\n\n<p><strong>Saberes Tradicionais na Sa\u00fade Animal<\/strong><\/p>\n\n\n\n<p>Os povos origin\u00e1rios e comunidades tradicionais possuem pr\u00e1ticas pr\u00f3prias relacionadas \u00e0 sa\u00fade animal, muitas vezes baseadas em conhecimentos passados por gera\u00e7\u00f5es. Essas pr\u00e1ticas variam desde o uso de plantas medicinais para o tratamento de enfermidades at\u00e9 m\u00e9todos espec\u00edficos de preven\u00e7\u00e3o de doen\u00e7as adaptados \u00e0s condi\u00e7\u00f5es locais. Promover o di\u00e1logo entre ci\u00eancia e saberes tradicionais \u00e9 essencial para a constru\u00e7\u00e3o de solu\u00e7\u00f5es colaborativas e sustent\u00e1veis.<\/p>\n\n\n\n<p><strong>Promover o controle das zoonoses em povos origin\u00e1rios e tradicionais n\u00e3o \u00e9 apenas uma quest\u00e3o de sa\u00fade p\u00fablica, mas tamb\u00e9m de justi\u00e7a social, praticidade e \u00e9tica. As interven\u00e7\u00f5es precisam ser constru\u00eddas de forma hol\u00edstica e participativa para garantir o bem-estar de todos os seres vivos e a preserva\u00e7\u00e3o dos recursos naturais.<\/strong><\/p>\n\n\n\n<p>A Medicina Veterin\u00e1ria de Povos Origin\u00e1rios e Tradicionais, ancorada em pilares como o controle de zoonoses, promo\u00e7\u00e3o do bem-estar animal e pr\u00e1ticas sustent\u00e1veis, representa um campo essencial para a constru\u00e7\u00e3o de um futuro mais equitativo e integrado. O di\u00e1logo entre saberes tradicionais e modernos deve ser cultivado continuamente, reconhecendo que a riqueza cultural e ambiental dessas comunidades \u00e9 uma pe\u00e7a fundamental no enfrentamento dos desafios globais de sa\u00fade e sustentabilidade.<\/p>\n\n\n\n<p><strong>Refer\u00eancias<\/strong><\/p>\n\n\n\n<p>ACOSTA-NAZA, Lilian et al.&nbsp;<em>Saberes Tradicionais e a Medicina Veterin\u00e1ria do Coletivo: uma abordagem integrada para a sa\u00fade animal em comunidades ind\u00edgenas<\/em>. Revista Sa\u00fade e Ambiente, 2023.<\/p>\n\n\n\n<p>LIMA, J.C.; COSTA, R.O.&nbsp;<em>Sa\u00fade \u00fanica e povos tradicionais no contexto amaz\u00f4nico: reflex\u00f5es e pr\u00e1ticas<\/em>. S\u00e3o Paulo: Ed. UNESP, 2022.<\/p>\n\n\n\n<p>WALTNER-TOEWES, David et al.&nbsp;<em>One Health: A social-ecological approach to zoonoses and sustainable management practices<\/em>. Routledge, 2017.<\/p>\n\n\n\n<p>GIACOIA, Tatiana; OLIVEIRA, Lucas Belchior Souza de; OLIVEIRA, Camila Stefanie Fonseca de; RAMOS, Pedro da Silva; SILVA, Jizelma Maria da; ABRANCHES, Monica; BERTOLINO, F\u00e1bio Cardoso. Medicina veterin\u00e1ria do coletivo em territ\u00f3rios tradicionais e origin\u00e1rios: uma abordagem socioambiental em sa\u00fade \u00fanica. Revista Cl\u00ednica Veterin\u00e1ria. 2025. Dispon\u00edvel em:&lt;https:\/\/www.revistaclinicaveterinaria.com.br\/opiniao\/mvcoletivo\/medicina-veterinaria-do-coletivo-em-territorios-tradicionais-e-originarios\/&gt;. Acesso em: 5 jul. 2025. |<\/p>\n","protected":false},"excerpt":{"rendered":"<p>Medicina Veterin\u00e1ria de Povos Origin\u00e1rios e Tradicionais A&nbsp;Medicina Veterin\u00e1ria de Povos Origin\u00e1rios e Tradicionais&nbsp;\u00e9 uma \u00e1rea da Medicina Veterin\u00e1ria do Coletivo (MVC) voltada ao cuidado da sa\u00fade animal dentro do contexto sociocultural e ambiental de povos origin\u00e1rios, como comunidades ind\u00edgenas, quilombolas e outros grupos tradicionais. Essa abordagem respeita e valoriza os saberes ancestrais e conecta [&hellip;]<\/p>\n","protected":false},"author":3,"featured_media":0,"parent":0,"menu_order":0,"comment_status":"closed","ping_status":"closed","template":"","meta":{"footnotes":""},"class_list":["post-6205","page","type-page","status-publish","hentry"],"_links":{"self":[{"href":"https:\/\/agrarias.ufpr.br\/mvc\/wp-json\/wp\/v2\/pages\/6205","targetHints":{"allow":["GET"]}}],"collection":[{"href":"https:\/\/agrarias.ufpr.br\/mvc\/wp-json\/wp\/v2\/pages"}],"about":[{"href":"https:\/\/agrarias.ufpr.br\/mvc\/wp-json\/wp\/v2\/types\/page"}],"author":[{"embeddable":true,"href":"https:\/\/agrarias.ufpr.br\/mvc\/wp-json\/wp\/v2\/users\/3"}],"replies":[{"embeddable":true,"href":"https:\/\/agrarias.ufpr.br\/mvc\/wp-json\/wp\/v2\/comments?post=6205"}],"version-history":[{"count":2,"href":"https:\/\/agrarias.ufpr.br\/mvc\/wp-json\/wp\/v2\/pages\/6205\/revisions"}],"predecessor-version":[{"id":6209,"href":"https:\/\/agrarias.ufpr.br\/mvc\/wp-json\/wp\/v2\/pages\/6205\/revisions\/6209"}],"wp:attachment":[{"href":"https:\/\/agrarias.ufpr.br\/mvc\/wp-json\/wp\/v2\/media?parent=6205"}],"curies":[{"name":"wp","href":"https:\/\/api.w.org\/{rel}","templated":true}]}}