{"id":6041,"date":"2024-03-01T12:42:34","date_gmt":"2024-03-01T12:42:34","guid":{"rendered":"https:\/\/agrarias.ufpr.br\/mvc\/?page_id=6041"},"modified":"2024-03-01T12:42:35","modified_gmt":"2024-03-01T12:42:35","slug":"ensino","status":"publish","type":"page","link":"https:\/\/agrarias.ufpr.br\/mvc\/ensino\/","title":{"rendered":"Ensino"},"content":{"rendered":"\n<p><strong><a href=\"https:\/\/agrarias.ufpr.br\/mvc\/medicina-veterinaria-do-coletivo-3\/\">Medicina Veterin\u00e1ria do Coletivo<\/a><\/strong><\/p>\n\n\n\n<p><strong><a href=\"https:\/\/agrarias.ufpr.br\/mvc\/disciplina-vivencia-em-mvl\/\">Viv\u00eancia em <\/a><a href=\"https:\/\/agrarias.ufpr.br\/mvc\/disciplina-mvc\/\">Medicina Veterin\u00e1ria do Coletivo<\/a><\/strong><\/p>\n\n\n\n<p><strong><a href=\"https:\/\/agrarias.ufpr.br\/mvc\/medicina-veterinaria-legal-2\/\">Medicina Veterin\u00e1ria Legal<\/a><\/strong><\/p>\n\n\n\n<p><a href=\"https:\/\/agrarias.ufpr.br\/mvc\/projeto-de-extensao-grupo-de-estudo\/\" title=\"\"><strong>Projeto de Extens\u00e3o\/Grupo de Estudo<\/strong><\/a><\/p>\n\n\n\n<p><strong><a href=\"https:\/\/agrarias.ufpr.br\/mvc\/disciplina-vivencia-em-mvl\/\">Viv\u00eancia em <\/a><a href=\"https:\/\/agrarias.ufpr.br\/mvc\/disciplina-medicina-veterinaria-legal\/\">Medicina Veterin\u00e1ria Legal<\/a><\/strong><\/p>\n","protected":false},"excerpt":{"rendered":"<p>Medicina Veterin\u00e1ria do Coletivo Viv\u00eancia em Medicina Veterin\u00e1ria do Coletivo Medicina Veterin\u00e1ria Legal Projeto de Extens\u00e3o\/Grupo de Estudo Viv\u00eancia em Medicina Veterin\u00e1ria Legal<\/p>\n","protected":false},"author":3,"featured_media":0,"parent":0,"menu_order":0,"comment_status":"closed","ping_status":"closed","template":"","meta":{"footnotes":""},"class_list":["post-6041","page","type-page","status-publish","hentry"],"_links":{"self":[{"href":"https:\/\/agrarias.ufpr.br\/mvc\/wp-json\/wp\/v2\/pages\/6041","targetHints":{"allow":["GET"]}}],"collection":[{"href":"https:\/\/agrarias.ufpr.br\/mvc\/wp-json\/wp\/v2\/pages"}],"about":[{"href":"https:\/\/agrarias.ufpr.br\/mvc\/wp-json\/wp\/v2\/types\/page"}],"author":[{"embeddable":true,"href":"https:\/\/agrarias.ufpr.br\/mvc\/wp-json\/wp\/v2\/users\/3"}],"replies":[{"embeddable":true,"href":"https:\/\/agrarias.ufpr.br\/mvc\/wp-json\/wp\/v2\/comments?post=6041"}],"version-history":[{"count":1,"href":"https:\/\/agrarias.ufpr.br\/mvc\/wp-json\/wp\/v2\/pages\/6041\/revisions"}],"predecessor-version":[{"id":6043,"href":"https:\/\/agrarias.ufpr.br\/mvc\/wp-json\/wp\/v2\/pages\/6041\/revisions\/6043"}],"wp:attachment":[{"href":"https:\/\/agrarias.ufpr.br\/mvc\/wp-json\/wp\/v2\/media?parent=6041"}],"curies":[{"name":"wp","href":"https:\/\/api.w.org\/{rel}","templated":true}]}}