{"id":5466,"date":"2021-10-28T18:09:10","date_gmt":"2021-10-28T18:09:10","guid":{"rendered":"https:\/\/agrarias.ufpr.br\/mvc\/?page_id=5466"},"modified":"2024-03-01T12:48:14","modified_gmt":"2024-03-01T12:48:14","slug":"projeto-de-extensao-grupo-de-estudo","status":"publish","type":"page","link":"https:\/\/agrarias.ufpr.br\/mvc\/projeto-de-extensao-grupo-de-estudo\/","title":{"rendered":"Extens\u00e3o"},"content":{"rendered":"\n<p><a href=\"https:\/\/agrarias.ufpr.br\/mvc\/projeto-de-extensao-medicina-veterinaria-em-acao-nas-comunidades\/\" title=\"Projeto De Extens\u00e3o Medicina Veterin\u00e1ria Em A\u00e7\u00e3o Nas Comunidades\"><strong>Projeto de Extens\u00e3o Medicina Veterin\u00e1ria em A\u00e7\u00e3o nas Comunidades<\/strong><\/a><\/p>\n\n\n\n<p><a href=\"https:\/\/agrarias.ufpr.br\/mvc\/projeto-de-extensao-unidade-movel-de-esterilizacao-e-educacao-em-saude-umees\/\" title=\"PROJETO DE EXTENS\u00c3O UNIDADE M\u00d3VEL DE ESTERILIZA\u00c7\u00c3O E EDUCA\u00c7\u00c3O EM SA\u00daDE (UMEES)\"><strong>Projeto de Extens\u00e3o Farm\u00e1cia Veterin\u00e1ria Solid\u00e1ria<\/strong><\/a><\/p>\n\n\n\n<p><a href=\"https:\/\/agrarias.ufpr.br\/mvc\/gecolabe-grupo-de-estudos-de-medicina-veterinaria-do-coletivo-legal-e-alternativa-e-bem-estar-animal\/\" title=\"GECOLABE \u2013 Grupo de Estudos de Medicina Veterin\u00e1ria do Coletivo, Legal e Alternativa, e Bem-Estar Animal\"><strong>GECOLABE &#8211; Grupo de Estudos de Medicina Veterin\u00e1ria do Coletivo, Legal e Alternativa, e Bem-Estar Animal <\/strong><\/a><strong><a href=\"https:\/\/agrarias.ufpr.br\/mvc\/projeto-de-extensao-medicina-veterinaria-em-acao-nas-comunidades\/\" title=\"https:\/\/agrarias.ufpr.br\/mvc\/projeto-de-extensao-medicina-veterinaria-em-acao-nas-comunidades\/\"><\/a><\/strong><\/p>\n","protected":false},"excerpt":{"rendered":"<p>Projeto de Extens\u00e3o Medicina Veterin\u00e1ria em A\u00e7\u00e3o nas Comunidades Projeto de Extens\u00e3o Farm\u00e1cia Veterin\u00e1ria Solid\u00e1ria GECOLABE &#8211; Grupo de Estudos de Medicina Veterin\u00e1ria do Coletivo, Legal e Alternativa, e Bem-Estar Animal<\/p>\n","protected":false},"author":3,"featured_media":0,"parent":0,"menu_order":0,"comment_status":"closed","ping_status":"closed","template":"","meta":{"footnotes":""},"class_list":["post-5466","page","type-page","status-publish","hentry"],"_links":{"self":[{"href":"https:\/\/agrarias.ufpr.br\/mvc\/wp-json\/wp\/v2\/pages\/5466","targetHints":{"allow":["GET"]}}],"collection":[{"href":"https:\/\/agrarias.ufpr.br\/mvc\/wp-json\/wp\/v2\/pages"}],"about":[{"href":"https:\/\/agrarias.ufpr.br\/mvc\/wp-json\/wp\/v2\/types\/page"}],"author":[{"embeddable":true,"href":"https:\/\/agrarias.ufpr.br\/mvc\/wp-json\/wp\/v2\/users\/3"}],"replies":[{"embeddable":true,"href":"https:\/\/agrarias.ufpr.br\/mvc\/wp-json\/wp\/v2\/comments?post=5466"}],"version-history":[{"count":11,"href":"https:\/\/agrarias.ufpr.br\/mvc\/wp-json\/wp\/v2\/pages\/5466\/revisions"}],"predecessor-version":[{"id":6048,"href":"https:\/\/agrarias.ufpr.br\/mvc\/wp-json\/wp\/v2\/pages\/5466\/revisions\/6048"}],"wp:attachment":[{"href":"https:\/\/agrarias.ufpr.br\/mvc\/wp-json\/wp\/v2\/media?parent=5466"}],"curies":[{"name":"wp","href":"https:\/\/api.w.org\/{rel}","templated":true}]}}