{"id":5460,"date":"2021-10-28T18:04:51","date_gmt":"2021-10-28T18:04:51","guid":{"rendered":"https:\/\/agrarias.ufpr.br\/mvc\/?page_id=5460"},"modified":"2022-06-29T20:34:01","modified_gmt":"2022-06-29T20:34:01","slug":"projeto-de-extensao-unidade-movel-de-esterilizacao-e-educacao-em-saude-umees","status":"publish","type":"page","link":"https:\/\/agrarias.ufpr.br\/mvc\/projeto-de-extensao-unidade-movel-de-esterilizacao-e-educacao-em-saude-umees\/","title":{"rendered":"FARM\u00c1CIA VETERIN\u00c1RIA SOLID\u00c1RIA"},"content":{"rendered":"\n<p>O Projeto visa promover esclarecimento \u00e0 sociedade sobre o uso respons\u00e1vel de medicamentos, armazenamento e descarte corretos, sempre buscando incentivar a doa\u00e7\u00e3o de medicamentos excedentes pela popula\u00e7\u00e3o. Desta forma, favorece os estudos de impacto ambiental e identifica\u00e7\u00e3o de f\u00e1rmacos no meio ambiente ou especificamente nas esta\u00e7\u00f5es de tratamento esgoto, por exemplo. E, al\u00e9m disso, a conscientiza\u00e7\u00e3o a respeito do descarte correto de medicamentos em desuso, promove o cuidado integral da sa\u00fade p\u00fablica e ambiental.<\/p>\n","protected":false},"excerpt":{"rendered":"<p>O Projeto visa promover esclarecimento \u00e0 sociedade sobre o uso respons\u00e1vel de medicamentos, armazenamento e descarte corretos, sempre buscando incentivar a doa\u00e7\u00e3o de medicamentos excedentes pela popula\u00e7\u00e3o. Desta forma, favorece os estudos de impacto ambiental e identifica\u00e7\u00e3o de f\u00e1rmacos no meio ambiente ou especificamente nas esta\u00e7\u00f5es de tratamento esgoto, por exemplo. E, al\u00e9m disso, a [&hellip;]<\/p>\n","protected":false},"author":3,"featured_media":0,"parent":0,"menu_order":0,"comment_status":"closed","ping_status":"closed","template":"","meta":{"footnotes":""},"class_list":["post-5460","page","type-page","status-publish","hentry"],"_links":{"self":[{"href":"https:\/\/agrarias.ufpr.br\/mvc\/wp-json\/wp\/v2\/pages\/5460","targetHints":{"allow":["GET"]}}],"collection":[{"href":"https:\/\/agrarias.ufpr.br\/mvc\/wp-json\/wp\/v2\/pages"}],"about":[{"href":"https:\/\/agrarias.ufpr.br\/mvc\/wp-json\/wp\/v2\/types\/page"}],"author":[{"embeddable":true,"href":"https:\/\/agrarias.ufpr.br\/mvc\/wp-json\/wp\/v2\/users\/3"}],"replies":[{"embeddable":true,"href":"https:\/\/agrarias.ufpr.br\/mvc\/wp-json\/wp\/v2\/comments?post=5460"}],"version-history":[{"count":3,"href":"https:\/\/agrarias.ufpr.br\/mvc\/wp-json\/wp\/v2\/pages\/5460\/revisions"}],"predecessor-version":[{"id":5946,"href":"https:\/\/agrarias.ufpr.br\/mvc\/wp-json\/wp\/v2\/pages\/5460\/revisions\/5946"}],"wp:attachment":[{"href":"https:\/\/agrarias.ufpr.br\/mvc\/wp-json\/wp\/v2\/media?parent=5460"}],"curies":[{"name":"wp","href":"https:\/\/api.w.org\/{rel}","templated":true}]}}

FARMÁCIA VETERINÁRIA SOLIDÁRIA

<p>O Projeto visa promover esclarecimento à sociedade sobre o uso responsável de medicamentos, armazenamento e descarte corretos, sempre buscando incentivar a doação de medicamentos excedentes pela população. Desta forma, favorece os estudos de impacto ambiental e identificação de fármacos no meio ambiente ou especificamente nas estações de tratamento esgoto, por exemplo. E, além disso, a conscientização a respeito do descarte correto de medicamentos em desuso, promove o cuidado integral da saúde pública e ambiental.</p>

<p>O Projeto visa promover esclarecimento à sociedade sobre o uso responsável de medicamentos, armazenamento e descarte corretos, sempre buscando incentivar a doação de medicamentos excedentes pela população. Desta forma, favorece os estudos de impacto ambiental e identificação de fármacos no meio ambiente ou especificamente nas estações de tratamento esgoto, por exemplo. E, além disso, a [&hellip;]</p>
