{"id":5424,"date":"2021-10-28T17:39:22","date_gmt":"2021-10-28T17:39:22","guid":{"rendered":"https:\/\/agrarias.ufpr.br\/mvc\/?page_id=5424"},"modified":"2025-07-08T18:56:46","modified_gmt":"2025-07-08T18:56:46","slug":"saude-coletiva","status":"publish","type":"page","link":"https:\/\/agrarias.ufpr.br\/mvc\/saude-coletiva\/","title":{"rendered":"Sa\u00fade Coletiva"},"content":{"rendered":"\n<p>A MVC prop\u00f5e um modo de agir hol\u00edstico, intersetorial e interdisciplinar na atua\u00e7\u00e3o do m\u00e9dico veterin\u00e1rio na sa\u00fade coletiva, tendo como eixo norteador as necessidades sociais em sa\u00fade, preocupando-se com a sa\u00fade dos indiv\u00edduos, grupos, popula\u00e7\u00f5es, meio ambiente e animais, instigando uma maior e mais efetiva participa\u00e7\u00e3o da sociedade.<\/p>\n\n\n\n<p>Os principais temas de atua\u00e7\u00e3o da MVC na Sa\u00fade Coletiva incluem: vigil\u00e2ncias em sa\u00fade (entre elas o controle de zoonoses e demais agravos protagonizados principalmente por c\u00e3es e gatos); aten\u00e7\u00e3o prim\u00e1ria e atua\u00e7\u00e3o nos territ\u00f3rios, diagn\u00f3stico de intera\u00e7\u00f5es humano-animal-ambiente desarm\u00f4nicas, incluindo a identifica\u00e7\u00e3o de vulnerabilidades sociais junto com a assist\u00eancia social, identifica\u00e7\u00e3o de maus-tratos aos animais, viol\u00eancia interpessoal; atua\u00e7\u00e3o intersetorial no apoio a fam\u00edlias multiespecies em situa\u00e7\u00e3o de vulnerabilidade social; Teoria do Elo (rela\u00e7\u00e3o entre os maus-tratos aos animais e a viol\u00eancia interpessoal); transtorno de acumula\u00e7\u00e3o de animais, manejo populacional de c\u00e3es e gatos, entre outros.<\/p>\n\n\n\n<p><strong>REFER\u00caNCIA:<\/strong><\/p>\n\n\n\n<p>Brandespim DF. Sa\u00fade Coletiva: uma breve introdu\u00e7\u00e3o. In: Garcia R, Calder\u00f3n N, Brandespim D. Medicina Veterin\u00e1ria do Coletivo: Fundamentos e Pr\u00e1ticas. Ed. Integrativa, S\u00e3o Paulo, p.57-58, 2019.<\/p>\n\n\n\n<iframe loading=\"lazy\" width=\"560\" height=\"315\" src=\"https:\/\/www.youtube.com\/embed\/x-v_pSkWunU?si=xl-Tg3R6uOg-PWGh\" title=\"YouTube video player\" frameborder=\"0\" allow=\"accelerometer; autoplay; clipboard-write; encrypted-media; gyroscope; picture-in-picture; web-share\" referrerpolicy=\"strict-origin-when-cross-origin\" allowfullscreen><\/iframe>\n","protected":false},"excerpt":{"rendered":"<p>A MVC prop\u00f5e um modo de agir hol\u00edstico, intersetorial e interdisciplinar na atua\u00e7\u00e3o do m\u00e9dico veterin\u00e1rio na sa\u00fade coletiva, tendo como eixo norteador as necessidades sociais em sa\u00fade, preocupando-se com a sa\u00fade dos indiv\u00edduos, grupos, popula\u00e7\u00f5es, meio ambiente e animais, instigando uma maior e mais efetiva participa\u00e7\u00e3o da sociedade. Os principais temas de atua\u00e7\u00e3o da [&hellip;]<\/p>\n","protected":false},"author":3,"featured_media":0,"parent":0,"menu_order":0,"comment_status":"closed","ping_status":"closed","template":"","meta":{"footnotes":""},"class_list":["post-5424","page","type-page","status-publish","hentry"],"_links":{"self":[{"href":"https:\/\/agrarias.ufpr.br\/mvc\/wp-json\/wp\/v2\/pages\/5424","targetHints":{"allow":["GET"]}}],"collection":[{"href":"https:\/\/agrarias.ufpr.br\/mvc\/wp-json\/wp\/v2\/pages"}],"about":[{"href":"https:\/\/agrarias.ufpr.br\/mvc\/wp-json\/wp\/v2\/types\/page"}],"author":[{"embeddable":true,"href":"https:\/\/agrarias.ufpr.br\/mvc\/wp-json\/wp\/v2\/users\/3"}],"replies":[{"embeddable":true,"href":"https:\/\/agrarias.ufpr.br\/mvc\/wp-json\/wp\/v2\/comments?post=5424"}],"version-history":[{"count":6,"href":"https:\/\/agrarias.ufpr.br\/mvc\/wp-json\/wp\/v2\/pages\/5424\/revisions"}],"predecessor-version":[{"id":6214,"href":"https:\/\/agrarias.ufpr.br\/mvc\/wp-json\/wp\/v2\/pages\/5424\/revisions\/6214"}],"wp:attachment":[{"href":"https:\/\/agrarias.ufpr.br\/mvc\/wp-json\/wp\/v2\/media?parent=5424"}],"curies":[{"name":"wp","href":"https:\/\/api.w.org\/{rel}","templated":true}]}}

Saúde Coletiva

<p>A MVC propõe um modo de agir holístico, intersetorial e interdisciplinar na atuação do médico veterinário na saúde coletiva, tendo como eixo norteador as necessidades sociais em saúde, preocupando-se com a saúde dos indivíduos, grupos, populações, meio ambiente e animais, instigando uma maior e mais efetiva participação da sociedade.</p>



<p>Os principais temas de atuação da MVC na Saúde Coletiva incluem: vigilâncias em saúde (entre elas o controle de zoonoses e demais agravos protagonizados principalmente por cães e gatos); atenção primária e atuação nos territórios, diagnóstico de interações humano-animal-ambiente desarmônicas, incluindo a identificação de vulnerabilidades sociais junto com a assistência social, identificação de maus-tratos aos animais, violência interpessoal; atuação intersetorial no apoio a famílias multiespecies em situação de vulnerabilidade social; Teoria do Elo (relação entre os maus-tratos aos animais e a violência interpessoal); transtorno de acumulação de animais, manejo populacional de cães e gatos, entre outros.</p>



<p><strong>REFERÊNCIA:</strong></p>



<p>Brandespim DF. Saúde Coletiva: uma breve introdução. In: Garcia R, Calderón N, Brandespim D. Medicina Veterinária do Coletivo: Fundamentos e Práticas. Ed. Integrativa, São Paulo, p.57-58, 2019.</p>



<iframe loading="lazy" width="560" height="315" src="https://www.youtube.com/embed/x-v_pSkWunU?si=xl-Tg3R6uOg-PWGh" title="YouTube video player" frameborder="0" allow="accelerometer; autoplay; clipboard-write; encrypted-media; gyroscope; picture-in-picture; web-share" referrerpolicy="strict-origin-when-cross-origin" allowfullscreen></iframe>

<p>A MVC propõe um modo de agir holístico, intersetorial e interdisciplinar na atuação do médico veterinário na saúde coletiva, tendo como eixo norteador as necessidades sociais em saúde, preocupando-se com a saúde dos indivíduos, grupos, populações, meio ambiente e animais, instigando uma maior e mais efetiva participação da sociedade. Os principais temas de atuação da [&hellip;]</p>
