{"id":5251,"date":"2020-06-16T20:14:58","date_gmt":"2020-06-16T20:14:58","guid":{"rendered":"https:\/\/agrarias.ufpr.br\/mvc\/?page_id=5251"},"modified":"2025-10-08T17:37:03","modified_gmt":"2025-10-08T17:37:03","slug":"medicina-de-abrigos","status":"publish","type":"page","link":"https:\/\/agrarias.ufpr.br\/mvc\/medicina-de-abrigos\/","title":{"rendered":"Medicina de Abrigos"},"content":{"rendered":"\n<p>\u00a0A Medicina de Abrigos \u00e9 a \u00e1rea da medicina veterin\u00e1ria dedicada ao estudo dos fatores que influenciam a manuten\u00e7\u00e3o de animais no coletivo, com o intuito de promover a melhor qualidade de vida de animais que est\u00e3o abrigados em institui\u00e7\u00f5es dedicadas a encontrar-lhes novos lares (Garcia, 2019). Essa \u00e1rea foi reconhecida formalmente pela American Veterinary Medical Association (AVMA) como uma especialidade em 2014 nos Estados Unidos da Am\u00e9rica (EUA), e no Brasil a \u00e1rea est\u00e1 inserida dentro da especialidade Medicina Veterin\u00e1ria do Coletivo (MVC), reconhecida em 2021 pelo Conselho Federal de Medicina Veterin\u00e1ria (Galdioli et al., 2021a).<\/p>\n\n\n\n<p>Desafiadora e exigindo conhecimentos e habilidades que excedem o que se adquire na forma\u00e7\u00e3o acad\u00eamica, \u00e9 uma \u00e1rea de estudos e abrang\u00eancia da medicina veterin\u00e1ria do coletivo que est\u00e1 se tornando uma nova op\u00e7\u00e3o de atua\u00e7\u00e3o para m\u00e9dicos-veterin\u00e1rios. Origina-se para suprir as dificuldades que os m\u00e9dicos-veterin\u00e1rios de abrigos encontram para garantir a defesa e o bem-estar dos animais, al\u00e9m da sanidade de toda a comunidade pela qual s\u00e3o respons\u00e1veis. As suas vastas aplicabilidades e a exig\u00eancia de saberes espec\u00edficos demonstram a necessidade do desenvolvimento de protocolos e de linhas orientadoras cujos objetivos finais se expressar\u00e3o na melhora do estado h\u00edgido e das condi\u00e7\u00f5es higi\u00eanico-sanit\u00e1rias dos animais abrigados, e no aumento do n\u00famero de animais adotados (Santos, 2010).<\/p>\n\n\n\n<p>Inicialmente, at\u00e9 final dos anos 1990, as pol\u00edticas p\u00fablicas para o manejo populacional canino e felino (MPCG) eram consideradas sin\u00f4nimo de atua\u00e7\u00e3o contra a raiva e inclu\u00edam a elimina\u00e7\u00e3o de animais de rua, que eram capturados sem distin\u00e7\u00e3o de tamanho, ra\u00e7a ou comportamento, alojados e eliminados em abrigos p\u00fablicos (Reichmann et al., 2000). Esses primeiros canis e gatis municipais foram criados com a \u00fanica finalidade de alojar os c\u00e3es e gatos at\u00e9 que seu destino fosse efetivamente determinado; n\u00e3o tinham o objetivo de preservar a sa\u00fade ou o bem-estar dos animais (Santos, 2010). Entretanto, com as mudan\u00e7as legais e de pol\u00edticas no MPCG, a partir dos anos 2000, novos conhecimentos para os servi\u00e7os de controle de zoonoses foram demandados, j\u00e1 que os animais capturados n\u00e3o podiam mais ser eliminados, devendo ser tratados, avaliados e destinados adequadamente por meio da ado\u00e7\u00e3o. A preocupa\u00e7\u00e3o de proporcionar apenas os cuidados b\u00e1sicos, como abrigo, \u00e1gua e alimento, foi, aos poucos, incluindo os aspectos comportamentais e psicol\u00f3gicos para a promo\u00e7\u00e3o de uma boa qualidade de vida dos animais abrigados. Esse fato impulsionou os estudos da Medicina de Abrigos no Brasil (Garcia, 2019).<\/p>\n\n\n\n<p>Essa \u00e1rea auxilia nas dificuldades que os m\u00e9dicos-veterin\u00e1rios, gestores e funcion\u00e1rios de abrigos encontram para gerenciar a sa\u00fade no coletivo, prestando assist\u00eancia m\u00e9dica de qualidade com o objetivo de garantir que os animais, individualmente, estejam f\u00edsica e mentalmente saud\u00e1veis. Para isso, devem ter conhecimentos de gest\u00e3o, pol\u00edticas internas, arquitetura (parte estrutural), programas preventivos (protocolos de imuniza\u00e7\u00e3o, controle de parasitas, limpeza); manejo nutricional; enriquecimento ambiental e etologia (avalia\u00e7\u00e3o, reconhecimento dos problemas e tratamento comportamental); gerenciamento de recursos humanos e de protocolos relativos a poss\u00edveis surtos de doen\u00e7as infecciosas , al\u00e9m de entender de fluxogramas e das estrat\u00e9gias de entrada e sa\u00edda dos animais (Garcia, 2019). Tamb\u00e9m \u00e9 necess\u00e1ria a capacita\u00e7\u00e3o peri\u00f3dica de todos os profissionais que trabalham no abrigo, com vistas ao seu pr\u00f3prio bem-estar f\u00edsico e mental e a uma intera\u00e7\u00e3o harmoniosa com os animais. Maior enfoque no bem-estar animal e na conscientiza\u00e7\u00e3o dos gestores dos abrigos exigem um novo papel para os m\u00e9dicos-veterin\u00e1rios nesses locais (Galdioli et al., 2020).<\/p>\n\n\n\n<p>Discrepando dos padr\u00f5es internacionais, que s\u00e3o embasados em uma literatura consistente, os abrigos no Brasil possuem diversas particularidades, tornando complexa a aplica\u00e7\u00e3o de protocolos estabelecidos (Lima &amp; Garcia, 2019). Tamb\u00e9m faltam estudos sobre o n\u00famero e o perfil de animais abrigados no pa\u00eds e identifica\u00e7\u00e3o dos manejos realizados, dos programas preventivos aplicados e do conhecimento em medicina de abrigos pelos colaboradores (m\u00e9dicos-veterin\u00e1rios, gestores, funcion\u00e1rios e volunt\u00e1rios) dos abrigos. Dessa forma, o objetivo desse estudo foi avaliar um curso de capacita\u00e7\u00e3o para colaboradores atuantes em abrigos de animais por meio da educa\u00e7\u00e3o \u00e0 dist\u00e2ncia (EaD) e suas percep\u00e7\u00f5es sobre os manejos e protocolos em Medicina de Abrigos.<\/p>\n\n\n\n<h2 class=\"wp-block-heading\">Projeto Medicina Veterin\u00e1ria do Coletivo \u2013 Instituto PremieRpet e Universidade Federal do Paran\u00e1<\/h2>\n\n\n\n<p>O projeto Medicina Veterin\u00e1ria de Abrigos \u00e9 um conv\u00eanio t\u00e9cnico firmado entre Instituto PremieRpet\u00ae e UFPR que possibilita a transmiss\u00e3o de conhecimento t\u00e9cnico para as ONGs. Esse conhecimento deve servir como um grande influenciador para mudar a realidade dos animais abrigados e o trabalho social desenvolvido por essas institui\u00e7\u00f5es. Tem como objetivo de melhorar o ni\u0301vel de bem-estar dos animais, diminuir as taxas de mortalidade e morbidade e aumentar as taxas de adoc\u0327a\u0303o. Dessa parceria s\u00e3o produzidos materiais de refere\u0302ncia em medicina de abrigos. Todos esses materiais, informativos te\u0301cnicos e outros relacionados \u00e0 Medicina de Abrigos podem ser acessados por meio do site: https:\/\/mvabrigosbrasil.com.br\/biblioteca\/<\/p>\n\n\n\n<p class=\"has-text-align-left\">Em 2018, firmou-se uma parceria entre a \u00e1rea de Medicina Veterin\u00e1ria do Coletivo da Universidade Federal do Paran\u00e1 e o <b>Instituto PremieRpet\u00ae<\/b>, dando in\u00edcio ao projeto Medicina Veterin\u00e1ria de Abrigos. O projeto envolve os residentes da \u00e1rea de MVC, os quais fornecem uma consultoria para os abrigos, identificando os principais pontos cr\u00edticos de cada institui\u00e7\u00e3o e sugerindo melhorias, sempre visando aumentar o n\u00edvel de bem-estar animal e, consequentemente, incentivando mais ado\u00e7\u00f5es de sucesso.<\/p>\n\n\n<div class=\"wp-block-image\">\n<figure class=\"alignright\"><img loading=\"lazy\" decoding=\"async\" width=\"300\" height=\"139\" src=\"https:\/\/agrarias.ufpr.br\/mvc\/wp-content\/uploads\/sites\/32\/2021\/12\/Logo-premier-sem-fundo-300x139.png\" alt=\"\" class=\"wp-image-5580\" srcset=\"https:\/\/agrarias.ufpr.br\/mvc\/wp-content\/uploads\/sites\/32\/2021\/12\/Logo-premier-sem-fundo-300x139.png 300w, https:\/\/agrarias.ufpr.br\/mvc\/wp-content\/uploads\/sites\/32\/2021\/12\/Logo-premier-sem-fundo-1024x474.png 1024w, https:\/\/agrarias.ufpr.br\/mvc\/wp-content\/uploads\/sites\/32\/2021\/12\/Logo-premier-sem-fundo-768x356.png 768w, https:\/\/agrarias.ufpr.br\/mvc\/wp-content\/uploads\/sites\/32\/2021\/12\/Logo-premier-sem-fundo-250x116.png 250w, https:\/\/agrarias.ufpr.br\/mvc\/wp-content\/uploads\/sites\/32\/2021\/12\/Logo-premier-sem-fundo-160x74.png 160w, https:\/\/agrarias.ufpr.br\/mvc\/wp-content\/uploads\/sites\/32\/2021\/12\/Logo-premier-sem-fundo.png 1080w\" sizes=\"auto, (max-width: 300px) 100vw, 300px\" \/><\/figure>\n<\/div>\n\n\n<p>Mais informa\u00e7\u00f5es nos sites:<br><span id=\"OBJ_PREFIX_DWT445_com_zimbra_url\" class=\"Object\"><a href=\"https:\/\/onlinesheltermedicine.vetmed.ufl.edu\/\" target=\"_blank\" rel=\"noopener\">https:\/\/onlinesheltermedicine.vetmed.ufl.edu\/<\/a><\/span><br><span id=\"OBJ_PREFIX_DWT446_com_zimbra_url\" class=\"Object\"><a href=\"https:\/\/www.sheltermedicine.com\/\" target=\"_blank\" rel=\"noopener\">https:\/\/www.sheltermedicine.com\/<\/a><\/span><\/p>\n\n\n\n<p><a href=\"https:\/\/www.premierpet.com.br\/wp-content\/uploads\/2020\/11\/shelter_medicine-diretrizes-instituto.pdfwww.premierpet.com.br\/shelter_medicine.pdf\">https:\/\/www.premierpet.com.br\/wp-content\/uploads\/2020\/11\/shelter_medicine-diretrizes-instituto.pdfwww.premierpet.com.br\/shelter_medicine.pdf<\/a><\/p>\n\n\n\n<p>Iniciativa Medicina de Abrigos Brasil &#8211; Infodados de Abrigos de Animais<br>1\u00aa iniciativa de mapeamento e coleta de dados dos abrigos de c\u00e3es e gatos do Brasil<\/p>\n\n\n\n<p>A Medicina de Abrigos Brasil &#8211; Infodados de Abrigos de Animais surge como uma forma de suprir a necessidade de promover a ci\u00eancia da Medicina de abrigos no pa\u00eds, e obter dados representativos com base em estat\u00edsticas nacionais para o desenvolvimento de pol\u00edticas p\u00fablicas que reduzam o abandono de animais de estima\u00e7\u00e3o e promovam a ado\u00e7\u00e3o. Dessa forma, ser\u00e1 poss\u00edvel garantir melhores pr\u00e1ticas nesses ambientes; realizar o monitoramento cont\u00ednuo do n\u00famero de admiss\u00f5es e sa\u00eddas de c\u00e3es e gatos em abrigos; fornecer \u00e0s organiza\u00e7\u00f5es de animais informa\u00e7\u00f5es necess\u00e1rias que possam agilizar e dinamizar as opera\u00e7\u00f5es de acordo com as necessidades de sua comunidade; avaliar resultados das estrat\u00e9gias de manejo existentes de c\u00e3es e gatos abandonados e que est\u00e3o em situa\u00e7\u00e3o de rua; e facilitar a aloca\u00e7\u00e3o eficaz de recursos do governo e em organiza\u00e7\u00f5es de bem-estar animal.<br>A iniciativa tem tr\u00eas objetivos:<\/p>\n\n\n\n<ol class=\"wp-block-list\">\n<li>Mapear e ser um banco de dados nacional da din\u00e2mica populacional dos c\u00e3es e gatos de abrigos p\u00fablicos, privados, mistos e protetores independentes\/lares tempor\u00e1rios;<\/li>\n\n\n\n<li>Difundir a Ci\u00eancia da Medicina Veterin\u00e1ria de Abrigos, permitindo o acesso \u00e0s pesquisas e literaturas acerca do tema e dar subs\u00eddios para colaboradores e pro\ufb01ssionais atuantes para fornecer maior qualidade de vida aos animais, al\u00e9m de prevenir e combater o abandono.<\/li>\n\n\n\n<li>Permitir a intera\u00e7\u00e3o entre abrigos e volunt\u00e1rios por meio de um Programa de Voluntariado.<br>Conhe\u00e7a a inciativa: https:\/\/mvabrigosbrasil.com.br\/<\/li>\n<\/ol>\n\n\n\n<p>Curso de Capacita\u00e7\u00e3o em Medicina de Abrigos:<br>Em 2021, o Instituto de Medicina Veterin\u00e1ria do Coletivo \u2013 organizac\u0327a\u0303o habilitada junto ao CFMV para conceder o ti\u0301tulo de especialista em MVC \u2013 idealizou e organizou o primeiro Curso de Capacitac\u0327a\u0303o em Medicina de Abrigos em formato de educac\u0327a\u0303o a\u0300 dista\u0302ncia, a ni\u0301vel nacional, com o objetivo de capacitar me\u0301dicos-veterina\u0301rios, gestores, funciona\u0301rios e volunta\u0301rios de abrigos pu\u0301blicos,privados ou mistos sobre os fundamentos da cie\u0302ncia Medicina de Abrigos. Este curso foi idealizado pelo me\u0301dico-veterina\u0301rio Lucas Galdioli e pela me\u0301dica-veterina\u0301ria Rita de Cassia Maria Garcia (membros da diretoria do IMVC), que em sua primeira edic\u0327a\u0303o, forneceu dados para a publicac\u0327a\u0303o do estudo pioneiro sobre o perfil dos abrigos de ca\u0303es e gatos brasileiros em relac\u0327a\u0303o a\u0300s suas poli\u0301ticas externas e internas.<br>O curso acontece de forma ass\u00edncrona com uma edi\u00e7\u00e3o por semestre, para conhecer mais sobre o curso, acesse: https:\/\/institutomvc.org.br\/site\/index.php\/medicina-de-abrigos\/<\/p>\n\n\n\n<p>Livro Medicina de Abrigos: Princ\u00edpios e Diretrizes<br>Em 2022 foi lan\u00e7ado o primeiro livro da Medicina de Abrigos no Brasil. Esta obra que tem como objetivo a difus\u00e3o de conhecimento t\u00e9cnico-cient\u00edfico em medicina de abrigos para a promo\u00e7\u00e3o do manejo e bem-estar dos animais em situa\u00e7\u00e3o de abrigos, o manejo populacional de c\u00e3es e gatos, o ensino, pesquisa, extens\u00e3o e a atua\u00e7\u00e3o profissional.<br>O livro digital Medicina de Abrigos: princ\u00edpios e diretrizes, de Lucas Galdioli e Rita de Cassia Maria Garcia \u00e9 dividido em 10 se\u00e7\u00f5es e conta com a contribui\u00e7\u00e3o de mais de 60 colaboradores.<br>Para conhecer mais sobre, acesse o site: https:\/\/institutomvc.org.br\/site\/index.php\/livro\/<\/p>\n\n\n\n<p>Refer\u00eancias:<br>Galdioli, L.; Ferraz, C. P.; Lima, L. C. F. &amp; Garcia, R. C. M. (2020). Medicina de abrigos \u2013 desafios e avan\u00e7os no Brasil. Revista Cl\u00ednica Veterin\u00e1ria, 144, 28- 34.<br>Galdioli, L.; Gebara, R. R.; Garcia, R. C. M.; Bastos, A. L. F.; Nunes, V. F. P. &amp; Santos, T. A. (2021a). Medicina Veterin\u00e1ria do Coletivo: a nova especialidade da Medicina Veterin\u00e1ria. Revista Cl\u00ednica Veterin\u00e1ria, 153, 12-15.<br>Garcia, R. C. M. Introdu\u00e7\u00e3o \u00e0 medicina de abrigos. In: Garcia, R. C. M.; Calder\u00f3n, N.; Brandespim, D. F. (2019). Medicina veterin\u00e1ria do coletivo: fundamentos e pr\u00e1ticas. S\u00e3o Paulo: Integrativa, 274-286.<br>Lima, L. F. C. &amp; Garcia, R. C. M. Experi\u00eancia em Medicina Veterin\u00e1ria de Abrigos. n: Garcia, R. C. M.; Calder\u00f3n, N.; Brandespim, D. F. (2019). Medicina veterin\u00e1ria do coletivo: fundamentos e pr\u00e1ticas. S\u00e3o Paulo: Integrativa, 326-327<br>Santos, T. I. G. F. P. (2010). Understanding shelter medicine [Mestrado em Medicina Veterin\u00e1ria]. Faculdade de Medicina Veterin\u00e1ria, Universidade T\u00e9cnica de Lisboa, Lisboa.<br>Reichmann, M. L. A. B.; Figueiredo, A. C. C.; Pinto, H. B. F. &amp; Nunes, V. F. P. (2000). Manual t\u00e9cnico do Intituto Pasteur n\u00b0 6: controle de popula\u00e7\u00f5es de animais de estima\u00e7\u00e3o. S\u00e3o Paulo: Instituto Pasteur, 44.<\/p>\n","protected":false},"excerpt":{"rendered":"<p>\u00a0A Medicina de Abrigos \u00e9 a \u00e1rea da medicina veterin\u00e1ria dedicada ao estudo dos fatores que influenciam a manuten\u00e7\u00e3o de animais no coletivo, com o intuito de promover a melhor qualidade de vida de animais que est\u00e3o abrigados em institui\u00e7\u00f5es dedicadas a encontrar-lhes novos lares (Garcia, 2019). Essa \u00e1rea foi reconhecida formalmente pela American Veterinary [&hellip;]<\/p>\n","protected":false},"author":3,"featured_media":0,"parent":0,"menu_order":0,"comment_status":"closed","ping_status":"closed","template":"","meta":{"footnotes":""},"class_list":["post-5251","page","type-page","status-publish","hentry"],"_links":{"self":[{"href":"https:\/\/agrarias.ufpr.br\/mvc\/wp-json\/wp\/v2\/pages\/5251","targetHints":{"allow":["GET"]}}],"collection":[{"href":"https:\/\/agrarias.ufpr.br\/mvc\/wp-json\/wp\/v2\/pages"}],"about":[{"href":"https:\/\/agrarias.ufpr.br\/mvc\/wp-json\/wp\/v2\/types\/page"}],"author":[{"embeddable":true,"href":"https:\/\/agrarias.ufpr.br\/mvc\/wp-json\/wp\/v2\/users\/3"}],"replies":[{"embeddable":true,"href":"https:\/\/agrarias.ufpr.br\/mvc\/wp-json\/wp\/v2\/comments?post=5251"}],"version-history":[{"count":18,"href":"https:\/\/agrarias.ufpr.br\/mvc\/wp-json\/wp\/v2\/pages\/5251\/revisions"}],"predecessor-version":[{"id":6234,"href":"https:\/\/agrarias.ufpr.br\/mvc\/wp-json\/wp\/v2\/pages\/5251\/revisions\/6234"}],"wp:attachment":[{"href":"https:\/\/agrarias.ufpr.br\/mvc\/wp-json\/wp\/v2\/media?parent=5251"}],"curies":[{"name":"wp","href":"https:\/\/api.w.org\/{rel}","templated":true}]}}