{"id":5008,"date":"2018-06-25T13:25:46","date_gmt":"2018-06-25T13:25:46","guid":{"rendered":"https:\/\/agrarias.ufpr.br\/mvc\/?page_id=5008"},"modified":"2022-06-20T16:28:19","modified_gmt":"2022-06-20T16:28:19","slug":"referencias-2","status":"publish","type":"page","link":"https:\/\/agrarias.ufpr.br\/mvc\/referencias-2\/","title":{"rendered":"Refer\u00eancias"},"content":{"rendered":"\n<h3 class=\"has-normal-font-size wp-block-heading\"><strong>Guias e Artigos<\/strong><\/h3>\n\n\n\n<p>1 &#8211; BEM-ESTAR DE ABRIGOS DE C\u00c3ES E GATOS:&nbsp;<a href=\"https:\/\/agrarias.ufpr.br\/mvc\/wp-content\/uploads\/sites\/32\/2018\/07\/Bem-Estar-em-Abrigos-FNPA.pdf\">Bem-Estar em Abrigos &#8211; FNPA&nbsp;&nbsp;&nbsp;<\/a><span style=\"font-size: 10pt\">  &#8211;  (174 p\u00e1ginas, 2013)<\/span><\/p>\n\n\n\n<p>2 &#8211; GUIA T\u00c9CNICO PARA MANUTEN\u00c7\u00c3O E CONSTRU\u00c7\u00c3O DE ABRIGOS:&nbsp;<a href=\"https:\/\/agrarias.ufpr.br\/mvc\/wp-content\/uploads\/sites\/32\/2018\/07\/Guia-Tecnico-para-Construcao-e-Manutencao-de-Abrigos-e-Canis-CRMV-PR.pdf\">Guia Tecnico para Construcao e Manutencao de Abrigos e Canis &#8211; CRMV PR&nbsp;<\/a><span style=\"font-size: 10pt\">  &#8211;  (35 p\u00e1ginas, 2016)<\/span><\/p>\n\n\n\n<p>3 &#8211; CONTRACEPTION ANF FERTILITY CONTROL IN DOGS AND CATS &#8211; Relat\u00f3rio da Alian\u00e7a para Contracep\u00e7\u00e3o em Gatos e C\u00e3es (ACC &amp; D):\u00a0<a href=\"https:\/\/agrarias.ufpr.br\/mvc\/wp-content\/uploads\/sites\/32\/2018\/07\/Contraception-anf-Fertility-Control-in-Dogs-and-Cats.pdf\">Contraception anf Fertility Control in Dogs and Cats<\/a> &#8211;  <span style=\"font-size: 10pt\"> (154 p\u00e1ginas, 2013)<\/span> <\/p>\n\n\n\n<p>4 &#8211; DIRETRIZES SOBRE OS PADR\u00d5ES DE CUIDADOS EM ABRIGOS DE ANIMAIS: <a href=\"https:\/\/www.premierpet.com.br\/shelter_medicine.pdf\">premierpet.com.br\/shelter_medicine.pdf\u00a0\u00a0<\/a><span style=\"font-size: 10pt\">  &#8211;  (95 p\u00e1ginas, 2018)<\/span><\/p>\n\n\n\n<p>5 &#8211; INTRODU\u00c7\u00c3O \u00c0 MEDICINA VETERIN\u00c1RIA DO COLETIVO &#8211; Aspectos do Manejo Populacional de C\u00e3es e Gatos: <span style=\"font-size: 10pt\"><span style=\"font-size: 12pt\"><a href=\"https:\/\/vet.ufmg.br\/ARQUIVOS\/FCK\/file\/editora\/caderno%20tecnico%2083%20medicina%20veterinaria%20coletivo.pdf\">caderno t\u00e9cnico &#8211; manual do coletivo<\/a><\/span><\/span>&#8211;<span style=\"font-size: 10pt\"> (77 p\u00e1ginas, 2016)<\/span>  <\/p>\n\n\n\n<p>6 &#8211; A VULNERABILIDADE NA FAM\u00cdLIA COMO DETERMINANTE DE MAUS-TRATOS AOS ANIMAIS DE COMPANHIA:  <a href=\"https:\/\/agrarias.ufpr.br\/mvc\/wp-content\/uploads\/sites\/32\/2018\/03\/R-D-STEFANY-MONSALVE-BARRERO.pdf\">A Vulnerabilidade na Fam\u00edlia como Determinante de Maus-Tratos aos animais de Companhia <\/a> &#8211; <span style=\"font-size: 10pt\">(179 p\u00e1ginas, 2017)<\/span> <\/p>\n\n\n\n<h3 class=\"has-normal-font-size wp-block-heading\"><strong>Sites<\/strong><\/h3>\n\n\n\n<p class=\"has-normal-font-size\"><\/p>\n\n\n\n<p><a href=\"http:\/\/acc-d.org\/\">http:\/\/acc-d.org\/<\/a><\/p>\n\n\n\n<p><a href=\"http:\/\/dogswithnonames.com\/\" title=\"tp:\/\/dogswithnonames.com\/\">http:\/\/dogswithnonames.com\/<\/a><\/p>\n","protected":false},"excerpt":{"rendered":"<p>Guias e Artigos 1 &#8211; BEM-ESTAR DE ABRIGOS DE C\u00c3ES E GATOS:&nbsp;Bem-Estar em Abrigos &#8211; FNPA&nbsp;&nbsp;&nbsp; &#8211; (174 p\u00e1ginas, 2013) 2 &#8211; GUIA T\u00c9CNICO PARA MANUTEN\u00c7\u00c3O E CONSTRU\u00c7\u00c3O DE ABRIGOS:&nbsp;Guia Tecnico para Construcao e Manutencao de Abrigos e Canis &#8211; CRMV PR&nbsp; &#8211; (35 p\u00e1ginas, 2016) 3 &#8211; CONTRACEPTION ANF FERTILITY CONTROL IN DOGS AND [&hellip;]<\/p>\n","protected":false},"author":10257,"featured_media":0,"parent":0,"menu_order":0,"comment_status":"closed","ping_status":"closed","template":"","meta":{"footnotes":""},"class_list":["post-5008","page","type-page","status-publish","hentry"],"_links":{"self":[{"href":"https:\/\/agrarias.ufpr.br\/mvc\/wp-json\/wp\/v2\/pages\/5008","targetHints":{"allow":["GET"]}}],"collection":[{"href":"https:\/\/agrarias.ufpr.br\/mvc\/wp-json\/wp\/v2\/pages"}],"about":[{"href":"https:\/\/agrarias.ufpr.br\/mvc\/wp-json\/wp\/v2\/types\/page"}],"author":[{"embeddable":true,"href":"https:\/\/agrarias.ufpr.br\/mvc\/wp-json\/wp\/v2\/users\/10257"}],"replies":[{"embeddable":true,"href":"https:\/\/agrarias.ufpr.br\/mvc\/wp-json\/wp\/v2\/comments?post=5008"}],"version-history":[{"count":19,"href":"https:\/\/agrarias.ufpr.br\/mvc\/wp-json\/wp\/v2\/pages\/5008\/revisions"}],"predecessor-version":[{"id":5870,"href":"https:\/\/agrarias.ufpr.br\/mvc\/wp-json\/wp\/v2\/pages\/5008\/revisions\/5870"}],"wp:attachment":[{"href":"https:\/\/agrarias.ufpr.br\/mvc\/wp-json\/wp\/v2\/media?parent=5008"}],"curies":[{"name":"wp","href":"https:\/\/api.w.org\/{rel}","templated":true}]}}