{"id":4955,"date":"2018-06-03T17:44:09","date_gmt":"2018-06-03T17:44:09","guid":{"rendered":"https:\/\/agrarias.ufpr.br\/mvc\/?page_id=4955"},"modified":"2018-06-25T13:15:09","modified_gmt":"2018-06-25T13:15:09","slug":"disciplina-mvc-e-mvl","status":"publish","type":"page","link":"https:\/\/agrarias.ufpr.br\/mvc\/disciplina-mvc-e-mvl\/","title":{"rendered":"Disciplinas MVC e MVL"},"content":{"rendered":"<h2 style=\"text-align: center\"><span style=\"color: #000080\"><strong>Esta p\u00e1gina \u00e9 destinada para as disciplinas de Medicina Veterin\u00e1ria do Coletivo e Medicina Veterin\u00e1ria Legal da UFPR. Seguem arquivos para estudos.<\/strong><\/span><\/h2>\n<p>&nbsp;<\/p>\n<h3 class=\"page-header first-page-header\" style=\"text-align: center\">V\u00eddeo instrutivo sobre manejo de gatos para estudantes de Medicina Veterin\u00e1ria<\/h3>\n<p style=\"text-align: justify\">O atendimento de gatos faz parte da rotina do m\u00e9dico veterin\u00e1rio de pequenos animais. No entanto, esta esp\u00e9cie requer algumas habilidades extras por parte do m\u00e9dico veterin\u00e1rio, para evitar que o gato se estresse, e possibilitar que o atendimento e procedimentos realizados sejam adequados as suas particularidades. O v\u00eddeo visa auxiliar os estudantes de medicina veterin\u00e1ria no manejo de gatos, a fim de minimizar o estresse causado pela manipula\u00e7\u00e3o. O material conta com uma m\u00e9dica veterin\u00e1ria, mestranda da UFPR, especialista em gatos, explicando e demonstrando como executar procedimentos comuns na cl\u00ednica de pequenos animais.<\/p>\n<p style=\"text-align: center\">V\u00eddeos de Manejo de Felinos dispon\u00edvel neste link:&nbsp;<strong>https:\/\/www.acervodigital.ufpr.br\/handle\/1884\/43330<\/strong><\/p>\n<p style=\"text-align: center\">&nbsp;<\/p>\n<h3 style=\"text-align: center\"><strong>Produ\u00e7\u00f5es de Alunos das Disciplinas da Viv\u00eancia da Medicina Veterin\u00e1ria do Coletivo e Medicina Veterin\u00e1ria Legal:<\/strong><\/h3>\n<p>Folder Instrutivo sobre castra\u00e7\u00e3o na UMEES:&nbsp;<a href=\"https:\/\/agrarias.ufpr.br\/mvc\/wp-content\/uploads\/sites\/32\/2018\/06\/Folder-UMEES.pdf\">folder-umees<\/a><\/p>\n<p>&nbsp;<\/p>\n<p>&nbsp;<\/p>\n<p style=\"text-align: center\"><strong>Residentes da Medicina Veterin\u00e1ria do Coletivo da UFPR &#8211; 2016\/2017<\/strong><\/p>\n<p style=\"text-align: left\"><img loading=\"lazy\" decoding=\"async\" class=\"size-medium wp-image-4998 aligncenter\" src=\"https:\/\/agrarias.ufpr.br\/mvc\/wp-content\/uploads\/sites\/32\/2018\/06\/WhatsApp-Image-2018-06-07-at-15.24.13-300x225.jpeg\" alt=\"whatsapp-image-2018-06-07-at-15-24-13\" width=\"300\" height=\"225\" srcset=\"https:\/\/agrarias.ufpr.br\/mvc\/wp-content\/uploads\/sites\/32\/2018\/06\/WhatsApp-Image-2018-06-07-at-15.24.13-300x225.jpeg 300w, https:\/\/agrarias.ufpr.br\/mvc\/wp-content\/uploads\/sites\/32\/2018\/06\/WhatsApp-Image-2018-06-07-at-15.24.13-768x576.jpeg 768w, https:\/\/agrarias.ufpr.br\/mvc\/wp-content\/uploads\/sites\/32\/2018\/06\/WhatsApp-Image-2018-06-07-at-15.24.13-1024x768.jpeg 1024w, https:\/\/agrarias.ufpr.br\/mvc\/wp-content\/uploads\/sites\/32\/2018\/06\/WhatsApp-Image-2018-06-07-at-15.24.13-250x188.jpeg 250w, https:\/\/agrarias.ufpr.br\/mvc\/wp-content\/uploads\/sites\/32\/2018\/06\/WhatsApp-Image-2018-06-07-at-15.24.13-160x120.jpeg 160w, https:\/\/agrarias.ufpr.br\/mvc\/wp-content\/uploads\/sites\/32\/2018\/06\/WhatsApp-Image-2018-06-07-at-15.24.13.jpeg 1280w\" sizes=\"auto, (max-width: 300px) 100vw, 300px\" \/><\/p>\n","protected":false},"excerpt":{"rendered":"<p>Esta p\u00e1gina \u00e9 destinada para as disciplinas de Medicina Veterin\u00e1ria do Coletivo e Medicina Veterin\u00e1ria Legal da UFPR. Seguem arquivos para estudos. &nbsp; V\u00eddeo instrutivo sobre manejo de gatos para estudantes de Medicina Veterin\u00e1ria O atendimento de gatos faz parte da rotina do m\u00e9dico veterin\u00e1rio de pequenos animais. No entanto, esta esp\u00e9cie requer algumas habilidades [&hellip;]<\/p>\n","protected":false},"author":10257,"featured_media":0,"parent":0,"menu_order":0,"comment_status":"closed","ping_status":"closed","template":"","meta":{"footnotes":""},"class_list":["post-4955","page","type-page","status-publish","hentry"],"_links":{"self":[{"href":"https:\/\/agrarias.ufpr.br\/mvc\/wp-json\/wp\/v2\/pages\/4955","targetHints":{"allow":["GET"]}}],"collection":[{"href":"https:\/\/agrarias.ufpr.br\/mvc\/wp-json\/wp\/v2\/pages"}],"about":[{"href":"https:\/\/agrarias.ufpr.br\/mvc\/wp-json\/wp\/v2\/types\/page"}],"author":[{"embeddable":true,"href":"https:\/\/agrarias.ufpr.br\/mvc\/wp-json\/wp\/v2\/users\/10257"}],"replies":[{"embeddable":true,"href":"https:\/\/agrarias.ufpr.br\/mvc\/wp-json\/wp\/v2\/comments?post=4955"}],"version-history":[{"count":11,"href":"https:\/\/agrarias.ufpr.br\/mvc\/wp-json\/wp\/v2\/pages\/4955\/revisions"}],"predecessor-version":[{"id":5007,"href":"https:\/\/agrarias.ufpr.br\/mvc\/wp-json\/wp\/v2\/pages\/4955\/revisions\/5007"}],"wp:attachment":[{"href":"https:\/\/agrarias.ufpr.br\/mvc\/wp-json\/wp\/v2\/media?parent=4955"}],"curies":[{"name":"wp","href":"https:\/\/api.w.org\/{rel}","templated":true}]}}