{"id":4653,"date":"2017-05-29T17:00:17","date_gmt":"2017-05-29T17:00:17","guid":{"rendered":"https:\/\/agrarias.ufpr.br\/mvc\/?page_id=4653"},"modified":"2021-12-30T18:01:53","modified_gmt":"2021-12-30T18:01:53","slug":"medicina-veterinaria-legal","status":"publish","type":"page","link":"https:\/\/agrarias.ufpr.br\/mvc\/medicina-veterinaria-legal\/","title":{"rendered":"Medicina Veterin\u00e1ria Legal"},"content":{"rendered":"\n<p>Os conhecimentos em <strong>Medicina Veterin\u00e1ria Lega<\/strong>l s\u00e3o primordiais para a atua\u00e7\u00e3o em MVC, principalmente na coibi\u00e7\u00e3o dos maus-tratos aos animais presente na rotina da MVC nas diferentes \u00e1reas de atua\u00e7\u00e3o do m\u00e9dico veterin\u00e1rio.<\/p>\n\n\n\n<p><strong>Como realizar den\u00fancias de maus-tratos contra animais no Brasil<\/strong><\/p>\n\n\n\n<p>Os direitos dos animais \u00e9 um tema que tem sido discutido com grande afinco ultimamente. Manchetes de jornais e mat\u00e9rias televisivas sobre o tema est\u00e3o cada vez mais comuns e populares (vide a como\u00e7\u00e3o social acerca do caso de agress\u00e3o a um c\u00e3o perpetrado pela enfermeira Camila Correia, em novembro de 2011, no munic\u00edpio de Formosa &#8211; GO).<\/p>\n\n\n\n<p>Casos de maus-tratos contra animais, especialmente, est\u00e3o sendo cada vez mais expostos e denunciados. Por\u00e9m, a popula\u00e7\u00e3o em geral possui muitas d\u00favidas sobre como e onde realizar tais den\u00fancias, recorrendo muitas vezes a redes sociais para <em>viralizar<\/em> o caso e tentar chamar aten\u00e7\u00e3o das autoridades competentes.<\/p>\n\n\n\n<p>A inten\u00e7\u00e3o desse texto \u00e9 esclarecer as leis brasileiras que garantem os direitos dos animais e como proceder quando houver necessidade e como proceder quando houver necessidade de realizar alguma den\u00fancia.<\/p>\n\n\n\n<p><strong>Legisla\u00e7\u00e3o<\/strong><\/p>\n\n\n\n<p>A primeira norma legal brasileira a dispor sobre prote\u00e7\u00e3o aos animais foi instaurada no ano de 1924; decreto 16.590\/1924. O determinado decreto regulamentava clubes e casa de divers\u00e3o p\u00fablica, que na \u00e9poca, compreendiam competi\u00e7\u00f5es e rinhas de animais, que, infelizmente, existem at\u00e9 hoje. J\u00e1 nessa \u00e9poca ficava proibidas corridas de touros e novilhos, al\u00e9m de rinha de galos e can\u00e1rios.<\/p>\n\n\n\n<p>Apesar disso, o que \u00e9 mais lembrado como o primeiro marco hist\u00f3rico de normativas acerca de prote\u00e7\u00e3o e bem-estar animal no Brasil foi o decreto-lei de Get\u00falio Vargas em 1934. Nesse ano, o Governo Federal ainda se encontrava provis\u00f3rio e o Congresso fechado. Portanto, a atividade legislativa estava paralisada e foi passada para o, at\u00e9 ent\u00e3o, presidente da rep\u00fablica. Por isso \u00e9 chamado Decreto-Lei, pois foi emitido pelo poder executivo tomando partido do legislativo.<\/p>\n\n\n\n<p>Esse decreto j\u00e1 relacionava 31 situa\u00e7\u00f5es de maus tratos contra animais, incluindo mant\u00ea-los fechados me local pequeno, agredi-los, usar animais em shows e experi\u00eancias que causem estresse, falta de alimenta\u00e7\u00e3o, falta de medidas sanit\u00e1rias, abandono, falta de assist\u00eancia veterin\u00e1ria e animais de carga.<\/p>\n\n\n\n<p>O determinado Decreto-Lei vigorou durante todo o Estado Novo e o per\u00edodo de regime militar, por\u00e9m, ap\u00f3s Constitui\u00e7\u00e3o da Rep\u00fablica Federativa do Brasil promulgada em 1988 ele deixou de ser previsto.<\/p>\n\n\n\n<p>Na Constitui\u00e7\u00e3o de 1988, foi criado um cap\u00edtulo espec\u00edfico sobre o meio ambiente, incluindo os animais (art 15, par\u00e1grafo 1\u00ba, inciso VII). Considerada como a \u201cprimeira lei do Estado\u201d, a Constitui\u00e7\u00e3o de 88 definia todas as demais normas legais a serem seguidas; al\u00e9m de definir que todos os poderes, em todos os n\u00edveis, devem inibir as pr\u00e1ticas de maus-tratos aos animais.<\/p>\n\n\n\n<p>No entanto, como a legisla\u00e7\u00e3o brasileira deriva do direito romano, os animais s\u00e3o classificados como bens semoventes, dentro do direito das \u201ccoisas\u201d no C\u00f3digo Civil. Ou seja, eles s\u00e3o \u201ccoisas\u201d que se movimentam por si pr\u00f3prias; de propriedade do tutor (tutelados pelo Estado), excetuando animais silvestres (que s\u00e3o propriedades do Estado).&nbsp; Na legisla\u00e7\u00e3o brasileira, animais n\u00e3o s\u00e3o considerados sujeitos de direito.<\/p>\n\n\n\n<p>J\u00e1 em 1998 foi promulgada a primeira lei federal espec\u00edfica que abordava prote\u00e7\u00e3o animal, no caso, a \u201cLei dos Crimes Ambientais\u201d, em 12\/02\/98.<\/p>\n\n\n\n<p>Infelizmente, maus-tratos a animais prev\u00ea deten\u00e7\u00e3o de tr\u00eas meses a um ano e multa no Brasil. Em casos de crimes que compreendem deten\u00e7\u00e3o de at\u00e9 tr\u00eas anos, \u00e9 realizado termo circunstanciado e a pessoa n\u00e3o \u00e9 detida, sendo instaurada pena educativa. Basicamente s\u00e3o tomadas as mesmas medidas que eram tomadas pelo Decreto-Lei de19 34, que considerava a quebra daquelas leis como contraven\u00e7\u00e3o penal e tamb\u00e9m n\u00e3o submetia as pessoas \u00e0 deten\u00e7\u00e3o.<\/p>\n\n\n\n<p>Ap\u00f3s a entrada em vigor da Lei n\u00ba 9605\/1998, o trabalho legislativo, em todos os n\u00edveis (federal, estadual e municipal), foi intensificado. Cada vez mais foram criados projetos de lei com o objetivo de promover o bem-estar animal em v\u00e1rias situa\u00e7\u00f5es: posse respons\u00e1vel de animais, controle humanit\u00e1rio da superpopula\u00e7\u00e3o de c\u00e3es e gatos, uso did\u00e1tico-cient\u00edfico de animais, uso de animais em circos, abate humanit\u00e1rio, tr\u00e2nsito de ve\u00edculos de tra\u00e7\u00e3o animal dentre outros.<\/p>\n\n\n\n<p><strong>&#8211; Lei Sans\u00e3o: <\/strong>Em setembro de 2020 foi promulgada uma mudan\u00e7a na Lei Federal dos Crimes Ambientais, esta nova promulga\u00e7\u00e3o prev\u00ea uma puni\u00e7\u00e3o mais intensiva do que as estabelecidas anteriormente que criminalizava maus tratos aos animais, a senten\u00e7a passa agora de 2 a 5 anos de pris\u00e3o para o agressor, al\u00e9m de multa e perda da guarda do animal. <\/p>\n\n\n\n<figure class=\"wp-block-gallery aligncenter columns-3 is-cropped wp-block-gallery-1 is-layout-flex wp-block-gallery-is-layout-flex\"><ul class=\"blocks-gallery-grid\"><li class=\"blocks-gallery-item\"><figure><img loading=\"lazy\" decoding=\"async\" width=\"300\" height=\"300\" src=\"https:\/\/agrarias.ufpr.br\/mvc\/wp-content\/uploads\/sites\/32\/2021\/12\/1-1-300x300.jpg\" alt=\"\" data-id=\"5715\" data-full-url=\"https:\/\/agrarias.ufpr.br\/mvc\/wp-content\/uploads\/sites\/32\/2021\/12\/1-1.jpg\" data-link=\"https:\/\/agrarias.ufpr.br\/mvc\/medicina-veterinaria-legal\/1-2\/\" class=\"wp-image-5715\" srcset=\"https:\/\/agrarias.ufpr.br\/mvc\/wp-content\/uploads\/sites\/32\/2021\/12\/1-1-300x300.jpg 300w, https:\/\/agrarias.ufpr.br\/mvc\/wp-content\/uploads\/sites\/32\/2021\/12\/1-1-150x150.jpg 150w, https:\/\/agrarias.ufpr.br\/mvc\/wp-content\/uploads\/sites\/32\/2021\/12\/1-1-250x250.jpg 250w, https:\/\/agrarias.ufpr.br\/mvc\/wp-content\/uploads\/sites\/32\/2021\/12\/1-1-120x120.jpg 120w, https:\/\/agrarias.ufpr.br\/mvc\/wp-content\/uploads\/sites\/32\/2021\/12\/1-1.jpg 319w\" sizes=\"auto, (max-width: 300px) 100vw, 300px\" \/><\/figure><\/li><li class=\"blocks-gallery-item\"><figure><img loading=\"lazy\" decoding=\"async\" width=\"300\" height=\"300\" src=\"https:\/\/agrarias.ufpr.br\/mvc\/wp-content\/uploads\/sites\/32\/2021\/12\/2-1-300x300.jpg\" alt=\"\" data-id=\"5716\" data-full-url=\"https:\/\/agrarias.ufpr.br\/mvc\/wp-content\/uploads\/sites\/32\/2021\/12\/2-1.jpg\" data-link=\"https:\/\/agrarias.ufpr.br\/mvc\/medicina-veterinaria-legal\/2-2\/\" class=\"wp-image-5716\" srcset=\"https:\/\/agrarias.ufpr.br\/mvc\/wp-content\/uploads\/sites\/32\/2021\/12\/2-1-300x300.jpg 300w, https:\/\/agrarias.ufpr.br\/mvc\/wp-content\/uploads\/sites\/32\/2021\/12\/2-1-150x150.jpg 150w, https:\/\/agrarias.ufpr.br\/mvc\/wp-content\/uploads\/sites\/32\/2021\/12\/2-1-250x250.jpg 250w, https:\/\/agrarias.ufpr.br\/mvc\/wp-content\/uploads\/sites\/32\/2021\/12\/2-1-120x120.jpg 120w, https:\/\/agrarias.ufpr.br\/mvc\/wp-content\/uploads\/sites\/32\/2021\/12\/2-1.jpg 319w\" sizes=\"auto, (max-width: 300px) 100vw, 300px\" \/><\/figure><\/li><li class=\"blocks-gallery-item\"><figure><img loading=\"lazy\" decoding=\"async\" width=\"300\" height=\"300\" src=\"https:\/\/agrarias.ufpr.br\/mvc\/wp-content\/uploads\/sites\/32\/2021\/12\/3-1-300x300.jpg\" alt=\"\" data-id=\"5717\" data-full-url=\"https:\/\/agrarias.ufpr.br\/mvc\/wp-content\/uploads\/sites\/32\/2021\/12\/3-1.jpg\" data-link=\"https:\/\/agrarias.ufpr.br\/mvc\/medicina-veterinaria-legal\/3-2\/\" class=\"wp-image-5717\" srcset=\"https:\/\/agrarias.ufpr.br\/mvc\/wp-content\/uploads\/sites\/32\/2021\/12\/3-1-300x300.jpg 300w, https:\/\/agrarias.ufpr.br\/mvc\/wp-content\/uploads\/sites\/32\/2021\/12\/3-1-150x150.jpg 150w, https:\/\/agrarias.ufpr.br\/mvc\/wp-content\/uploads\/sites\/32\/2021\/12\/3-1-250x250.jpg 250w, https:\/\/agrarias.ufpr.br\/mvc\/wp-content\/uploads\/sites\/32\/2021\/12\/3-1-120x120.jpg 120w, https:\/\/agrarias.ufpr.br\/mvc\/wp-content\/uploads\/sites\/32\/2021\/12\/3-1.jpg 319w\" sizes=\"auto, (max-width: 300px) 100vw, 300px\" \/><\/figure><\/li><\/ul><\/figure>\n\n\n\n<p><strong>Den\u00fancias<\/strong><\/p>\n\n\n\n<p>As den\u00fancias de maus-tratos podem ser realizadas de diversas formas; uma delas \u00e9 investigar no seu munic\u00edpio servi\u00e7os de fiscaliza\u00e7\u00e3o de den\u00fancias de maus-tratos realizados pela prefeitura. Geralmente, estar\u00e3o inseridos nas secretarias municipais de meio ambiente ou da sa\u00fade.<\/p>\n\n\n\n<p>Caso n\u00e3o haja esse servi\u00e7o em seu munic\u00edpio, pode-se sempre realizar um boletim de ocorr\u00eancia na delegacia de pol\u00edcia civil mais pr\u00f3xima. Principalmente se houver delegacias de prote\u00e7\u00e3o ao meio ambiente como em algumas regi\u00f5es do pa\u00eds.<\/p>\n\n\n\n<p>Al\u00e9m da pol\u00edcia civil, a pol\u00edcia militar ambiental tamb\u00e9m pode ser acionada por meio de den\u00fancias, como por exemplo a For\u00e7a Verde do estado do Paran\u00e1.<\/p>\n\n\n\n<p>\u00c9 sempre importante angariar a maior quantidade de informa\u00e7\u00f5es poss\u00edveis para que a den\u00fancia seja realizada. Garantir que as autoridades competentes tenham o endere\u00e7o completo do denunciado (inclusive com pontos de refer\u00eancias), nomes (se poss\u00edvel), descri\u00e7\u00e3o do(s) animal(is) envolvido(s), descri\u00e7\u00e3o detalhada da ocorr\u00eancia e telefones de contato. Registros fotogr\u00e1ficos, e em v\u00eddeo, s\u00e3o sempre de grande valor para a vistoria e\/ou investiga\u00e7\u00e3o do caso. No entanto, \u00e9 muito importante tomar medidas de seguran\u00e7a pessoal e n\u00e3o correr riscos ao coletar essas provas, al\u00e9m de garantir que voc\u00ea n\u00e3o esteja infringindo nenhuma lei ao realizar essas coletas.<\/p>\n\n\n\n<p>De qualquer forma, \u00e9 sempre importante n\u00e3o ficar calado nessas situa\u00e7\u00f5es. Quanto mais den\u00fancias forem registradas em departamentos de fiscaliza\u00e7\u00e3o municipais, delegacias de pol\u00edcia e sedes Minist\u00e9rio P\u00fablicos, mais import\u00e2ncia, e peso, as autoridades dar\u00e3o a esses casos. Intensificando assim, a boa resolu\u00e7\u00e3o dos mesmos e a garantia do bem-estar dos animais.<\/p>\n\n\n\n<p><strong>Link Cartilha Defesa Animal:<\/strong><\/p>\n\n\n\n<p><a href=\"http:\/\/www.mpsp.mp.br\/page\/Cartilhas\/DefesaAnimal.pdf\">http:\/\/www.mpsp.mp.br\/page\/Cartilhas\/DefesaAnimal.pdf<\/a><\/p>\n\n\n\n<p><strong>V\u00eddeo sobre Traumas N\u00e3o-acidentais (TNA) &#8211; M.V. Lucas Galdioli<\/strong><\/p>\n\n\n<p>[su_youtube url=&#8221;https:\/\/www.youtube.com\/watch?v=yRRuAeSxZ0Y&amp;feature=youtu.be&#8221;]<\/p>\n\n\n\n<p><strong>V\u00eddeo sobre Teoria do Elo:<\/strong><\/p>\n\n\n<p>[su_youtube url=&#8221;https:\/\/www.youtube.com\/watch?v=bcOe8GIqA5s&amp;t=9s&#8221;]<\/p>\n\n\n\n<figure class=\"wp-block-gallery columns-0 is-cropped wp-block-gallery-2 is-layout-flex wp-block-gallery-is-layout-flex\"><ul class=\"blocks-gallery-grid\"><\/ul><\/figure>\n\n\n\n<p><strong>REFER\u00caNCIAS<\/strong><\/p>\n\n\n\n<p>BRASIL. <em>Decreto-Lei 24.645, de 10 de julho de 1934<\/em>. Estabelece medidas de prote\u00e7\u00e3o aos animais. Rio de Janeiro, 10 de julho de 1934, 113\u00ba da Independ\u00eancia e 46\u00ba da Rep\u00fablica. Dispon\u00edvel em: <a href=\"http:\/\/legis.senado.gov.br\/legislacao\/ListaPublicacoes.action?id=39567\">http:\/\/legis.senado.gov.br\/legislacao\/ListaPublicacoes.action?id=39567<\/a>. Acesso em: 08 nov 2016.<\/p>\n\n\n\n<p>BRASIL. <em>Constitui\u00e7\u00e3o (1988).<\/em> Constitui\u00e7\u00e3o da Rep\u00fablica Federativa do Brasil. Texto constitucional promulgado em 5 de outubro de 1988. Vide Emenda Constitucional n\u00ba 91, de 2016. Dispon\u00edvel em: <a href=\"https:\/\/www.planalto.gov.br\/ccivil_03\/constituicao\/constituicao.htm\">https:\/\/www.planalto.gov.br\/ccivil_03\/constituicao\/constituicao.htm<\/a>. Acesso em: 08 nov 2016.<\/p>\n\n\n\n<p>BRASIL. <em>Lei 9.605, de 12 de fevereiro de 1998<\/em>. Disp\u00f5e sobrea as san\u00e7\u00f5es penais e administrativas derivadas de condutas e atividades lesivas ao meio ambiente, e d\u00e1 outras provid\u00eancias. Bras\u00edlia, 12 de fevereiro de 1998, 177\u00aa da Independ\u00eancia e 110\u00aa da Rep\u00fablica. Dispon\u00edvel em: &nbsp;<a href=\"http:\/\/www.planalto.gov.br\/ccivil_03\/leis\/L9605.htm\">http:\/\/www.planalto.gov.br\/ccivil_03\/leis\/L9605.htm<\/a>. Acesso em: 08 nov 2016.<\/p>\n\n\n\n<p>G1. <em>Enfermeira \u00e9 condenada por morte de cadela Yorkshire agredida em GO. <\/em>Dispon\u00edvel em: <a href=\"http:\/\/g1.globo.com\/goias\/noticia\/2014\/09\/enfermeira-e-condenada-por-morte-de-cadela-yorkshire-agredida-em-go.html\">http:\/\/g1.globo.com\/goias\/noticia\/2014\/09\/enfermeira-e-condenada-por-morte-de-cadela-yorkshire-agredida-em-go.html<\/a>. Acesso em: 08 nov 2016.<\/p>\n\n\n\n<p>SANTOS FILHO, Euclydes Ant\u00f4nio dos. Direito dos animais: coment\u00e1rios \u00e0 legisla\u00e7\u00e3o federal brasileira. In:&nbsp;<em>\u00c2mbito Jur\u00eddico<\/em>, Rio Grande, XI, n. 57, set 2008. Dispon\u00edvel em: &lt;<a href=\"http:\/\/www.ambitojuridico.com.br\/site\/index.php?n_link=revista_artigos_leitura&amp;artigo_id=3115\">http:\/\/www.ambitojuridico.com.br\/site\/index.php?n_link=revista_artigos_leitura&amp;artigo_id=3115<\/a>&gt;. Acesso em: 08 nov 2016.<\/p>\n","protected":false},"excerpt":{"rendered":"<p>Os conhecimentos em Medicina Veterin\u00e1ria Legal s\u00e3o primordiais para a atua\u00e7\u00e3o em MVC, principalmente na coibi\u00e7\u00e3o dos maus-tratos aos animais presente na rotina da MVC nas diferentes \u00e1reas de atua\u00e7\u00e3o do m\u00e9dico veterin\u00e1rio. Como realizar den\u00fancias de maus-tratos contra animais no Brasil Os direitos dos animais \u00e9 um tema que tem sido discutido com grande [&hellip;]<\/p>\n","protected":false},"author":3,"featured_media":0,"parent":0,"menu_order":0,"comment_status":"closed","ping_status":"closed","template":"","meta":{"footnotes":""},"class_list":["post-4653","page","type-page","status-publish","hentry"],"_links":{"self":[{"href":"https:\/\/agrarias.ufpr.br\/mvc\/wp-json\/wp\/v2\/pages\/4653","targetHints":{"allow":["GET"]}}],"collection":[{"href":"https:\/\/agrarias.ufpr.br\/mvc\/wp-json\/wp\/v2\/pages"}],"about":[{"href":"https:\/\/agrarias.ufpr.br\/mvc\/wp-json\/wp\/v2\/types\/page"}],"author":[{"embeddable":true,"href":"https:\/\/agrarias.ufpr.br\/mvc\/wp-json\/wp\/v2\/users\/3"}],"replies":[{"embeddable":true,"href":"https:\/\/agrarias.ufpr.br\/mvc\/wp-json\/wp\/v2\/comments?post=4653"}],"version-history":[{"count":13,"href":"https:\/\/agrarias.ufpr.br\/mvc\/wp-json\/wp\/v2\/pages\/4653\/revisions"}],"predecessor-version":[{"id":5720,"href":"https:\/\/agrarias.ufpr.br\/mvc\/wp-json\/wp\/v2\/pages\/4653\/revisions\/5720"}],"wp:attachment":[{"href":"https:\/\/agrarias.ufpr.br\/mvc\/wp-json\/wp\/v2\/media?parent=4653"}],"curies":[{"name":"wp","href":"https:\/\/api.w.org\/{rel}","templated":true}]}}