{"id":4651,"date":"2017-05-29T16:14:11","date_gmt":"2017-05-29T16:14:11","guid":{"rendered":"https:\/\/agrarias.ufpr.br\/mvc\/?page_id=4651"},"modified":"2026-03-30T20:23:39","modified_gmt":"2026-03-30T20:23:39","slug":"pagina-inicial","status":"publish","type":"page","link":"https:\/\/agrarias.ufpr.br\/mvc\/","title":{"rendered":"Medicina Veterin\u00e1ria do Coletivo"},"content":{"rendered":"\n<h2 class=\"wp-block-heading\"><mark style=\"background-color:rgba(0, 0, 0, 0);color:#ed1f33\" class=\"has-inline-color\">CONFIRA<\/mark>: <strong>Terceira turma do Curso de Especializa\u00e7\u00e3o em Medicina Veterin\u00e1ria do Coletivo. Clique no bot\u00e3o abaixo para acessar os editais.<\/strong><\/h2>\n\n\n\n<div class=\"wp-block-buttons is-content-justification-center is-layout-flex wp-container-core-buttons-is-layout-16018d1d wp-block-buttons-is-layout-flex\">\n<div class=\"wp-block-button\"><a class=\"wp-block-button__link has-white-color has-text-color has-background has-link-color has-text-align-center wp-element-button\" href=\"https:\/\/agrarias.ufpr.br\/mvc\/especializacao-mvc\/\" style=\"background-color:#226495\"><strong>Editais<\/strong><\/a><\/div>\n<\/div>\n\n\n\n<h2 class=\"wp-block-heading\"><strong>Medicina Veterin\u00e1ria do Coletivo<\/strong><\/h2>\n\n\n\n<p class=\"justificado\">A&nbsp;<strong>Medicina Veterin\u00e1ria do Coletivo<\/strong>&nbsp;(MVC) \u00e9 uma especialidade da Medicina Veterin\u00e1ria que interliga a Sa\u00fade Coletiva, a Medicina Veterin\u00e1ria de Povos Origin\u00e1rios e Tradicionais, a Medicina Veterin\u00e1ria de Desastres, a Medicina Veterin\u00e1ria Legal e a Medicina de Abrigos.<\/p>\n\n\n<div class=\"wp-block-image is-resized\">\n<figure class=\"aligncenter size-large\"><img loading=\"lazy\" decoding=\"async\" width=\"1024\" height=\"1007\" src=\"https:\/\/agrarias.ufpr.br\/mvc\/wp-content\/uploads\/sites\/32\/2025\/07\/mvc_novo-1024x1007.jpeg\" alt=\"\" class=\"wp-image-6199\" srcset=\"https:\/\/agrarias.ufpr.br\/mvc\/wp-content\/uploads\/sites\/32\/2025\/07\/mvc_novo-1024x1007.jpeg 1024w, https:\/\/agrarias.ufpr.br\/mvc\/wp-content\/uploads\/sites\/32\/2025\/07\/mvc_novo-300x295.jpeg 300w, https:\/\/agrarias.ufpr.br\/mvc\/wp-content\/uploads\/sites\/32\/2025\/07\/mvc_novo-768x755.jpeg 768w, https:\/\/agrarias.ufpr.br\/mvc\/wp-content\/uploads\/sites\/32\/2025\/07\/mvc_novo-1536x1510.jpeg 1536w, https:\/\/agrarias.ufpr.br\/mvc\/wp-content\/uploads\/sites\/32\/2025\/07\/mvc_novo-250x246.jpeg 250w, https:\/\/agrarias.ufpr.br\/mvc\/wp-content\/uploads\/sites\/32\/2025\/07\/mvc_novo-100x98.jpeg 100w, https:\/\/agrarias.ufpr.br\/mvc\/wp-content\/uploads\/sites\/32\/2025\/07\/mvc_novo-58x57.jpeg 58w, https:\/\/agrarias.ufpr.br\/mvc\/wp-content\/uploads\/sites\/32\/2025\/07\/mvc_novo.jpeg 1600w\" sizes=\"auto, (max-width: 1024px) 100vw, 1024px\" \/><\/figure>\n<\/div>\n\n\n<p class=\"justificado\">O manejo populacional humanit\u00e1rio e sustent\u00e1vel de c\u00e3es e gatos (MPCG) em \u00e1reas urbanas \u00e9 um dos grandes temas dentro da Medicina Veterin\u00e1ria do Coletivo (MVC), sendo um problema para sa\u00fade p\u00fablica e medicina de abrigos, mas tendo consequ\u00eancias tamb\u00e9m forenses.<\/p>\n\n\n\n<p class=\"justificado\">A sa\u00fade coletiva integra a MVC ao abordar quest\u00f5es amplas que conectam a sa\u00fade humana, animal e ambiental. A Teoria do Elo, que evidencia a conex\u00e3o entre os maus-tratos aos animais e a viol\u00eancia interpessoal, \u00e9 um exemplo dessa interse\u00e7\u00e3o, destacando como os casos de crueldade contra animais podem estar associados a situa\u00e7\u00f5es de viol\u00eancia dom\u00e9stica, contra crian\u00e7as, idosos e mulheres. J\u00e1 a problem\u00e1tica de pessoas em situa\u00e7\u00e3o de acumula\u00e7\u00e3o de animais exige interven\u00e7\u00f5es interdisciplinares que considerem fatores sociais, psicol\u00f3gicos e sanit\u00e1rios, buscando proteger tanto os animais quanto os pr\u00f3prios indiv\u00edduos em situa\u00e7\u00f5es de vulnerabilidade.<\/p>\n\n\n\n<p class=\"justificado\">A medicina de abrigos engloba toda a pol\u00edtica interna dos locais p\u00fablicos, privados ou do terceiro setor que fazem a manuten\u00e7\u00e3o de c\u00e3es e gatos no coletivo, mas que t\u00eam rela\u00e7\u00e3o direta e sofrem as consequ\u00eancias das pol\u00edticas externas de MPCG (registro e identifica\u00e7\u00e3o, controle reprodutivo, legisla\u00e7\u00f5es pertinentes ao programa e \u00e0 guarda respons\u00e1vel, controle do com\u00e9rcio, manejo populacional de gatos de vida livre, programa para c\u00e3es comunit\u00e1rios, atendimento de denuncias de supostos maus-tratos aos animais, entre outros).&nbsp; A Medicina de Abrigos inclui os protocolos de admiss\u00e3o de animais, programas preventivos, capacita\u00e7\u00e3o de funcion\u00e1rios e demais demandas para que os animais possam ser reintroduzidos na sociedade sem representarem riscos.<\/p>\n\n\n\n<p class=\"justificado\">A Medicina Veterin\u00e1ria de Povos Origin\u00e1rios e Tradicionais atua no contexto das pr\u00e1ticas de sa\u00fade animal em comunidades ind\u00edgenas, quilombolas e outras popula\u00e7\u00f5es tradicionais, respeitando os saberes populares e promovendo interven\u00e7\u00f5es integrativas que consideram as realidades culturais, sociais e ambientais desses povos. Essa abordagem busca a preserva\u00e7\u00e3o da sa\u00fade animal, humana e do meio ambiente, fortalecendo uma perspectiva de sa\u00fade \u00fanica.<\/p>\n\n\n\n<p class=\"justificado\">A medicina veterin\u00e1ria de desastres \u00e9 outra \u00e1rea emergente que abrange as a\u00e7\u00f5es de planejamento, resposta e recupera\u00e7\u00e3o em situa\u00e7\u00f5es de cat\u00e1strofes naturais ou antropog\u00eanicas, com foco na prote\u00e7\u00e3o e no bem-estar dos animais e, consequentemente, das comunidades humanas envolvidas. Assegura a organiza\u00e7\u00e3o log\u00edstica de resgate, abrigamento tempor\u00e1rio e suporte veterin\u00e1rio emergencial em cen\u00e1rios desafiadores.<\/p>\n\n\n\n<p class=\"justificado\">A intersec\u00e7\u00e3o com a Medicina Veterin\u00e1ria Legal refere-se \u00e0s intera\u00e7\u00f5es humano, animal negativas, tendo como principal foco os maus-tratos aos animais. O tema&nbsp; deve ser tratado intersetorialmente, uma vez que os maus-tratos, neglig\u00eancia, crueldade e abuso animal podem servir como indicadores de outras formas de viol\u00eancia, como por exemplo a dom\u00e9stica ou abuso infantil. A articula\u00e7\u00e3o a sa\u00fade, servi\u00e7o social, conselhos tutelares, defesa dos direitos dos idosos e das mulheres e redes de prote\u00e7\u00e3o \u00e0s crian\u00e7as, entre outras, \u00e9 fundamental.<\/p>\n\n\n\n<div class=\"wp-block-buttons has-white-background-color has-background is-content-justification-center is-layout-flex wp-container-core-buttons-is-layout-16018d1d wp-block-buttons-is-layout-flex\">\n<div class=\"wp-block-button\"><a class=\"wp-block-button__link has-white-color has-text-color has-background has-link-color has-text-align-center wp-element-button\" href=\"https:\/\/agrarias.ufpr.br\/mvc\/medicina-de-abrigos\/\" style=\"background-color:#226495\"><strong>Medicina de Abrigos<\/strong><\/a><\/div>\n\n\n\n<div class=\"wp-block-button\"><a class=\"wp-block-button__link has-white-color has-text-color has-background has-link-color wp-element-button\" href=\"https:\/\/agrarias.ufpr.br\/mvc\/medicina-veterinaria-legal\/\" style=\"background-color:#226495\"><strong>Medicina Veterin\u00e1ria Legal<\/strong><\/a><\/div>\n\n\n\n<div class=\"wp-block-button\"><a class=\"wp-block-button__link has-white-color has-text-color has-background has-link-color wp-element-button\" href=\"https:\/\/agrarias.ufpr.br\/mvc\/saude-coletiva\/\" style=\"background-color:#226495\"><strong>Sa\u00fade Coletiva<\/strong><\/a><\/div>\n\n\n\n<div class=\"wp-block-button\"><a class=\"wp-block-button__link has-white-color has-text-color has-background has-link-color has-text-align-center wp-element-button\" href=\"https:\/\/agrarias.ufpr.br\/mvc\/medicina-de-desastres\/\" style=\"background-color:#226495\"><strong>Medicina de Desastres<\/strong><\/a><\/div>\n\n\n\n<div class=\"wp-block-button\"><a class=\"wp-block-button__link has-white-color has-text-color has-background has-link-color has-text-align-center wp-element-button\" href=\"https:\/\/agrarias.ufpr.br\/mvc\/medicina-veterinaria-de-povos-originarios-e-tradicionais\/\" style=\"background-color:#226495\"><strong>Medicina Veterin\u00e1ria de Povos Origin\u00e1rios e Tradicionais<\/strong><\/a><\/div>\n<\/div>\n\n\n\n<p><\/p>\n","protected":false},"excerpt":{"rendered":"<p>CONFIRA: Terceira turma do Curso de Especializa\u00e7\u00e3o em Medicina Veterin\u00e1ria do Coletivo. Clique no bot\u00e3o abaixo para acessar os editais. Medicina Veterin\u00e1ria do Coletivo A&nbsp;Medicina Veterin\u00e1ria do Coletivo&nbsp;(MVC) \u00e9 uma especialidade da Medicina Veterin\u00e1ria que interliga a Sa\u00fade Coletiva, a Medicina Veterin\u00e1ria de Povos Origin\u00e1rios e Tradicionais, a Medicina Veterin\u00e1ria de Desastres, a Medicina Veterin\u00e1ria [&hellip;]<\/p>\n","protected":false},"author":3,"featured_media":0,"parent":0,"menu_order":0,"comment_status":"closed","ping_status":"closed","template":"","meta":{"footnotes":""},"class_list":["post-4651","page","type-page","status-publish","hentry"],"_links":{"self":[{"href":"https:\/\/agrarias.ufpr.br\/mvc\/wp-json\/wp\/v2\/pages\/4651","targetHints":{"allow":["GET"]}}],"collection":[{"href":"https:\/\/agrarias.ufpr.br\/mvc\/wp-json\/wp\/v2\/pages"}],"about":[{"href":"https:\/\/agrarias.ufpr.br\/mvc\/wp-json\/wp\/v2\/types\/page"}],"author":[{"embeddable":true,"href":"https:\/\/agrarias.ufpr.br\/mvc\/wp-json\/wp\/v2\/users\/3"}],"replies":[{"embeddable":true,"href":"https:\/\/agrarias.ufpr.br\/mvc\/wp-json\/wp\/v2\/comments?post=4651"}],"version-history":[{"count":45,"href":"https:\/\/agrarias.ufpr.br\/mvc\/wp-json\/wp\/v2\/pages\/4651\/revisions"}],"predecessor-version":[{"id":6448,"href":"https:\/\/agrarias.ufpr.br\/mvc\/wp-json\/wp\/v2\/pages\/4651\/revisions\/6448"}],"wp:attachment":[{"href":"https:\/\/agrarias.ufpr.br\/mvc\/wp-json\/wp\/v2\/media?parent=4651"}],"curies":[{"name":"wp","href":"https:\/\/api.w.org\/{rel}","templated":true}]}}

Medicina Veterinária do Coletivo

<h2 class="wp-block-heading"><mark style="background-color:rgba(0, 0, 0, 0);color:#ed1f33" class="has-inline-color">CONFIRA</mark>: <strong>Terceira turma do Curso de Especialização em Medicina Veterinária do Coletivo. Clique no botão abaixo para acessar os editais.</strong></h2>



<div class="wp-block-buttons is-content-justification-center is-layout-flex wp-container-core-buttons-is-layout-16018d1d wp-block-buttons-is-layout-flex">
<div class="wp-block-button"><a class="wp-block-button__link has-white-color has-text-color has-background has-link-color has-text-align-center wp-element-button" href="https://agrarias.ufpr.br/mvc/especializacao-mvc/" style="background-color:#226495"><strong>Editais</strong></a></div>
</div>



<h2 class="wp-block-heading"><strong>Medicina Veterinária do Coletivo</strong></h2>



<p class="justificado">A&nbsp;<strong>Medicina Veterinária do Coletivo</strong>&nbsp;(MVC) é uma especialidade da Medicina Veterinária que interliga a Saúde Coletiva, a Medicina Veterinária de Povos Originários e Tradicionais, a Medicina Veterinária de Desastres, a Medicina Veterinária Legal e a Medicina de Abrigos.</p>


<div class="wp-block-image is-resized">
<figure class="aligncenter size-large"><img loading="lazy" decoding="async" width="1024" height="1007" src="https://agrarias.ufpr.br/mvc/wp-content/uploads/sites/32/2025/07/mvc_novo-1024x1007.jpeg" alt="" class="wp-image-6199" srcset="https://agrarias.ufpr.br/mvc/wp-content/uploads/sites/32/2025/07/mvc_novo-1024x1007.jpeg 1024w, https://agrarias.ufpr.br/mvc/wp-content/uploads/sites/32/2025/07/mvc_novo-300x295.jpeg 300w, https://agrarias.ufpr.br/mvc/wp-content/uploads/sites/32/2025/07/mvc_novo-768x755.jpeg 768w, https://agrarias.ufpr.br/mvc/wp-content/uploads/sites/32/2025/07/mvc_novo-1536x1510.jpeg 1536w, https://agrarias.ufpr.br/mvc/wp-content/uploads/sites/32/2025/07/mvc_novo-250x246.jpeg 250w, https://agrarias.ufpr.br/mvc/wp-content/uploads/sites/32/2025/07/mvc_novo-100x98.jpeg 100w, https://agrarias.ufpr.br/mvc/wp-content/uploads/sites/32/2025/07/mvc_novo-58x57.jpeg 58w, https://agrarias.ufpr.br/mvc/wp-content/uploads/sites/32/2025/07/mvc_novo.jpeg 1600w" sizes="auto, (max-width: 1024px) 100vw, 1024px" /></figure>
</div>


<p class="justificado">O manejo populacional humanitário e sustentável de cães e gatos (MPCG) em áreas urbanas é um dos grandes temas dentro da Medicina Veterinária do Coletivo (MVC), sendo um problema para saúde pública e medicina de abrigos, mas tendo consequências também forenses.</p>



<p class="justificado">A saúde coletiva integra a MVC ao abordar questões amplas que conectam a saúde humana, animal e ambiental. A Teoria do Elo, que evidencia a conexão entre os maus-tratos aos animais e a violência interpessoal, é um exemplo dessa interseção, destacando como os casos de crueldade contra animais podem estar associados a situações de violência doméstica, contra crianças, idosos e mulheres. Já a problemática de pessoas em situação de acumulação de animais exige intervenções interdisciplinares que considerem fatores sociais, psicológicos e sanitários, buscando proteger tanto os animais quanto os próprios indivíduos em situações de vulnerabilidade.</p>



<p class="justificado">A medicina de abrigos engloba toda a política interna dos locais públicos, privados ou do terceiro setor que fazem a manutenção de cães e gatos no coletivo, mas que têm relação direta e sofrem as consequências das políticas externas de MPCG (registro e identificação, controle reprodutivo, legislações pertinentes ao programa e à guarda responsável, controle do comércio, manejo populacional de gatos de vida livre, programa para cães comunitários, atendimento de denuncias de supostos maus-tratos aos animais, entre outros).&nbsp; A Medicina de Abrigos inclui os protocolos de admissão de animais, programas preventivos, capacitação de funcionários e demais demandas para que os animais possam ser reintroduzidos na sociedade sem representarem riscos.</p>



<p class="justificado">A Medicina Veterinária de Povos Originários e Tradicionais atua no contexto das práticas de saúde animal em comunidades indígenas, quilombolas e outras populações tradicionais, respeitando os saberes populares e promovendo intervenções integrativas que consideram as realidades culturais, sociais e ambientais desses povos. Essa abordagem busca a preservação da saúde animal, humana e do meio ambiente, fortalecendo uma perspectiva de saúde única.</p>



<p class="justificado">A medicina veterinária de desastres é outra área emergente que abrange as ações de planejamento, resposta e recuperação em situações de catástrofes naturais ou antropogênicas, com foco na proteção e no bem-estar dos animais e, consequentemente, das comunidades humanas envolvidas. Assegura a organização logística de resgate, abrigamento temporário e suporte veterinário emergencial em cenários desafiadores.</p>



<p class="justificado">A intersecção com a Medicina Veterinária Legal refere-se às interações humano, animal negativas, tendo como principal foco os maus-tratos aos animais. O tema&nbsp; deve ser tratado intersetorialmente, uma vez que os maus-tratos, negligência, crueldade e abuso animal podem servir como indicadores de outras formas de violência, como por exemplo a doméstica ou abuso infantil. A articulação a saúde, serviço social, conselhos tutelares, defesa dos direitos dos idosos e das mulheres e redes de proteção às crianças, entre outras, é fundamental.</p>



<div class="wp-block-buttons has-white-background-color has-background is-content-justification-center is-layout-flex wp-container-core-buttons-is-layout-16018d1d wp-block-buttons-is-layout-flex">
<div class="wp-block-button"><a class="wp-block-button__link has-white-color has-text-color has-background has-link-color has-text-align-center wp-element-button" href="https://agrarias.ufpr.br/mvc/medicina-de-abrigos/" style="background-color:#226495"><strong>Medicina de Abrigos</strong></a></div>



<div class="wp-block-button"><a class="wp-block-button__link has-white-color has-text-color has-background has-link-color wp-element-button" href="https://agrarias.ufpr.br/mvc/medicina-veterinaria-legal/" style="background-color:#226495"><strong>Medicina Veterinária Legal</strong></a></div>



<div class="wp-block-button"><a class="wp-block-button__link has-white-color has-text-color has-background has-link-color wp-element-button" href="https://agrarias.ufpr.br/mvc/saude-coletiva/" style="background-color:#226495"><strong>Saúde Coletiva</strong></a></div>



<div class="wp-block-button"><a class="wp-block-button__link has-white-color has-text-color has-background has-link-color has-text-align-center wp-element-button" href="https://agrarias.ufpr.br/mvc/medicina-de-desastres/" style="background-color:#226495"><strong>Medicina de Desastres</strong></a></div>



<div class="wp-block-button"><a class="wp-block-button__link has-white-color has-text-color has-background has-link-color has-text-align-center wp-element-button" href="https://agrarias.ufpr.br/mvc/medicina-veterinaria-de-povos-originarios-e-tradicionais/" style="background-color:#226495"><strong>Medicina Veterinária de Povos Originários e Tradicionais</strong></a></div>
</div>



<p></p>

<p>CONFIRA: Terceira turma do Curso de Especialização em Medicina Veterinária do Coletivo. Clique no botão abaixo para acessar os editais. Medicina Veterinária do Coletivo A&nbsp;Medicina Veterinária do Coletivo&nbsp;(MVC) é uma especialidade da Medicina Veterinária que interliga a Saúde Coletiva, a Medicina Veterinária de Povos Originários e Tradicionais, a Medicina Veterinária de Desastres, a Medicina Veterinária [&hellip;]</p>
