{"id":3264,"date":"2015-12-22T09:07:05","date_gmt":"2015-12-22T11:07:05","guid":{"rendered":"http:\/\/localhost\/?page_id=3264"},"modified":"2015-12-22T09:07:05","modified_gmt":"2015-12-22T11:07:05","slug":"resolucoes-e-normas","status":"publish","type":"page","link":"https:\/\/agrarias.ufpr.br\/mvc\/resolucoes-e-normas\/","title":{"rendered":"Resolu\u00e7\u00f5es e Normas"},"content":{"rendered":"<p><strong>Regimento<\/strong><\/p>\n<p><a href=\"http:\/\/localhost\/wp-content\/uploads\/2015\/12\/Regimento-do-Setor-de-Ci\u00eancias-Agr\u00e1rias-Resolu\u00e7\u00e3o-COPLAD-24-15.pdf\" rel=\"\">Regimento do Setor de Ci\u00eancias Agr\u00e1rias &#8211; Resolu\u00e7\u00e3o COPLAD 24-15<\/a><\/p>\n<p><a href=\"http:\/\/localhost\/wp-content\/uploads\/2015\/12\/Regimento-CIFLOMA.pdf\" rel=\"\">Regimento CIFLOMA<\/a><\/p>\n<p><strong>Regulamento<\/strong><\/p>\n<p><a href=\"http:\/\/localhost\/wp-content\/uploads\/2015\/12\/Regulamento-de-uso-dos-Audit\u00f3rios-do-SCA.pdf\" rel=\"\">Regulamento de uso dos-Audit\u00f3rios-do-SCA<\/a><\/p>\n<p><a href=\"http:\/\/localhost\/wp-content\/uploads\/2015\/12\/Regulamento-da-APFSCA-do-SCA-1.pdf\" rel=\"\">Regulamento-da-APFSCA-do-SCA<\/a><\/p>\n<p><a href=\"http:\/\/localhost\/wp-content\/uploads\/2015\/12\/Diretoria-da-APFSCA-do-SCA-2013a2017-1.docx\" rel=\"\">Diretoria da APFSCA do SCA 2013 a 2017<\/a><\/p>\n<p><a href=\"http:\/\/localhost\/wp-content\/uploads\/2015\/12\/Ordem-de-Servi\u00e7o-001-2016.pdf\">Acesso ao Setor de Ci\u00eancias Agr\u00e1rias<\/a><\/p>\n<p><a href=\"http:\/\/localhost\/wp-content\/uploads\/2016\/08\/Quadra-Poliesportiva-Regulamento-de-uso._pdf.pdf\">Regulamento de uso da Quadra Poliesportiva do \u00a0Setor de Ci\u00eancias Agr\u00e1rias<\/a><\/p>\n<p>&nbsp;<\/p>\n<p>&nbsp;<\/p>\n","protected":false},"excerpt":{"rendered":"<p>Regimento Regimento do Setor de Ci\u00eancias Agr\u00e1rias &#8211; Resolu\u00e7\u00e3o COPLAD 24-15 Regimento CIFLOMA Regulamento Regulamento de uso dos-Audit\u00f3rios-do-SCA Regulamento-da-APFSCA-do-SCA Diretoria da APFSCA do SCA 2013 a 2017 Acesso ao Setor de Ci\u00eancias Agr\u00e1rias Regulamento de uso da Quadra Poliesportiva do \u00a0Setor de Ci\u00eancias Agr\u00e1rias &nbsp; &nbsp;<\/p>\n","protected":false},"author":3,"featured_media":0,"parent":0,"menu_order":0,"comment_status":"closed","ping_status":"closed","template":"","meta":{"footnotes":""},"class_list":["post-3264","page","type-page","status-publish","hentry"],"_links":{"self":[{"href":"https:\/\/agrarias.ufpr.br\/mvc\/wp-json\/wp\/v2\/pages\/3264","targetHints":{"allow":["GET"]}}],"collection":[{"href":"https:\/\/agrarias.ufpr.br\/mvc\/wp-json\/wp\/v2\/pages"}],"about":[{"href":"https:\/\/agrarias.ufpr.br\/mvc\/wp-json\/wp\/v2\/types\/page"}],"author":[{"embeddable":true,"href":"https:\/\/agrarias.ufpr.br\/mvc\/wp-json\/wp\/v2\/users\/3"}],"replies":[{"embeddable":true,"href":"https:\/\/agrarias.ufpr.br\/mvc\/wp-json\/wp\/v2\/comments?post=3264"}],"version-history":[{"count":0,"href":"https:\/\/agrarias.ufpr.br\/mvc\/wp-json\/wp\/v2\/pages\/3264\/revisions"}],"wp:attachment":[{"href":"https:\/\/agrarias.ufpr.br\/mvc\/wp-json\/wp\/v2\/media?parent=3264"}],"curies":[{"name":"wp","href":"https:\/\/api.w.org\/{rel}","templated":true}]}}