{"id":1098,"date":"2014-12-15T18:32:36","date_gmt":"2014-12-15T18:32:36","guid":{"rendered":"http:\/\/localhost\/?page_id=1098"},"modified":"2014-12-15T18:32:36","modified_gmt":"2014-12-15T18:32:36","slug":"projetos-de-pesquisa","status":"publish","type":"page","link":"https:\/\/agrarias.ufpr.br\/mvc\/projetos-de-pesquisa\/","title":{"rendered":"Pesquisa"},"content":{"rendered":"<p style=\"text-align: left\"><strong>Secretaria Geral do Comit\u00ea do SCA.<\/strong><br \/>\nVera Lucia L\u00f6schner<br \/>\nTelefones: <strong>(41) 3350.5620<\/strong><br \/>\nE-mail: loschner@ufpr.br<\/p>\n<p style=\"text-align: left\">E-mail do Comit\u00ea de Pesquisa do SCA: <strong>pesquisa_ag@ufpr.br<\/strong><\/p>\n<p><a href=\"http:\/\/localhost\/wp-content\/uploads\/2014\/12\/07-Comit\u00ea-de-Pesquisa3.doc\">Portaria 07\/2015 &#8211; Comit\u00ea de Pesquisa<\/a><a href=\"http:\/\/localhost\/wp-content\/uploads\/2014\/12\/07-Comit\u00ea-de-Pesquisa2.doc\"> e demais altera\u00e7\u00f5es <\/a><a href=\"http:\/\/localhost\/wp-content\/uploads\/2016\/03\/Portaria-29-2015.pdf\" rel=\"\">Portaria 29-2015, <\/a><a href=\"http:\/\/localhost\/wp-content\/uploads\/2016\/03\/Portaria-30-2015.pdf\" rel=\"\">Portaria 30-2015<\/a><a href=\"http:\/\/localhost\/wp-content\/uploads\/2014\/12\/07-Comit\u00ea-de-Pesquisa2.doc\"> e <\/a><a href=\"http:\/\/localhost\/wp-content\/uploads\/2016\/03\/Portaria-80-2015.pdf\" rel=\"\">Portaria 80-2015<\/a><a href=\"http:\/\/localhost\/wp-content\/uploads\/2014\/12\/07-Comit\u00ea-de-Pesquisa2.doc\">.<br \/>\n<\/a><a href=\"http:\/\/localhost\/wp-content\/uploads\/2016\/04\/Membros-do-Comit\u00ea-de-Pesquisa-2016-Atualizada-2.pdf\" rel=\"\">Membros do Comit\u00ea de Pesquisa &#8211; 2016 <\/a><br \/>\n<a href=\"http:\/\/localhost\/wp-content\/uploads\/2014\/12\/Normas-internas-comiss\u00e3o-de-PESQUISA-do-Comit\u00ea-de-Pesquisa-do-SCA.doc\">Normas-internas-comiss\u00e3o-de-PESQUISA-do-Comit\u00ea-de-Pesquisa-do-SCA<\/a><br \/>\n<a href=\"http:\/\/localhost\/wp-content\/uploads\/2014\/12\/Normas-internas-comiss\u00e3o-de-EVENTOS-do-Comit\u00ea-de-Pesquisa-do-SCA.doc\">Normas internas comiss\u00e3o de EVENTOS do Comit\u00ea de Pesquisa do SCA<\/a><\/p>\n<p style=\"text-align: center\"><strong><span style=\"color: #339966\">COMIT\u00ca SETORIAL DE PESQUISA<\/span><\/strong><\/p>\n<p style=\"text-align: center\">Presidente: Profa. \u00a0Juliana Sperotto Brum<\/p>\n<p style=\"text-align: center\">Vice-Presidente: Prof. Mauro Brasil Dias Tofanelli<\/p>\n<p style=\"text-align: center\"><strong><span style=\"color: #0000ff\">INTEGRANTES DO COMIT\u00ca SETORIAL DE PESQUISA<\/span><\/strong><\/p>\n<p style=\"text-align: center\"><strong>Departamento de Solos e Engenharia Agr\u00edcola \u2013 DSEA<\/strong><br \/>\nProf. Jeferson Dieckow<br \/>\nProf. Volnei Pauletti<br \/>\nProf. Renato, Marques<br \/>\n<strong>Departamento de Medicina Veterin\u00e1ria \u2013 DMV<\/strong><br \/>\nProfa. Juliana Sperotto Brum<br \/>\nProf. Rafael Felipe da Costa Vieira<br \/>\n<strong>Departamento de Engenharia e Tecnologia Florestal \u2013 DETF<\/strong><br \/>\nProf. Jorge Luis Monteiro de Matos<br \/>\nProfa. Rosilani Trianoski<br \/>\n<strong>Departamento de Ci\u00eancias Florestais \u2013 DECIF<\/strong><br \/>\nProf. William Thomaz Wendling<br \/>\nProf. Alexandre Fran\u00e7a Tetto<br \/>\nProf. Ricardo Anselmo Malinovski<br \/>\n<strong>Departamento de Fitotecnia e Fitosanitarismo \u2013 DFF<\/strong><br \/>\nProf. Cicero Deschamps<br \/>\nProf. Mauro Brasil Dias Tofanelli<br \/>\nProf. Profa. Louise Larissa May De Mio<br \/>\n<strong>Departamento de Zootecnia \u2013 DZ<\/strong><br \/>\nProfa. Simone Gisele de Oliveira<br \/>\nProfa. Laila Talarico Dias Teixeira<br \/>\n<strong>Departamento de Extens\u00e3o Rural \u2013 DERE<\/strong><br \/>\nProf. Paulo de Tarso de Lara Pires<br \/>\nProf. Vitor Afonso Hoeflich<\/p>\n<p style=\"text-align: center\"><strong><span style=\"color: #ff0000\">COMISS\u00c3O DE PESQUISA<\/span><\/strong><br \/>\nProfa. Juliana Sperotto Brum\u00a0 \u00a0\u00a0&#8211; \u00a0Coordenadora<\/p>\n<p style=\"text-align: center\">Prof. Alexandre Fran\u00e7a Tetto<\/p>\n<p style=\"text-align: center\">Prof. C\u00edcero Deschamps<\/p>\n<p style=\"text-align: center\">&#8211; Prof. Jeferson Dieckow<\/p>\n<p style=\"text-align: center\">Prof. Rafael Felipe da Costa Vieira<\/p>\n<p style=\"text-align: center\"><strong><span style=\"color: #ff0000\">\u00a0COMISS\u00c3O DE INICIA\u00c7\u00c3O CIENT\u00cdFICA<\/span><\/strong><br \/>\nProfa. Juliana Sperotto Brum\u00a0 \u00a0&#8211; \u00a0Coordenadora<\/p>\n<p style=\"text-align: center\">Prof. Alexandre Fran\u00e7a Tetto<\/p>\n<p style=\"text-align: center\">Prof. Jeferson Dieckow<\/p>\n<p style=\"text-align: center\">Prof. Jorge Luis Monteiro de Matos<\/p>\n<p style=\"text-align: center\">Profa. Louise Larissa May De Mio<\/p>\n<p style=\"text-align: center\">Prof. Mauro Brasil Dias Tofanelli<\/p>\n<p style=\"text-align: center\">Prof. Rafael Felipe da Costa Vieira<\/p>\n<p style=\"text-align: center\">Prof. Ricardo Anselmo Malinovski<\/p>\n<p style=\"text-align: center\">Profa. Rosilani Trianoski<\/p>\n<p style=\"text-align: center\">Profa. Simone Gisele de Oliveira<\/p>\n<p style=\"text-align: center\">Prof. Vitor Afonso Hoeflich<\/p>\n<p style=\"text-align: center\">Prof. Volnei Pauletti<\/p>\n<p style=\"text-align: center\">Prof. Willian Thomaz Wendling<\/p>\n<p style=\"text-align: center\"><strong><span style=\"color: #ff0000\">COMISS\u00c3O DE EVENTOS<\/span><\/strong><\/p>\n<p style=\"text-align: center\">Profa. Juliana Sperotto Brum\u00a0 \u00a0&#8211; \u00a0Coordenadora<\/p>\n<p style=\"text-align: center\">Prof. C\u00edcero Deschamps<\/p>\n<p style=\"text-align: center\">Profa. Laila Talarico Dias Teixeira<\/p>\n<p style=\"text-align: center\">Prof. Paulo, de Tarso de Lara Pires<\/p>\n<p>&nbsp;<\/p>\n<p style=\"text-align: center\"><a href=\"http:\/\/www.prppg.ufpr.br\/pesquisa\"><strong>A Coordenadoria de Pesquisa e Desenvolvimento da Ci\u00eancia e Tecnologia &#8211; PRPPG<\/strong><\/a><br \/>\n\u00c9 respons\u00e1vel pela rela\u00e7\u00e3o externa da PRPPG com as Institui\u00e7\u00f5es de Fomento, principalmente o CNPq e Funda\u00e7\u00e3o Arauc\u00e1ria. Atende os assuntos referentes \u00e0 Legisla\u00e7\u00e3o de funcionamento (Legisla\u00e7\u00e3o e\u00a0Normas), Comit\u00eas Setoriais de Pesquisa, Programa de aux\u00edlio-passagem, Projetos de\u00a0Pesquisa da UFPR, Diret\u00f3rio Nacional de Grupos de Pesquisa do CNPq,\u00a0Programa de Apoio \u00e0 Pesquisa, Plataforma LATTES, etc.<br \/>\nCoordenadora: <strong>Prof\u00aa. Titular\u00a0 Graciela Inez Bolzon de Muniz<\/strong><br \/>\n+55 41 3360 5327 <a href=\"mailto:gbmunize@ufpr.br\">gbmunize@ufpr.br<\/a><br \/>\nMaria Ol\u00edvia Ferreira Pereira &#8211; <a href=\"mailto:olivia@ufpr.br\">olivia@ufpr.br<\/a><br \/>\nLuis Barcellos &#8211; <a href=\"mailto:luisbarcellos@ufpr.br\">luisbarcellos@ufpr.br<\/a><br \/>\n+55 41 3360 5328<br \/>\n<a href=\"mailto:prppgpesquisa@gmail.com\">prppgpesquisa@gmail.com<\/a><\/p>\n<p style=\"text-align: center\"><a href=\"http:\/\/www.prppg.ufpr.br\/ic\"><strong>A Coordenadoria de Inicia\u00e7\u00e3o Cient\u00edfica\u00a0 e Integra\u00e7\u00e3o Acad\u00eamica<\/strong><\/a><br \/>\nGerencia os editais anuais de inicia\u00e7\u00e3o cient\u00edfica, em desenvolvimento tecnol\u00f3gico e inova\u00e7\u00e3o, e de a\u00e7\u00f5es afirmativas, e\u00a0organiza anualmente o EVINCI\u00a0(Encontro de Inicia\u00e7\u00e3o Cient\u00edfica) e o EINTI (Encontro de Inicia\u00e7\u00e3o Tecnol\u00f3gica), concomitante \u00e0 Semana\u00a0 Integrada de Ensino, Pesquisa e Extens\u00e3o da UFPR.<br \/>\nCoordenadora: <strong>Prof\u00aa. Mariluci Alves Maftum Paula Hara<\/strong><br \/>\n+55 41 3360 5333 &#8211; 3360.5337<br \/>\n<a href=\"mailto:prppgpesquisa@gmail.com\">ic@gmail.com<\/a><\/p>\n<p style=\"text-align: center\"><strong>RESOLU\u00c7\u00d5ES<\/strong><br \/>\n<strong><a href=\"http:\/\/localhost\/wp-content\/uploads\/2014\/12\/Resolu\u00e7\u00e3o-de-cria\u00e7\u00e3o-dos-Comit\u00eas-Setoriais-de-Pesquisa-CEPE-68-DE-1995.pdf\">Resolu\u00e7\u00e3o de cria\u00e7\u00e3o dos Comit\u00eas Setoriais de Pesquisa &#8211; CEPE 68 DE 1995<\/a><\/strong><\/p>\n<p>&nbsp;<\/p>\n<p style=\"text-align: center\"><strong>DOCUMENTOS DO COMIT\u00ca SETORIAL DE PESQUISA<\/strong><\/p>\n<p style=\"text-align: center\"><a href=\"http:\/\/localhost\/wp-content\/uploads\/2014\/12\/Modelo-de-Parecer-para-Processos-de-Projetos-de-Pesquisa-do-SCA.doc\">Modelo de Parecer para Processos de Projetos de Pesquisa do SCA<\/a><br \/>\n<a href=\"http:\/\/localhost\/wp-content\/uploads\/2014\/12\/Projetos-de-pesquisa-SCA-analizados-pelo-Comit\u00ea-de-Pesquisa.xlsx\">Projetos de pesquisa SCA analizados pelo Comit\u00ea de Pesquisa<\/a><\/p>\n<p style=\"text-align: center\"><a href=\"http:\/\/localhost\/wp-content\/uploads\/2014\/12\/Edital-interno_pro_infra_2015_FINEP.pdf\">Edital interno_pro_infra_2015_FINEP<\/a> &#8211; PRPPG<\/p>\n","protected":false},"excerpt":{"rendered":"<p>Secretaria Geral do Comit\u00ea do SCA. Vera Lucia L\u00f6schner Telefones: (41) 3350.5620 E-mail: loschner@ufpr.br E-mail do Comit\u00ea de Pesquisa do SCA: pesquisa_ag@ufpr.br Portaria 07\/2015 &#8211; Comit\u00ea de Pesquisa e demais altera\u00e7\u00f5es Portaria 29-2015, Portaria 30-2015 e Portaria 80-2015. Membros do Comit\u00ea de Pesquisa &#8211; 2016 Normas-internas-comiss\u00e3o-de-PESQUISA-do-Comit\u00ea-de-Pesquisa-do-SCA Normas internas comiss\u00e3o de EVENTOS do Comit\u00ea de Pesquisa [&hellip;]<\/p>\n","protected":false},"author":3,"featured_media":0,"parent":0,"menu_order":0,"comment_status":"open","ping_status":"open","template":"","meta":{"footnotes":""},"class_list":["post-1098","page","type-page","status-publish","hentry"],"_links":{"self":[{"href":"https:\/\/agrarias.ufpr.br\/mvc\/wp-json\/wp\/v2\/pages\/1098","targetHints":{"allow":["GET"]}}],"collection":[{"href":"https:\/\/agrarias.ufpr.br\/mvc\/wp-json\/wp\/v2\/pages"}],"about":[{"href":"https:\/\/agrarias.ufpr.br\/mvc\/wp-json\/wp\/v2\/types\/page"}],"author":[{"embeddable":true,"href":"https:\/\/agrarias.ufpr.br\/mvc\/wp-json\/wp\/v2\/users\/3"}],"replies":[{"embeddable":true,"href":"https:\/\/agrarias.ufpr.br\/mvc\/wp-json\/wp\/v2\/comments?post=1098"}],"version-history":[{"count":0,"href":"https:\/\/agrarias.ufpr.br\/mvc\/wp-json\/wp\/v2\/pages\/1098\/revisions"}],"wp:attachment":[{"href":"https:\/\/agrarias.ufpr.br\/mvc\/wp-json\/wp\/v2\/media?parent=1098"}],"curies":[{"name":"wp","href":"https:\/\/api.w.org\/{rel}","templated":true}]}}