{"id":665,"date":"2020-07-03T02:17:32","date_gmt":"2020-07-03T02:17:32","guid":{"rendered":"https:\/\/agrarias.ufpr.br\/marzagao\/?page_id=665"},"modified":"2025-09-01T12:44:24","modified_gmt":"2025-09-01T12:44:24","slug":"oligochaetta","status":"publish","type":"page","link":"https:\/\/agrarias.ufpr.br\/marzagao\/oligochaetta\/","title":{"rendered":"Oligochaeta"},"content":{"rendered":"<p><a href=\"https:\/\/agrarias.ufpr.br\/marzagao\/oligochaetta\/macrofaunaedafica\/\" rel=\"attachment wp-att-1005\">Macrofaunaedafica<\/a><\/p>\n<p><a href=\"https:\/\/agrarias.ufpr.br\/marzagao\/oligochaetta\/minhocas-aspectos-gerais-ecologicos_doc207-1-3\/\" rel=\"attachment wp-att-711\">Minhocas aspectos gerais ecologicos_doc207<\/a><\/p>\n<p><a href=\"https:\/\/agrarias.ufpr.br\/marzagao\/wp-content\/uploads\/sites\/25\/2018\/02\/EARTWORM_BIOINDICATOR.pdf\">bioindicador<\/a><\/p>\n<p><a href=\"https:\/\/agrarias.ufpr.br\/marzagao\/wp-content\/uploads\/sites\/25\/2024\/09\/cartaz-Minhocas.pdf\">Cartaz &#8211; Minhocas\u00a0<\/a><\/p>\n\n\n<p>Macrofauna ed\u00e1fica<\/p>\n\n\n\n<p>H\u00famus<\/p>\n\n\n\n<div data-wp-interactive=\"core\/file\" class=\"wp-block-file\"><object data-wp-bind--hidden=\"!state.hasPdfPreview\" hidden class=\"wp-block-file__embed\" data=\"https:\/\/agrarias.ufpr.br\/marzagao\/wp-content\/uploads\/sites\/25\/2025\/08\/Humus-selman-waksman-2.pdf\" type=\"application\/pdf\" style=\"width:100%;height:600px\" aria-label=\"Incorporado de H\u00famus selman waksman.\"><\/object><a id=\"wp-block-file--media-5a7680bf-d9c7-457f-bf58-961222b504bb\" href=\"https:\/\/agrarias.ufpr.br\/marzagao\/wp-content\/uploads\/sites\/25\/2025\/08\/Humus-selman-waksman-2.pdf\">H\u00famus selman waksman<\/a><a href=\"https:\/\/agrarias.ufpr.br\/marzagao\/wp-content\/uploads\/sites\/25\/2025\/08\/Humus-selman-waksman-2.pdf\" class=\"wp-block-file__button wp-element-button\" download aria-describedby=\"wp-block-file--media-5a7680bf-d9c7-457f-bf58-961222b504bb\">Baixar<\/a><\/div>\n\n\n\n<div data-wp-interactive=\"core\/file\" class=\"wp-block-file\"><object data-wp-bind--hidden=\"!state.hasPdfPreview\" hidden class=\"wp-block-file__embed\" data=\"https:\/\/agrarias.ufpr.br\/marzagao\/wp-content\/uploads\/sites\/25\/2025\/08\/Plano-de-negocio-criacao-de-minhoca.pdf\" type=\"application\/pdf\" style=\"width:100%;height:600px\" aria-label=\"Incorporado de Plano de neg\u00f3cio cria\u00e7\u00e3o de minhoca.\"><\/object><a id=\"wp-block-file--media-ba7097f8-cd6f-44e2-8ae0-d4f40d7450f0\" href=\"https:\/\/agrarias.ufpr.br\/marzagao\/wp-content\/uploads\/sites\/25\/2025\/08\/Plano-de-negocio-criacao-de-minhoca.pdf\">Plano de neg\u00f3cio cria\u00e7\u00e3o de minhoca<\/a><a href=\"https:\/\/agrarias.ufpr.br\/marzagao\/wp-content\/uploads\/sites\/25\/2025\/08\/Plano-de-negocio-criacao-de-minhoca.pdf\" class=\"wp-block-file__button wp-element-button\" download aria-describedby=\"wp-block-file--media-ba7097f8-cd6f-44e2-8ae0-d4f40d7450f0\">Baixar<\/a><\/div>\n\n\n\n<div class=\"wp-block-file\">&lt;object class=&quot;wp-block-file__embed&quot; data=&quot;https:\/\/agrarias.ufpr.br\/marzagao\/wp-content\/uploads\/sites\/25\/2025\/08\/farinha-de-minhoca.pdf&quot; type=&quot;application\/pdf&quot; style=&quot;width:100%;height:600px&quot; aria-label=&quot;farinha de minhoca<br><\/object><a id=\"wp-block-file--media-ffa52d42-9ca1-4d62-8649-ec56f84b0c67\" href=\"https:\/\/agrarias.ufpr.br\/marzagao\/wp-content\/uploads\/sites\/25\/2025\/08\/farinha-de-minhoca.pdf\">farinha de minhoca<br><\/a><a href=\"https:\/\/agrarias.ufpr.br\/marzagao\/wp-content\/uploads\/sites\/25\/2025\/08\/farinha-de-minhoca.pdf\" class=\"wp-block-file__button wp-element-button\" download aria-describedby=\"wp-block-file--media-ffa52d42-9ca1-4d62-8649-ec56f84b0c67\">Baixar<\/a><\/div>\n\n\n\n<div data-wp-interactive=\"core\/file\" class=\"wp-block-file\"><object data-wp-bind--hidden=\"!state.hasPdfPreview\" hidden class=\"wp-block-file__embed\" data=\"https:\/\/agrarias.ufpr.br\/marzagao\/wp-content\/uploads\/sites\/25\/2025\/08\/estudo-com-humus.pdf\" type=\"application\/pdf\" style=\"width:100%;height:600px\" aria-label=\"Incorporado de H\u00famus.\"><\/object><a id=\"wp-block-file--media-24b941be-88ea-4ead-a750-7ad3fb996813\" href=\"https:\/\/agrarias.ufpr.br\/marzagao\/wp-content\/uploads\/sites\/25\/2025\/08\/estudo-com-humus.pdf\">H\u00famus<\/a><a href=\"https:\/\/agrarias.ufpr.br\/marzagao\/wp-content\/uploads\/sites\/25\/2025\/08\/estudo-com-humus.pdf\" class=\"wp-block-file__button wp-element-button\" download aria-describedby=\"wp-block-file--media-24b941be-88ea-4ead-a750-7ad3fb996813\">Baixar<\/a><\/div>\n\n\n\n<div data-wp-interactive=\"core\/file\" class=\"wp-block-file\"><object data-wp-bind--hidden=\"!state.hasPdfPreview\" hidden class=\"wp-block-file__embed\" data=\"https:\/\/agrarias.ufpr.br\/marzagao\/wp-content\/uploads\/sites\/25\/2025\/08\/Ficha-de-monitoramento-da-criacao-de-minhocas-1.pdf\" type=\"application\/pdf\" style=\"width:100%;height:600px\" aria-label=\"Incorporado de Ficha de monitoramento da cria\u00e7\u00e3o de minhocas (1).\"><\/object><a id=\"wp-block-file--media-9a282708-2084-41d7-92fb-cc490bfed1c6\" href=\"https:\/\/agrarias.ufpr.br\/marzagao\/wp-content\/uploads\/sites\/25\/2025\/08\/Ficha-de-monitoramento-da-criacao-de-minhocas-1.pdf\">Ficha de monitoramento da cria\u00e7\u00e3o de minhocas (1)<\/a><a href=\"https:\/\/agrarias.ufpr.br\/marzagao\/wp-content\/uploads\/sites\/25\/2025\/08\/Ficha-de-monitoramento-da-criacao-de-minhocas-1.pdf\" class=\"wp-block-file__button wp-element-button\" download aria-describedby=\"wp-block-file--media-9a282708-2084-41d7-92fb-cc490bfed1c6\">Baixar<\/a><\/div>\n\n\n\n<p><a href=\"https:\/\/agrarias.ufpr.br\/marzagao\/wp-content\/uploads\/sites\/25\/2025\/08\/Filo_Annelida_Geral.pdf\">artigo<\/a><\/p>\n\n\n\n<div data-wp-interactive=\"core\/file\" class=\"wp-block-file\"><object data-wp-bind--hidden=\"!state.hasPdfPreview\" hidden class=\"wp-block-file__embed\" data=\"https:\/\/agrarias.ufpr.br\/marzagao\/wp-content\/uploads\/sites\/25\/2022\/06\/Apostila-SENAR-Compostagem.pdf\" type=\"application\/pdf\" style=\"width:100%;height:600px\" aria-label=\"Incorporado de Apostila-SENAR-Compostagem.\"><\/object><a id=\"wp-block-file--media-4e27d38c-bdc1-4a8c-8c60-c539368a35cb\" href=\"https:\/\/agrarias.ufpr.br\/marzagao\/wp-content\/uploads\/sites\/25\/2022\/06\/Apostila-SENAR-Compostagem.pdf\">Apostila-SENAR-Compostagem<\/a><a href=\"https:\/\/agrarias.ufpr.br\/marzagao\/wp-content\/uploads\/sites\/25\/2022\/06\/Apostila-SENAR-Compostagem.pdf\" class=\"wp-block-file__button wp-element-button\" download aria-describedby=\"wp-block-file--media-4e27d38c-bdc1-4a8c-8c60-c539368a35cb\">Baixar<\/a><\/div>\n","protected":false},"excerpt":{"rendered":"<p>Macrofaunaedafica Minhocas aspectos gerais ecologicos_doc207 bioindicador Cartaz &#8211; Minhocas\u00a0 Macrofauna ed\u00e1fica H\u00famus artigo<\/p>\n","protected":false},"author":3,"featured_media":0,"parent":0,"menu_order":0,"comment_status":"closed","ping_status":"closed","template":"","meta":{"footnotes":""},"class_list":["post-665","page","type-page","status-publish","hentry"],"_links":{"self":[{"href":"https:\/\/agrarias.ufpr.br\/marzagao\/wp-json\/wp\/v2\/pages\/665","targetHints":{"allow":["GET"]}}],"collection":[{"href":"https:\/\/agrarias.ufpr.br\/marzagao\/wp-json\/wp\/v2\/pages"}],"about":[{"href":"https:\/\/agrarias.ufpr.br\/marzagao\/wp-json\/wp\/v2\/types\/page"}],"author":[{"embeddable":true,"href":"https:\/\/agrarias.ufpr.br\/marzagao\/wp-json\/wp\/v2\/users\/3"}],"replies":[{"embeddable":true,"href":"https:\/\/agrarias.ufpr.br\/marzagao\/wp-json\/wp\/v2\/comments?post=665"}],"version-history":[{"count":17,"href":"https:\/\/agrarias.ufpr.br\/marzagao\/wp-json\/wp\/v2\/pages\/665\/revisions"}],"predecessor-version":[{"id":1040,"href":"https:\/\/agrarias.ufpr.br\/marzagao\/wp-json\/wp\/v2\/pages\/665\/revisions\/1040"}],"wp:attachment":[{"href":"https:\/\/agrarias.ufpr.br\/marzagao\/wp-json\/wp\/v2\/media?parent=665"}],"curies":[{"name":"wp","href":"https:\/\/api.w.org\/{rel}","templated":true}]}}