{"id":5498,"date":"2017-10-26T13:23:33","date_gmt":"2017-10-26T13:23:33","guid":{"rendered":"https:\/\/agrarias.ufpr.br\/linave\/?page_id=5498"},"modified":"2026-03-24T09:59:51","modified_gmt":"2026-03-24T12:59:51","slug":"equipe","status":"publish","type":"page","link":"https:\/\/agrarias.ufpr.br\/litez\/equipe\/","title":{"rendered":"Equipe"},"content":{"rendered":"\n<div class=\"wp-block-columns is-layout-flex wp-container-core-columns-is-layout-9d6595d7 wp-block-columns-is-layout-flex\">\n<div class=\"wp-block-column is-layout-flow wp-block-column-is-layout-flow\" style=\"flex-basis:33.33%\">\n<figure class=\"wp-block-image size-full is-resized\"><img loading=\"lazy\" decoding=\"async\" width=\"466\" height=\"622\" src=\"https:\/\/agrarias.ufpr.br\/litez\/wp-content\/uploads\/sites\/35\/2024\/11\/Professor-1.png\" alt=\"\" class=\"wp-image-6111\" style=\"width:235px;height:auto\" srcset=\"https:\/\/agrarias.ufpr.br\/litez\/wp-content\/uploads\/sites\/35\/2024\/11\/Professor-1.png 466w, https:\/\/agrarias.ufpr.br\/litez\/wp-content\/uploads\/sites\/35\/2024\/11\/Professor-1-225x300.png 225w, https:\/\/agrarias.ufpr.br\/litez\/wp-content\/uploads\/sites\/35\/2024\/11\/Professor-1-250x334.png 250w, https:\/\/agrarias.ufpr.br\/litez\/wp-content\/uploads\/sites\/35\/2024\/11\/Professor-1-90x120.png 90w, https:\/\/agrarias.ufpr.br\/litez\/wp-content\/uploads\/sites\/35\/2024\/11\/Professor-1-200x267.png 200w\" sizes=\"auto, (max-width: 466px) 100vw, 466px\" \/><\/figure>\n<\/div>\n\n\n\n<div class=\"wp-block-column is-layout-flow wp-block-column-is-layout-flow\" style=\"flex-basis:66.66%\">\n<h2 class=\"wp-block-heading\">Dr. Marcos Martinez do Vale<\/h2>\n\n\n\n<p><strong>Coordenador do LITEZ<\/strong><\/p>\n\n\n\n<p class=\"has-text-align-left\">Formado&nbsp;em Zootecnia na Universidade Estadual Paulista J\u00falio de Mesquita Filho &#8211; UNESP. Mestrado na Universidade de S\u00e3o Paulo &#8211; USP, Brasil no Brasil. Doutorado na Universidade Estadual de Campinas &#8211; UNICAMP, Brasil. Atualmente sou professor do Departamento de Zootecnia da Universidade Federal do Paran\u00e1 &#8211; UFPR, Brasil. Meu foco \u00e9 desenvolver pesquisas com biometeorologia aplicada \u00e0 mitiga\u00e7\u00e3o do estresse t\u00e9rmico, utilizando ferramentas de intelig\u00eancia artificial como minera\u00e7\u00e3o de dados e l\u00f3gica Fuzzy.<\/p>\n\n\n\n<p><a href=\"http:\/\/lattes.cnpq.br\/5028362636820102\" target=\"_blank\" rel=\"noreferrer noopener\">Curr\u00edculo Lattes<\/a><\/p>\n\n\n\n<p><strong><a href=\"https:\/\/agrarias.ufpr.br\/litez\/dr-vale-personal-page\/\" title=\"\">Personal Page<\/a><\/strong><\/p>\n\n\n\n<p><strong>ORCID<\/strong>: <a href=\"https:\/\/orcid.org\/0000-0002-3010-6602\" target=\"_blank\" rel=\"noreferrer noopener\">0000-0002-3010-6602<\/a><\/p>\n\n\n\n<p><strong>E-mail:<\/strong>&nbsp;marcos.vale@ufpr.br<\/p>\n<\/div>\n<\/div>\n\n\n\n<h2 class=\"wp-block-heading\">Alunos de P\u00f3s-Gradua\u00e7\u00e3o<\/h2>\n\n\n\n<div class=\"wp-block-media-text is-stacked-on-mobile\" style=\"grid-template-columns:27% auto\"><figure class=\"wp-block-media-text__media\"><img loading=\"lazy\" decoding=\"async\" width=\"768\" height=\"1024\" src=\"https:\/\/agrarias.ufpr.br\/litez\/wp-content\/uploads\/sites\/35\/2024\/11\/Jana11-768x1024.png\" alt=\"\" class=\"wp-image-6097 size-full\" srcset=\"https:\/\/agrarias.ufpr.br\/litez\/wp-content\/uploads\/sites\/35\/2024\/11\/Jana11-768x1025.png 768w, https:\/\/agrarias.ufpr.br\/litez\/wp-content\/uploads\/sites\/35\/2024\/11\/Jana11-225x300.png 225w, https:\/\/agrarias.ufpr.br\/litez\/wp-content\/uploads\/sites\/35\/2024\/11\/Jana11-250x334.png 250w, https:\/\/agrarias.ufpr.br\/litez\/wp-content\/uploads\/sites\/35\/2024\/11\/Jana11-90x120.png 90w, https:\/\/agrarias.ufpr.br\/litez\/wp-content\/uploads\/sites\/35\/2024\/11\/Jana11-200x267.png 200w, https:\/\/agrarias.ufpr.br\/litez\/wp-content\/uploads\/sites\/35\/2024\/11\/Jana11.png 853w\" sizes=\"auto, (max-width: 768px) 100vw, 768px\" \/><\/figure><div class=\"wp-block-media-text__content\">\n<p><strong>Msc. Jana\u00edna de Paula de Oliveira<\/strong><\/p>\n\n\n\n<p>Formada em Zootecnia (2009) e Medicina Veterin\u00e1ria (2022) na Universidade Federal do Paran\u00e1. Mestrado em Fisiologia animal na UFPR. Atualmente \u00e9 doutoranda do Programa de P\u00f3s-Gradua\u00e7\u00e3o em Zootecnia na UFPR.<\/p>\n\n\n\n<p><a href=\"http:\/\/lattes.cnpq.br\/2083728611136808\" title=\"\">Curr\u00edculo Lattes<\/a><\/p>\n\n\n\n<p><strong>ORCID:<\/strong> <a href=\"https:\/\/orcid.org\/0000-0002-4511-9975\" title=\"\">0000-0002-4511-9975<\/a><\/p>\n\n\n\n<p><strong>E-mail:<\/strong> janaina.paula@ufpr.br<\/p>\n<\/div><\/div>\n\n\n\n<p><\/p>\n\n\n\n<h2 class=\"wp-block-heading\">Alunos de Gradua\u00e7\u00e3o<\/h2>\n\n\n\n<div class=\"wp-block-media-text is-stacked-on-mobile\" style=\"grid-template-columns:27% auto\"><figure class=\"wp-block-media-text__media\"><img loading=\"lazy\" decoding=\"async\" width=\"641\" height=\"855\" src=\"https:\/\/agrarias.ufpr.br\/litez\/wp-content\/uploads\/sites\/35\/2024\/11\/Eduarda11.png\" alt=\"\" class=\"wp-image-6098 size-full\" srcset=\"https:\/\/agrarias.ufpr.br\/litez\/wp-content\/uploads\/sites\/35\/2024\/11\/Eduarda11.png 641w, https:\/\/agrarias.ufpr.br\/litez\/wp-content\/uploads\/sites\/35\/2024\/11\/Eduarda11-225x300.png 225w, https:\/\/agrarias.ufpr.br\/litez\/wp-content\/uploads\/sites\/35\/2024\/11\/Eduarda11-250x333.png 250w, https:\/\/agrarias.ufpr.br\/litez\/wp-content\/uploads\/sites\/35\/2024\/11\/Eduarda11-90x120.png 90w, https:\/\/agrarias.ufpr.br\/litez\/wp-content\/uploads\/sites\/35\/2024\/11\/Eduarda11-200x267.png 200w\" sizes=\"auto, (max-width: 641px) 100vw, 641px\" \/><\/figure><div class=\"wp-block-media-text__content\">\n<p><strong>Eduarda Fernanda da Silva<\/strong><\/p>\n\n\n\n<p>Aluna de gradua\u00e7\u00e3o em Zootecnia &#8211; 2\u00b0 per\u00edodo<\/p>\n\n\n\n<p>Bolsista de Inicia\u00e7\u00e3o Cient\u00edfica Tecnol\u00f3gica &#8211; 2024\/2025 <\/p>\n\n\n\n<p><a href=\"http:\/\/lattes.cnpq.br\/9139949315184460\" title=\"\">Curr\u00edculo Lattes <\/a><\/p>\n\n\n\n<p><strong>E-mail:<\/strong> zootecnista.eduarda@outlook.com<\/p>\n<\/div><\/div>\n\n\n\n<p><\/p>\n\n\n\n<div class=\"wp-block-media-text is-stacked-on-mobile\" style=\"grid-template-columns:27% auto\"><figure class=\"wp-block-media-text__media\"><img loading=\"lazy\" decoding=\"async\" width=\"682\" height=\"909\" src=\"https:\/\/agrarias.ufpr.br\/litez\/wp-content\/uploads\/sites\/35\/2024\/11\/WhatsApp-Image-2024-10-28-at-16.47.2311-1.png\" alt=\"\" class=\"wp-image-6099 size-full\" srcset=\"https:\/\/agrarias.ufpr.br\/litez\/wp-content\/uploads\/sites\/35\/2024\/11\/WhatsApp-Image-2024-10-28-at-16.47.2311-1.png 682w, https:\/\/agrarias.ufpr.br\/litez\/wp-content\/uploads\/sites\/35\/2024\/11\/WhatsApp-Image-2024-10-28-at-16.47.2311-1-225x300.png 225w, https:\/\/agrarias.ufpr.br\/litez\/wp-content\/uploads\/sites\/35\/2024\/11\/WhatsApp-Image-2024-10-28-at-16.47.2311-1-250x333.png 250w, https:\/\/agrarias.ufpr.br\/litez\/wp-content\/uploads\/sites\/35\/2024\/11\/WhatsApp-Image-2024-10-28-at-16.47.2311-1-90x120.png 90w, https:\/\/agrarias.ufpr.br\/litez\/wp-content\/uploads\/sites\/35\/2024\/11\/WhatsApp-Image-2024-10-28-at-16.47.2311-1-200x267.png 200w\" sizes=\"auto, (max-width: 682px) 100vw, 682px\" \/><\/figure><div class=\"wp-block-media-text__content\">\n<p><strong>Emanuelle Eugenio<\/strong><\/p>\n\n\n\n<p>Aluna de gradua\u00e7\u00e3o em Zootecnia &#8211; 7\u00b0 per\u00edodo<\/p>\n\n\n\n<p>Bolsista de Inicia\u00e7\u00e3o Cient\u00edfica PIBIC &#8211; 2024\/2025<\/p>\n\n\n\n<p><a href=\"http:\/\/lattes.cnpq.br\/1771011445458712\" title=\"\">Curr\u00edculo Lattes<\/a><\/p>\n\n\n\n<p><strong>E-mail:<\/strong> emanueleeugenio@ufpr.br<\/p>\n<\/div><\/div>\n\n\n\n<p><\/p>\n\n\n\n<div class=\"wp-block-media-text is-stacked-on-mobile\" style=\"grid-template-columns:27% auto\"><figure class=\"wp-block-media-text__media\"><img loading=\"lazy\" decoding=\"async\" width=\"767\" height=\"1024\" src=\"https:\/\/agrarias.ufpr.br\/litez\/wp-content\/uploads\/sites\/35\/2024\/11\/fabian11-767x1024.png\" alt=\"\" class=\"wp-image-6096 size-full\" srcset=\"https:\/\/agrarias.ufpr.br\/litez\/wp-content\/uploads\/sites\/35\/2024\/11\/fabian11-767x1024.png 767w, https:\/\/agrarias.ufpr.br\/litez\/wp-content\/uploads\/sites\/35\/2024\/11\/fabian11-225x300.png 225w, https:\/\/agrarias.ufpr.br\/litez\/wp-content\/uploads\/sites\/35\/2024\/11\/fabian11-768x1025.png 768w, https:\/\/agrarias.ufpr.br\/litez\/wp-content\/uploads\/sites\/35\/2024\/11\/fabian11-250x334.png 250w, https:\/\/agrarias.ufpr.br\/litez\/wp-content\/uploads\/sites\/35\/2024\/11\/fabian11-90x120.png 90w, https:\/\/agrarias.ufpr.br\/litez\/wp-content\/uploads\/sites\/35\/2024\/11\/fabian11-200x267.png 200w, https:\/\/agrarias.ufpr.br\/litez\/wp-content\/uploads\/sites\/35\/2024\/11\/fabian11.png 819w\" sizes=\"auto, (max-width: 767px) 100vw, 767px\" \/><\/figure><div class=\"wp-block-media-text__content\">\n<p><strong>Fabi\u00e1n Domingues<\/strong><\/p>\n\n\n\n<p>Aluno de gradua\u00e7\u00e3o em Medicina Veterin\u00e1ria &#8211; 7\u2070 per\u00edodo<\/p>\n\n\n\n<p>Volunt\u00e1rio de Inicia\u00e7\u00e3o Cient\u00edfica &#8211; 2024\/2025<\/p>\n\n\n\n<p><a href=\"http:\/\/lattes.cnpq.br\/0685254007387007\" title=\"\">Curr\u00edculo Lattes<\/a><\/p>\n\n\n\n<p><strong>E-mail:<\/strong> fabian@ufpr.br<\/p>\n<\/div><\/div>\n\n\n\n<p><\/p>\n\n\n\n<div class=\"wp-block-media-text is-stacked-on-mobile\" style=\"grid-template-columns:27% auto\"><figure class=\"wp-block-media-text__media\"><img loading=\"lazy\" decoding=\"async\" width=\"768\" height=\"1024\" src=\"https:\/\/agrarias.ufpr.br\/litez\/wp-content\/uploads\/sites\/35\/2024\/11\/Isa11.png\" alt=\"\" class=\"wp-image-6100 size-full\" srcset=\"https:\/\/agrarias.ufpr.br\/litez\/wp-content\/uploads\/sites\/35\/2024\/11\/Isa11.png 768w, https:\/\/agrarias.ufpr.br\/litez\/wp-content\/uploads\/sites\/35\/2024\/11\/Isa11-225x300.png 225w, https:\/\/agrarias.ufpr.br\/litez\/wp-content\/uploads\/sites\/35\/2024\/11\/Isa11-250x333.png 250w, https:\/\/agrarias.ufpr.br\/litez\/wp-content\/uploads\/sites\/35\/2024\/11\/Isa11-90x120.png 90w, https:\/\/agrarias.ufpr.br\/litez\/wp-content\/uploads\/sites\/35\/2024\/11\/Isa11-200x267.png 200w\" sizes=\"auto, (max-width: 768px) 100vw, 768px\" \/><\/figure><div class=\"wp-block-media-text__content\">\n<p><strong>Isabela Akemi Nenoki<\/strong><\/p>\n\n\n\n<p>Aluna de gradua\u00e7\u00e3o em Medicina Veterin\u00e1ria &#8211; 8\u00b0 per\u00edodo<\/p>\n\n\n\n<p>Volunt\u00e1ria de Inicia\u00e7\u00e3o Cient\u00edfica &#8211; 2024\/2025<\/p>\n\n\n\n<p><a href=\"http:\/\/lattes.cnpq.br\/0375610831947309\" title=\"\">Curr\u00edculo Lattes<\/a><\/p>\n\n\n\n<p><strong>E-mail:<\/strong> isabela.akemi.nenoki@gmail.com<\/p>\n<\/div><\/div>\n\n\n\n<p><\/p>\n\n\n\n<div class=\"wp-block-media-text is-stacked-on-mobile\" style=\"grid-template-columns:27% auto\"><figure class=\"wp-block-media-text__media\"><img loading=\"lazy\" decoding=\"async\" width=\"768\" height=\"1024\" src=\"https:\/\/agrarias.ufpr.br\/litez\/wp-content\/uploads\/sites\/35\/2024\/11\/Manu11-768x1024.png\" alt=\"\" class=\"wp-image-6101 size-full\" srcset=\"https:\/\/agrarias.ufpr.br\/litez\/wp-content\/uploads\/sites\/35\/2024\/11\/Manu11-768x1024.png 768w, https:\/\/agrarias.ufpr.br\/litez\/wp-content\/uploads\/sites\/35\/2024\/11\/Manu11-225x300.png 225w, https:\/\/agrarias.ufpr.br\/litez\/wp-content\/uploads\/sites\/35\/2024\/11\/Manu11-250x333.png 250w, https:\/\/agrarias.ufpr.br\/litez\/wp-content\/uploads\/sites\/35\/2024\/11\/Manu11-90x120.png 90w, https:\/\/agrarias.ufpr.br\/litez\/wp-content\/uploads\/sites\/35\/2024\/11\/Manu11-200x267.png 200w, https:\/\/agrarias.ufpr.br\/litez\/wp-content\/uploads\/sites\/35\/2024\/11\/Manu11.png 960w\" sizes=\"auto, (max-width: 768px) 100vw, 768px\" \/><\/figure><div class=\"wp-block-media-text__content\">\n<p><strong>Manuela Fernandes Vivan<\/strong><\/p>\n\n\n\n<p>Aluna de Medicina Veterin\u00e1ria &#8211; 5\u00b0 Per\u00edodo<\/p>\n\n\n\n<p>Volunt\u00e1ria Inicia\u00e7\u00e3o Cient\u00edfica &#8211; 2024\/2025<\/p>\n\n\n\n<p><a href=\"http:\/\/lattes.cnpq.br\/1643117990562961\" title=\"\">Curr\u00edculo Lattes<\/a><\/p>\n\n\n\n<p><strong>E-mail:<\/strong> vivanmanu@gmail.com<\/p>\n<\/div><\/div>\n\n\n\n<p><\/p>\n\n\n\n<div class=\"wp-block-media-text is-stacked-on-mobile\" style=\"grid-template-columns:27% auto\"><figure class=\"wp-block-media-text__media\"><img loading=\"lazy\" decoding=\"async\" width=\"768\" height=\"1024\" src=\"https:\/\/agrarias.ufpr.br\/litez\/wp-content\/uploads\/sites\/35\/2024\/11\/Pedro11-768x1024.png\" alt=\"\" class=\"wp-image-6102 size-full\" srcset=\"https:\/\/agrarias.ufpr.br\/litez\/wp-content\/uploads\/sites\/35\/2024\/11\/Pedro11-768x1024.png 768w, https:\/\/agrarias.ufpr.br\/litez\/wp-content\/uploads\/sites\/35\/2024\/11\/Pedro11-225x300.png 225w, https:\/\/agrarias.ufpr.br\/litez\/wp-content\/uploads\/sites\/35\/2024\/11\/Pedro11-250x333.png 250w, https:\/\/agrarias.ufpr.br\/litez\/wp-content\/uploads\/sites\/35\/2024\/11\/Pedro11-90x120.png 90w, https:\/\/agrarias.ufpr.br\/litez\/wp-content\/uploads\/sites\/35\/2024\/11\/Pedro11-200x267.png 200w, https:\/\/agrarias.ufpr.br\/litez\/wp-content\/uploads\/sites\/35\/2024\/11\/Pedro11.png 960w\" sizes=\"auto, (max-width: 768px) 100vw, 768px\" \/><\/figure><div class=\"wp-block-media-text__content\">\n<p><strong>Pedro Henrique Cordeiro dos Santos<\/strong><\/p>\n\n\n\n<p>Aluno de gradua\u00e7\u00e3o em Zootecnia &#8211; 4\u2070 per\u00edodo<\/p>\n\n\n\n<p>Volunt\u00e1rio Inicia\u00e7\u00e3o Cient\u00edfica &#8211; 2024\/2025<\/p>\n\n\n\n<p><a href=\"http:\/\/lattes.cnpq.br\/5480207962766624\" title=\"\">Curr\u00edculo Lattes<\/a><\/p>\n\n\n\n<p><strong>E-mail:<\/strong> pedrosantos1@ufpr.br<\/p>\n<\/div><\/div>\n\n\n\n<p><\/p>\n\n\n\n<div class=\"wp-block-media-text is-stacked-on-mobile\" style=\"grid-template-columns:28% auto\"><figure class=\"wp-block-media-text__media\"><img loading=\"lazy\" decoding=\"async\" width=\"768\" height=\"1024\" src=\"https:\/\/agrarias.ufpr.br\/litez\/wp-content\/uploads\/sites\/35\/2024\/11\/Victoria11-768x1024.png\" alt=\"\" class=\"wp-image-6105 size-full\" srcset=\"https:\/\/agrarias.ufpr.br\/litez\/wp-content\/uploads\/sites\/35\/2024\/11\/Victoria11-768x1025.png 768w, https:\/\/agrarias.ufpr.br\/litez\/wp-content\/uploads\/sites\/35\/2024\/11\/Victoria11-225x300.png 225w, https:\/\/agrarias.ufpr.br\/litez\/wp-content\/uploads\/sites\/35\/2024\/11\/Victoria11-250x334.png 250w, https:\/\/agrarias.ufpr.br\/litez\/wp-content\/uploads\/sites\/35\/2024\/11\/Victoria11-90x120.png 90w, https:\/\/agrarias.ufpr.br\/litez\/wp-content\/uploads\/sites\/35\/2024\/11\/Victoria11-200x267.png 200w, https:\/\/agrarias.ufpr.br\/litez\/wp-content\/uploads\/sites\/35\/2024\/11\/Victoria11.png 796w\" sizes=\"auto, (max-width: 768px) 100vw, 768px\" \/><\/figure><div class=\"wp-block-media-text__content\">\n<p><strong>Victoria Casanho de Souza<\/strong><\/p>\n\n\n\n<p>Aluna de gradua\u00e7\u00e3o em Zootecnia &#8211; 6\u00b0 Per\u00edodo<\/p>\n\n\n\n<p>Volunt\u00e1ria Inicia\u00e7\u00e3o Cient\u00edfica &#8211; 2024\/2025<\/p>\n\n\n\n<p><a href=\"http:\/\/lattes.cnpq.br\/7373829386032267\" title=\"\">Curr\u00edculo Lattes<\/a><\/p>\n\n\n\n<p><strong>E-mail:<\/strong> viccassanho@gmail.com<\/p>\n<\/div><\/div>\n\n\n\n<p><\/p>\n","protected":false},"excerpt":{"rendered":"<p>Dr. Marcos Martinez do Vale Coordenador do LITEZ Formado&nbsp;em Zootecnia na Universidade Estadual Paulista J\u00falio de Mesquita Filho &#8211; UNESP. Mestrado na Universidade de S\u00e3o Paulo &#8211; USP, Brasil no Brasil. Doutorado na Universidade Estadual de Campinas &#8211; UNICAMP, Brasil. Atualmente sou professor do Departamento de Zootecnia da Universidade Federal do Paran\u00e1 &#8211; UFPR, Brasil. [&hellip;]<\/p>\n","protected":false},"author":10259,"featured_media":0,"parent":0,"menu_order":0,"comment_status":"closed","ping_status":"closed","template":"","meta":{"footnotes":""},"class_list":["post-5498","page","type-page","status-publish","hentry"],"_links":{"self":[{"href":"https:\/\/agrarias.ufpr.br\/litez\/wp-json\/wp\/v2\/pages\/5498","targetHints":{"allow":["GET"]}}],"collection":[{"href":"https:\/\/agrarias.ufpr.br\/litez\/wp-json\/wp\/v2\/pages"}],"about":[{"href":"https:\/\/agrarias.ufpr.br\/litez\/wp-json\/wp\/v2\/types\/page"}],"author":[{"embeddable":true,"href":"https:\/\/agrarias.ufpr.br\/litez\/wp-json\/wp\/v2\/users\/10259"}],"replies":[{"embeddable":true,"href":"https:\/\/agrarias.ufpr.br\/litez\/wp-json\/wp\/v2\/comments?post=5498"}],"version-history":[{"count":88,"href":"https:\/\/agrarias.ufpr.br\/litez\/wp-json\/wp\/v2\/pages\/5498\/revisions"}],"predecessor-version":[{"id":6194,"href":"https:\/\/agrarias.ufpr.br\/litez\/wp-json\/wp\/v2\/pages\/5498\/revisions\/6194"}],"wp:attachment":[{"href":"https:\/\/agrarias.ufpr.br\/litez\/wp-json\/wp\/v2\/media?parent=5498"}],"curies":[{"name":"wp","href":"https:\/\/api.w.org\/{rel}","templated":true}]}}