{"id":5495,"date":"2017-10-26T13:22:57","date_gmt":"2017-10-26T13:22:57","guid":{"rendered":"https:\/\/agrarias.ufpr.br\/linave\/?page_id=5495"},"modified":"2024-11-01T11:45:29","modified_gmt":"2024-11-01T11:45:29","slug":"projetos","status":"publish","type":"page","link":"https:\/\/agrarias.ufpr.br\/litez\/projetos\/","title":{"rendered":"Projetos"},"content":{"rendered":"<div class=\"layout-cell layout-cell-9\">\n<div><span style=\"font-size: 14pt;color: #008000\"><strong>PESQUISA<\/strong><\/span><\/div>\n<\/div>\n<div>\n<div class=\"layout-cell layout-cell-9\">\n<div><\/div>\n<div class=\"layout-cell-pad-5\"><strong>2021<\/strong><\/div>\n<div class=\"layout-cell-pad-5\"><strong>T\u00edtulo: <\/strong><span style=\"font-size: revert\">Estudo do comportamento ingestivo de galinhas (<em>Gallus gallu<\/em>s vr. <em>domesticus<\/em>) a partir de uma esta\u00e7\u00e3o de coleta de dados.<\/span><\/div>\n<div><strong>Situa\u00e7\u00e3o:<\/strong> Em andamento;<\/div>\n<div><span style=\"font-size: revert\"><strong>Registro na UFPR<\/strong>: protocolo n\u00b0202143841<\/span><\/div>\n<\/div>\n<div class=\"layout-cell layout-cell-9\">\n<div class=\"layout-cell-pad-5\"><strong>Descri\u00e7\u00e3o: <\/strong><span style=\"font-size: revert\">Evoluir o estudo dos aspectos fisiol\u00f3gicos, anat\u00f4micos e comportamentais da galinha associado \u00e0 ingest\u00e3o de alimentos e ao impacto das condi\u00e7\u00f5es f\u00edsicas do ambiente de produ\u00e7\u00e3o utilizando recursos de zootecnia de precis\u00e3o para o registro de dados analis\u00e1veis.<\/span><strong><br \/>\n<\/strong><strong>Integrantes: <\/strong>Jana\u00edna de Paula de Oliveira &#8211; Integrante<strong>;<\/strong> Matheus Deniz &#8211; Integrante; Jo\u00e3o A. Fabro &#8211; Integrante; Marcos M. do Vale &#8211; Coordenador.<\/div>\n<\/div>\n<\/div>\n<div><\/div>\n<div class=\"layout-cell layout-cell-9\">\n<div class=\"layout-cell-pad-5\"><strong>2020<\/strong><\/div>\n<div class=\"layout-cell-pad-5\"><strong>T\u00edtulo:<\/strong> Atitudes e conhecimentos de atores envolvidos na cadeia de produ\u00e7\u00e3o animal em rela\u00e7\u00e3o aos arranjos de sistema silvipastoril<\/div>\n<div><strong>Situa\u00e7\u00e3o:<\/strong> Em andamento;<\/div>\n<\/div>\n<div class=\"layout-cell layout-cell-9\">\n<div class=\"layout-cell-pad-5\"><strong>Descri\u00e7\u00e3o:<\/strong> O objetivo deste projeto \u00e9 compreender as atitudes e conhecimentos dos t\u00e9cnicos agropecu\u00e1rios e extensionistas sobre os diferentes arranjos de sistema silvipastoril, seus benef\u00edcios para a produ\u00e7\u00e3o animal e para o ambiente pastoril, assim como suas limita\u00e7\u00f5es. <br class=\"clear\" \/><strong>Integrantes:<\/strong> Matheus Deniz &#8211; Integrante \/ Maria Jos\u00e9 H\u00f6tzel &#8211; Integrante \/ Karolini Tenffen de Sousa &#8211; Integrante \/ Jo\u00e3o Ricardo Dittrich &#8211; Coordenador.<\/div>\n<\/div>\n<div><\/div>\n<div>\n<div class=\"layout-cell layout-cell-9\">\n<div class=\"layout-cell-pad-5\"><strong>2019 <\/strong><\/div>\n<div class=\"layout-cell-pad-5\"><strong>T\u00edtulo:<\/strong> Influ\u00eancia da distribui\u00e7\u00e3o de sombra no comportamento de bovinos leiteiros em sistema agroecol\u00f3gico<\/div>\n<\/div>\n<div class=\"layout-cell layout-cell-3 text-align-right\">\n<div class=\"layout-cell-pad-5 text-align-right\"><strong>Situa\u00e7\u00e3o:<\/strong> Em andamento;<\/div>\n<\/div>\n<div class=\"layout-cell layout-cell-9\">\n<div class=\"layout-cell-pad-5\"><strong>Descri\u00e7\u00e3o:<\/strong> Os sistemas silvipastoris (SSP) destacam-se dentre os mecanismos utilizados para melhorar o ambiente de cria\u00e7\u00e3o. Estes sistemas, t\u00eam mostrado efici\u00eancia em mitigar o ambiente t\u00e9rmico das \u00e1reas pastoris, enquanto aumenta a competitividade econ\u00f4mica da produ\u00e7\u00e3o, al\u00e9m de restaurar fun\u00e7\u00f5es e servi\u00e7os ecossist\u00eamicos. No entanto, por se tratar de um sistema complexo, demanda conhecimento cient\u00edfico para que o sucesso seja alcan\u00e7ado. A ado\u00e7\u00e3o do SSP vem crescendo nos \u00faltimos anos, por\u00e9m para alcan\u00e7ar o sucesso n\u00e3o existe uma ?receita pronta?, isto depende dos objetivos do produtor. O sistema pode ser implantado com diferentes combina\u00e7\u00f5es de esp\u00e9cies arb\u00f3reas, arranjos e densidades. O SSP pode ter como principal objetivo a extra\u00e7\u00e3o de recursos madeireiros, e ser uma fonte secund\u00e1ria de renda; ou tamb\u00e9m melhorar as caracter\u00edsticas ambientais, atrav\u00e9s do aumento de biodiversidade local e fornecer abrigo aos animais de produ\u00e7\u00e3o. O objetivo deste trabalho \u00e9 avaliar a influ\u00eancia de diferentes modelos de sistema silvipastoril na distribui\u00e7\u00e3o de sombra e seus efeitos no microclima e comportamento de bovinos leiteiros em sistema agroecol\u00f3gico de cria\u00e7\u00e3o.. <br class=\"clear\" \/><strong>Integrantes:<\/strong> Karolini Tenffen de Sousa &#8211; Integrante \/ Maria Jos\u00e9 Hotzel &#8211; Integrante \/ DENIZ, M &#8211; Integrante \/ Barbara Haline Buss Baiak &#8211; Integrante \/ Jo\u00e3o Ricardo Dittrich &#8211; Coordenador \/ Marcos Martinez do Vale &#8211; Integrante \/ Deise Taborda Martins &#8211; Integrante \/ Evandro Massulo Richter &#8211; Integrante.<\/div>\n<\/div>\n<\/div>\n<div><\/div>\n<div>\n<div class=\"layout-cell layout-cell-9\">\n<div class=\"layout-cell-pad-5\"><strong>2018 &#8211; 2022<\/strong><\/div>\n<div class=\"layout-cell-pad-5\"><strong>T\u00edtulo:<\/strong> Respostas fisiol\u00f3gicas e comportamentais de vacas leiteiras em sistema agroecol\u00f3gico de cria\u00e7\u00e3o<\/div>\n<\/div>\n<div class=\"layout-cell layout-cell-9\">\n<div><strong>Situa\u00e7\u00e3o:<\/strong> Finalizado;<\/div>\n<div class=\"layout-cell-pad-5\"><strong>Descri\u00e7\u00e3o:<\/strong> Dentre os principais fatores de impacto econ\u00f4mico no rebanho leiteiro est\u00e3o o estresse t\u00e9rmico e a hierarquia social, comprometendo a produ\u00e7\u00e3o animal. Devido \u00e0 preocupa\u00e7\u00e3o com produtividade e bem-estar dos animais criados a pasto, o objetivo deste trabalho ser\u00e1 avaliar a interfer\u00eancia da hierarquia social no uso da sombra, com a aplica\u00e7\u00e3o de sensores nas aferi\u00e7\u00f5es de vari\u00e1veis biof\u00edsicas.<br class=\"clear\" \/><strong>Integrantes:<\/strong> Matheus Deniz &#8211; Integrante \/ Karolini Tenffen de Sousa &#8211; Integrante \/ Jo\u00e3o Ricardo Dittrich &#8211; Coordenador \/ Evandro Massulo Richter &#8211; Integrante \/ Barbara Haline Buss Baiak &#8211; Integrante \/ Marcos Martinez do Vale &#8211; Integrante \/ Jo\u00e3o Alberto Fabro &#8211; Integrante \/ Isabelle Cordova &#8211; Integrante \/ J\u00e9ssica Carvalho Seabra &#8211; Integrante.<\/div>\n<\/div>\n<\/div>\n<div><\/div>\n<div><span style=\"font-size: 14pt;color: #008000\"><strong>EXTENS\u00c3O<\/strong><\/span><\/div>\n","protected":false},"excerpt":{"rendered":"<p>PESQUISA 2021 T\u00edtulo: Estudo do comportamento ingestivo de galinhas (Gallus gallus vr. domesticus) a partir de uma esta\u00e7\u00e3o de coleta de dados. Situa\u00e7\u00e3o: Em andamento; Registro na UFPR: protocolo n\u00b0202143841 Descri\u00e7\u00e3o: Evoluir o estudo dos aspectos fisiol\u00f3gicos, anat\u00f4micos e comportamentais da galinha associado \u00e0 ingest\u00e3o de alimentos e ao impacto das condi\u00e7\u00f5es f\u00edsicas do ambiente [&hellip;]<\/p>\n","protected":false},"author":10259,"featured_media":0,"parent":0,"menu_order":0,"comment_status":"closed","ping_status":"closed","template":"","meta":{"footnotes":""},"class_list":["post-5495","page","type-page","status-publish","hentry"],"_links":{"self":[{"href":"https:\/\/agrarias.ufpr.br\/litez\/wp-json\/wp\/v2\/pages\/5495","targetHints":{"allow":["GET"]}}],"collection":[{"href":"https:\/\/agrarias.ufpr.br\/litez\/wp-json\/wp\/v2\/pages"}],"about":[{"href":"https:\/\/agrarias.ufpr.br\/litez\/wp-json\/wp\/v2\/types\/page"}],"author":[{"embeddable":true,"href":"https:\/\/agrarias.ufpr.br\/litez\/wp-json\/wp\/v2\/users\/10259"}],"replies":[{"embeddable":true,"href":"https:\/\/agrarias.ufpr.br\/litez\/wp-json\/wp\/v2\/comments?post=5495"}],"version-history":[{"count":10,"href":"https:\/\/agrarias.ufpr.br\/litez\/wp-json\/wp\/v2\/pages\/5495\/revisions"}],"predecessor-version":[{"id":6116,"href":"https:\/\/agrarias.ufpr.br\/litez\/wp-json\/wp\/v2\/pages\/5495\/revisions\/6116"}],"wp:attachment":[{"href":"https:\/\/agrarias.ufpr.br\/litez\/wp-json\/wp\/v2\/media?parent=5495"}],"curies":[{"name":"wp","href":"https:\/\/api.w.org\/{rel}","templated":true}]}}