{"id":955,"date":"2016-03-31T12:56:37","date_gmt":"2016-03-31T12:56:37","guid":{"rendered":"https:\/\/agrarias.ufpr.br\/fitotecnia\/?page_id=955"},"modified":"2021-02-19T17:26:51","modified_gmt":"2021-02-19T17:26:51","slug":"bruno-portela-brasileiro","status":"publish","type":"page","link":"https:\/\/agrarias.ufpr.br\/fitotecnia\/bruno-portela-brasileiro\/","title":{"rendered":"Bruno Portela Brasileiro"},"content":{"rendered":"<p><strong>Forma\u00e7\u00e3o Acad\u00eamica&nbsp;<\/strong><\/p>\n<p>P\u00f3s-Doutorado, UFV (2013-2016)<\/p>\n<p>Dr. em Gen\u00e9tica e Melhoramento, UFV (2013)<\/p>\n<p>M.Sc. em Recursos Gen\u00e9ticos Vegetais, UFRB (2010)<\/p>\n<p>Eng. Agr\u00f4nomo, UESB (2009)<\/p>\n<p><strong>\u00c1rea\/Sub-\u00e1rea\/Linha de pesquisa<\/strong><\/p>\n<p>Horticultura\/Experimenta\u00e7\u00e3o Agr\u00edcola\/Gen\u00e9tica Quantitativa e Infer\u00eancia Estat\u00edstica<\/p>\n<p><strong>Disciplinas Ministradas na Gradua\u00e7\u00e3o<\/strong><\/p>\n<p><a href=\"https:\/\/agrarias.ufpr.br\/fitotecnia\/experimentacao-agricola\/\">AF 046 &#8211;&nbsp;<\/a><a href=\"https:\/\/agrarias.ufpr.br\/fitotecnia\/experimentacao-agricola\/\">Experimenta\u00e7\u00e3o Agr\u00edcola<\/a><\/p>\n<p><a href=\"https:\/\/agrarias.ufpr.br\/fitotecnia\/estagio-obrigatorio-supervisionado-em-agronomia-agro-001\/\">AGRO 001 &#8211; Est\u00e1gio Obrigat\u00f3rio Supervisionado em Agronomia<\/a><\/p>\n<p><a href=\"https:\/\/agrarias.ufpr.br\/fitotecnia\/introducao-a-pesquisa-em-fitotecnia-af048\/\">AF 048 &#8211; Introdu\u00e7\u00e3o \u00e0 Pesquisa em Fitotecnia&nbsp;(orienta\u00e7\u00e3o)<\/a><\/p>\n<p class=\"Normal tm5\"><strong><span class=\"tm7\">Disciplinas Ministradas na P\u00f3s-Gradua\u00e7\u00e3o<\/span><\/strong><\/p>\n<p class=\"Normal tm5\"><a href=\"https:\/\/agrarias.ufpr.br\/pgapv\/agro-7010-estatistica-experimental\/\"><span class=\"tm8\">AGRO 7010 \u2013 Estat\u00edstica Experimental<\/span><\/a><\/p>\n<p><a href=\"https:\/\/agrarias.ufpr.br\/pgapv\/agro-7027-pratica-docente-i\/\">AGRO 7027 \u2013 Pr\u00e1tica Docente I<\/a><\/p>\n<p><a href=\"https:\/\/agrarias.ufpr.br\/pgapv\/agro7028-pratica-docente-ii\/\">AGRO 7028 \u2013 Pr\u00e1tica Docente II<\/a><\/p>\n<p><strong>Publica\u00e7\u00f5es<\/strong><\/p>\n<p><a href=\"http:\/\/buscatextual.cnpq.br\/buscatextual\/visualizacv.do?id=K4268257D6\"><img loading=\"lazy\" decoding=\"async\" class=\"alignnone wp-image-742\" src=\"https:\/\/agrarias.ufpr.br\/fitotecnia\/wp-content\/uploads\/sites\/26\/2016\/03\/icon_lattes.png\" alt=\"icon_lattes\" width=\"30\" height=\"29\">&nbsp;<strong>Lattes<\/strong><\/a>&nbsp; &nbsp;&nbsp;<strong><a href=\"https:\/\/www.researchgate.net\/profile\/Bruno_Brasileiro\"><img loading=\"lazy\" decoding=\"async\" class=\"size-full wp-image-1136 alignnone\" src=\"https:\/\/agrarias.ufpr.br\/fitotecnia\/wp-content\/uploads\/sites\/26\/2016\/03\/apple-touch-icon-180x180-e1459453504744.png\" alt=\"apple-touch-icon-180x180\" width=\"29\" height=\"29\"><\/a>&nbsp;<a href=\"https:\/\/www.researchgate.net\/profile\/Bruno_Brasileiro\">Research Gate&nbsp;&nbsp;<\/a><a href=\"https:\/\/orcid.org\/0000-0003-2807-7993\"><img loading=\"lazy\" decoding=\"async\" class=\"alignnone wp-image-4146\" src=\"https:\/\/agrarias.ufpr.br\/pgapven\/wp-content\/uploads\/sites\/45\/2021\/02\/unnamed.jpg\" alt=\"\" width=\"93\" height=\"37\"><\/a><\/strong><\/p>\n<p><strong>Contatos<\/strong><\/p>\n<p><img loading=\"lazy\" decoding=\"async\" class=\"wp-image-758 alignnone\" src=\"https:\/\/agrarias.ufpr.br\/fitotecnia\/wp-content\/uploads\/sites\/26\/2016\/03\/telefone.png\" alt=\"telefone\" width=\"22\" height=\"22\" srcset=\"https:\/\/agrarias.ufpr.br\/fitotecnia\/wp-content\/uploads\/sites\/26\/2016\/03\/telefone.png 200w, https:\/\/agrarias.ufpr.br\/fitotecnia\/wp-content\/uploads\/sites\/26\/2016\/03\/telefone-150x150.png 150w\" sizes=\"auto, (max-width: 22px) 100vw, 22px\" \/>+55 (41) 3350-5753<\/p>\n<p><img loading=\"lazy\" decoding=\"async\" class=\"alignnone wp-image-757\" src=\"https:\/\/agrarias.ufpr.br\/fitotecnia\/wp-content\/uploads\/sites\/26\/2016\/03\/email-small-.jpg\" alt=\"email small\" width=\"22\" height=\"22\"> brasileiro@ufpr.br<\/p>\n","protected":false},"excerpt":{"rendered":"<p>Forma\u00e7\u00e3o Acad\u00eamica&nbsp; P\u00f3s-Doutorado, UFV (2013-2016) Dr. em Gen\u00e9tica e Melhoramento, UFV (2013) M.Sc. em Recursos Gen\u00e9ticos Vegetais, UFRB (2010) Eng. Agr\u00f4nomo, UESB (2009) \u00c1rea\/Sub-\u00e1rea\/Linha de pesquisa Horticultura\/Experimenta\u00e7\u00e3o Agr\u00edcola\/Gen\u00e9tica Quantitativa e Infer\u00eancia Estat\u00edstica Disciplinas Ministradas na Gradua\u00e7\u00e3o AF 046 &#8211;&nbsp;Experimenta\u00e7\u00e3o Agr\u00edcola AGRO 001 &#8211; Est\u00e1gio Obrigat\u00f3rio Supervisionado em Agronomia AF 048 &#8211; Introdu\u00e7\u00e3o \u00e0 Pesquisa em [&hellip;]<\/p>\n","protected":false},"author":3,"featured_media":0,"parent":0,"menu_order":0,"comment_status":"closed","ping_status":"closed","template":"","meta":{"footnotes":""},"class_list":["post-955","page","type-page","status-publish","hentry"],"_links":{"self":[{"href":"https:\/\/agrarias.ufpr.br\/fitotecnia\/wp-json\/wp\/v2\/pages\/955","targetHints":{"allow":["GET"]}}],"collection":[{"href":"https:\/\/agrarias.ufpr.br\/fitotecnia\/wp-json\/wp\/v2\/pages"}],"about":[{"href":"https:\/\/agrarias.ufpr.br\/fitotecnia\/wp-json\/wp\/v2\/types\/page"}],"author":[{"embeddable":true,"href":"https:\/\/agrarias.ufpr.br\/fitotecnia\/wp-json\/wp\/v2\/users\/3"}],"replies":[{"embeddable":true,"href":"https:\/\/agrarias.ufpr.br\/fitotecnia\/wp-json\/wp\/v2\/comments?post=955"}],"version-history":[{"count":31,"href":"https:\/\/agrarias.ufpr.br\/fitotecnia\/wp-json\/wp\/v2\/pages\/955\/revisions"}],"predecessor-version":[{"id":4810,"href":"https:\/\/agrarias.ufpr.br\/fitotecnia\/wp-json\/wp\/v2\/pages\/955\/revisions\/4810"}],"wp:attachment":[{"href":"https:\/\/agrarias.ufpr.br\/fitotecnia\/wp-json\/wp\/v2\/media?parent=955"}],"curies":[{"name":"wp","href":"https:\/\/api.w.org\/{rel}","templated":true}]}}