{"id":5712,"date":"2022-09-12T18:58:25","date_gmt":"2022-09-12T18:58:25","guid":{"rendered":"https:\/\/agrarias.ufpr.br\/fitotecnia\/?page_id=5712"},"modified":"2022-09-12T18:58:26","modified_gmt":"2022-09-12T18:58:26","slug":"agroecologia-aplicada-af102","status":"publish","type":"page","link":"https:\/\/agrarias.ufpr.br\/fitotecnia\/agroecologia-aplicada-af102\/","title":{"rendered":"Agroecologia Aplicada AF102"},"content":{"rendered":"\n<p><strong>Curso<\/strong><\/p>\n\n\n\n<p>Agronomia<\/p>\n\n\n\n<p><strong>Ementa<\/strong><\/p>\n\n\n\n<p>Introdu\u00e7\u00e3o \u00e0 pr\u00e1tica agroecol\u00f3gica. Agroecologia e extens\u00e3o rural. Import\u00e2ncia da biodiversidade no agroecossistema. Territ\u00f3rio. Desenho e redesenho de sistemas e tecnologias de agropecu\u00e1ria de base agroecol\u00f3gica (Paisagem, paisagismo e o lugar do turismo). Pr\u00e1ticas de base agroecol\u00f3gicas. Epistemologia da pesquisa em Agroecologia; Seguran\u00e7a alimentar e nutricional sustent\u00e1vel;\u00a0\u00a0Economia ecol\u00f3gica; Certifica\u00e7\u00e3o de produtos org\u00e2nicos. Agrofloresta. Extens\u00e3o Universit\u00e1ria.<\/p>\n\n\n\n<p><strong>Natureza<\/strong><\/p>\n\n\n\n<p>Optativa<\/p>\n\n\n\n<p><strong>Carga hor\u00e1ria<\/strong><\/p>\n\n\n\n<p>60 horas<\/p>\n\n\n\n<p><strong>Semestre<\/strong><\/p>\n\n\n\n<p>1\u00ba e 2\u00ba<\/p>\n\n\n\n<p><strong>Dia\/Hor\u00e1rio<\/strong><\/p>\n\n\n\n<p><strong>Docentes<\/strong><\/p>\n\n\n\n<p><a href=\"https:\/\/agrarias.ufpr.br\/fitotecnia\/afonso-takao-murata\/\" target=\"_blank\" rel=\"noreferrer noopener\">Afonso Takao Murata<\/a><\/p>\n\n\n\n<p><strong>Home page<\/strong><\/p>\n\n\n\n<p><\/p>\n","protected":false},"excerpt":{"rendered":"<p>Curso Agronomia Ementa Introdu\u00e7\u00e3o \u00e0 pr\u00e1tica agroecol\u00f3gica. Agroecologia e extens\u00e3o rural. Import\u00e2ncia da biodiversidade no agroecossistema. Territ\u00f3rio. Desenho e redesenho de sistemas e tecnologias de agropecu\u00e1ria de base agroecol\u00f3gica (Paisagem, paisagismo e o lugar do turismo). Pr\u00e1ticas de base agroecol\u00f3gicas. Epistemologia da pesquisa em Agroecologia; Seguran\u00e7a alimentar e nutricional sustent\u00e1vel;\u00a0\u00a0Economia ecol\u00f3gica; Certifica\u00e7\u00e3o de produtos org\u00e2nicos. [&hellip;]<\/p>\n","protected":false},"author":10267,"featured_media":0,"parent":0,"menu_order":0,"comment_status":"closed","ping_status":"closed","template":"","meta":{"footnotes":""},"class_list":["post-5712","page","type-page","status-publish","hentry"],"_links":{"self":[{"href":"https:\/\/agrarias.ufpr.br\/fitotecnia\/wp-json\/wp\/v2\/pages\/5712","targetHints":{"allow":["GET"]}}],"collection":[{"href":"https:\/\/agrarias.ufpr.br\/fitotecnia\/wp-json\/wp\/v2\/pages"}],"about":[{"href":"https:\/\/agrarias.ufpr.br\/fitotecnia\/wp-json\/wp\/v2\/types\/page"}],"author":[{"embeddable":true,"href":"https:\/\/agrarias.ufpr.br\/fitotecnia\/wp-json\/wp\/v2\/users\/10267"}],"replies":[{"embeddable":true,"href":"https:\/\/agrarias.ufpr.br\/fitotecnia\/wp-json\/wp\/v2\/comments?post=5712"}],"version-history":[{"count":1,"href":"https:\/\/agrarias.ufpr.br\/fitotecnia\/wp-json\/wp\/v2\/pages\/5712\/revisions"}],"predecessor-version":[{"id":5713,"href":"https:\/\/agrarias.ufpr.br\/fitotecnia\/wp-json\/wp\/v2\/pages\/5712\/revisions\/5713"}],"wp:attachment":[{"href":"https:\/\/agrarias.ufpr.br\/fitotecnia\/wp-json\/wp\/v2\/media?parent=5712"}],"curies":[{"name":"wp","href":"https:\/\/api.w.org\/{rel}","templated":true}]}}

<p><strong>Curso</strong></p>



<p>Agronomia</p>



<p><strong>Ementa</strong></p>



<p>Introdução à prática agroecológica. Agroecologia e extensão rural. Importância da biodiversidade no agroecossistema. Território. Desenho e redesenho de sistemas e tecnologias de agropecuária de base agroecológica (Paisagem, paisagismo e o lugar do turismo). Práticas de base agroecológicas. Epistemologia da pesquisa em Agroecologia; Segurança alimentar e nutricional sustentável;  Economia ecológica; Certificação de produtos orgânicos. Agrofloresta. Extensão Universitária.</p>



<p><strong>Natureza</strong></p>



<p>Optativa</p>



<p><strong>Carga horária</strong></p>



<p>60 horas</p>



<p><strong>Semestre</strong></p>



<p>1º e 2º</p>



<p><strong>Dia/Horário</strong></p>



<p><strong>Docentes</strong></p>



<p><a href="https://agrarias.ufpr.br/fitotecnia/afonso-takao-murata/" target="_blank" rel="noreferrer noopener">Afonso Takao Murata</a></p>



<p><strong>Home page</strong></p>



<p></p>

<p>Curso Agronomia Ementa Introdução à prática agroecológica. Agroecologia e extensão rural. Importância da biodiversidade no agroecossistema. Território. Desenho e redesenho de sistemas e tecnologias de agropecuária de base agroecológica (Paisagem, paisagismo e o lugar do turismo). Práticas de base agroecológicas. Epistemologia da pesquisa em Agroecologia; Segurança alimentar e nutricional sustentável;  Economia ecológica; Certificação de produtos orgânicos. [&hellip;]</p>
