{"id":5709,"date":"2022-09-12T18:48:38","date_gmt":"2022-09-12T18:48:38","guid":{"rendered":"https:\/\/agrarias.ufpr.br\/fitotecnia\/?page_id=5709"},"modified":"2022-09-12T18:49:13","modified_gmt":"2022-09-12T18:49:13","slug":"agroecologia-af098","status":"publish","type":"page","link":"https:\/\/agrarias.ufpr.br\/fitotecnia\/agroecologia-af098\/","title":{"rendered":"Agroecologia AF098"},"content":{"rendered":"\n<p><strong>Curso<\/strong><\/p>\n\n\n\n<p>Agronomia<\/p>\n\n\n\n<p><strong>Ementa<\/strong><\/p>\n\n\n\n<p>Introdu\u00e7\u00e3o. Metodologias de estudo de agroecossistemas. Agropecu\u00e1ria de base agroecol\u00f3gica. Ecopedagogia. Desenho e redesenho de sistemas e tecnologias de agropecu\u00e1ria de base agroecol\u00f3gica. Teoria da trofobiose. Manejo ecol\u00f3gico do solo, pragas, doen\u00e7as e plantas ruderais; Extens\u00e3o rural e universit\u00e1ria na agroecologia. Associativismo e comercializa\u00e7\u00e3o solid\u00e1ria. Extens\u00e3o universit\u00e1ria.<\/p>\n\n\n\n<p><strong>Natureza<\/strong><\/p>\n\n\n\n<p>Optativa<\/p>\n\n\n\n<p><strong>Carga hor\u00e1ria<\/strong><\/p>\n\n\n\n<p>60 horas<\/p>\n\n\n\n<p><strong>Semestre<\/strong><\/p>\n\n\n\n<p>1\u00ba e 2\u00ba<\/p>\n\n\n\n<p><strong>Dia\/Hor\u00e1rio<\/strong><\/p>\n\n\n\n<p><strong>Docentes<\/strong><\/p>\n\n\n\n<p><a href=\"https:\/\/agrarias.ufpr.br\/fitotecnia\/afonso-takao-murata\/\" target=\"_blank\" rel=\"noreferrer noopener\" title=\"Afonso Takao Murata\">Afonso Takao Murata<\/a><\/p>\n\n\n\n<p><\/p>\n\n\n\n<p><strong>Home page<\/strong><\/p>\n\n\n\n<p><\/p>\n","protected":false},"excerpt":{"rendered":"<p>Curso Agronomia Ementa Introdu\u00e7\u00e3o. Metodologias de estudo de agroecossistemas. Agropecu\u00e1ria de base agroecol\u00f3gica. Ecopedagogia. Desenho e redesenho de sistemas e tecnologias de agropecu\u00e1ria de base agroecol\u00f3gica. Teoria da trofobiose. Manejo ecol\u00f3gico do solo, pragas, doen\u00e7as e plantas ruderais; Extens\u00e3o rural e universit\u00e1ria na agroecologia. Associativismo e comercializa\u00e7\u00e3o solid\u00e1ria. Extens\u00e3o universit\u00e1ria. Natureza Optativa Carga hor\u00e1ria 60 [&hellip;]<\/p>\n","protected":false},"author":10267,"featured_media":0,"parent":0,"menu_order":0,"comment_status":"closed","ping_status":"closed","template":"","meta":{"footnotes":""},"class_list":["post-5709","page","type-page","status-publish","hentry"],"_links":{"self":[{"href":"https:\/\/agrarias.ufpr.br\/fitotecnia\/wp-json\/wp\/v2\/pages\/5709","targetHints":{"allow":["GET"]}}],"collection":[{"href":"https:\/\/agrarias.ufpr.br\/fitotecnia\/wp-json\/wp\/v2\/pages"}],"about":[{"href":"https:\/\/agrarias.ufpr.br\/fitotecnia\/wp-json\/wp\/v2\/types\/page"}],"author":[{"embeddable":true,"href":"https:\/\/agrarias.ufpr.br\/fitotecnia\/wp-json\/wp\/v2\/users\/10267"}],"replies":[{"embeddable":true,"href":"https:\/\/agrarias.ufpr.br\/fitotecnia\/wp-json\/wp\/v2\/comments?post=5709"}],"version-history":[{"count":1,"href":"https:\/\/agrarias.ufpr.br\/fitotecnia\/wp-json\/wp\/v2\/pages\/5709\/revisions"}],"predecessor-version":[{"id":5710,"href":"https:\/\/agrarias.ufpr.br\/fitotecnia\/wp-json\/wp\/v2\/pages\/5709\/revisions\/5710"}],"wp:attachment":[{"href":"https:\/\/agrarias.ufpr.br\/fitotecnia\/wp-json\/wp\/v2\/media?parent=5709"}],"curies":[{"name":"wp","href":"https:\/\/api.w.org\/{rel}","templated":true}]}}