{"id":56,"date":"2015-10-02T13:41:17","date_gmt":"2015-10-02T13:41:17","guid":{"rendered":"http:\/\/localhost\/agronomia\/?page_id=13"},"modified":"2015-10-02T13:41:17","modified_gmt":"2015-10-02T13:41:17","slug":"historia","status":"publish","type":"page","link":"https:\/\/agrarias.ufpr.br\/fitotecnia\/historia\/","title":{"rendered":"Hist\u00f3ria"},"content":{"rendered":"<h2 class=\"art-PostHeader\" style=\"text-align: center\">Hist\u00f3ria<\/h2>\n<div class=\"art-PostContent\">\n<div class=\"art-article\">\n<p><img decoding=\"async\" class=\" aligncenter\" src=\"http:\/\/www.loureiro.bio.br\/agronomia\/site\/sites\/default\/files\/logoantigotransp_0_0.gif\" alt=\"\" \/>A Universidade Federal do Paran\u00e1 \u00e9 a mais antiga universidade do Brasil e s\u00edmbolo de Curitiba. Fundada em 19 de dezembro de 1912 e restaurada em 1\u00ba de abril de 1946, \u00e9 autarquia de regime especial com autonomia administrativa, financeira, did\u00e1tica e disciplinar, mantida pela Uni\u00e3o Federal nos termos da Lei n\u00ba. 1.254, de 4 de dezembro de 1950.<\/p>\n<p>Envolta por uma hist\u00f3ria de muitas conquistas, a UFPR \u00e9 refer\u00eancia no ensino superior para o Estado do Paran\u00e1 e para o Brasil. S\u00edmbolo maior da cultura paranaense, a Universidade demonstra sua import\u00e2ncia e excel\u00eancia atrav\u00e9s dos cursos de gradua\u00e7\u00e3o, especializa\u00e7\u00e3o, mestrado e doutorado, al\u00e9m de suas \u00e1reas de extens\u00e3o e pesquisa.<\/p>\n<p>A responsabilidade social da universidade, enquanto institui\u00e7\u00e3o p\u00fablica, tamb\u00e9m \u00e9 valorizada em suas a\u00e7\u00f5es perante a comunidade paranaense. Al\u00e9m dos campi em Curitiba, a UFPR disp\u00f5e de outras instala\u00e7\u00f5es no interior e litoral do estado, facilitando o acesso \u00e0 educa\u00e7\u00e3o e integrando culturalmente o Estado do Paran\u00e1. A UFPR atua em todas as \u00e1reas da Classifica\u00e7\u00e3o Internacional EUROSTAT\/UNESCO\/OCDE, que s\u00e3o: Educa\u00e7\u00e3o; Humanas e Artes; Ci\u00eancias Sociais, Neg\u00f3cios e Direito; Ci\u00eancias, Matem\u00e1tica e Computa\u00e7\u00e3o; Engenharia, Produ\u00e7\u00e3o e Constru\u00e7\u00e3o, Agricultura e Veterin\u00e1ria, Sa\u00fade e Bem Estar Social; Servi\u00e7os (<a title=\"http:\/\/www.ufpr.br\/\" href=\"http:\/\/www.ufpr.br\/\">http:\/\/www.ufpr.br\/<\/a>).<\/p>\n<p><img decoding=\"async\" class=\" aligncenter\" src=\"http:\/\/www.loureiro.bio.br\/agronomia\/site\/sites\/default\/files\/DSC05531.jpg\" alt=\"\" \/>A hist\u00f3ria da Universidade Federal do Paran\u00e1 e de seu Curso de Agronomia, que iniciou as suas atividades em 1915, mais precisamente no dia 01 de fevereiro, mas oficialmente a funda\u00e7\u00e3o \u00e9 comemorada no dia 05 de abril de 1918, quando da cria\u00e7\u00e3o da Escola Agron\u00f4mica do Paran\u00e1. Em 14 de novembro de 1933 foi renomeada, sendo criado a Escola Superior de Agricultura e Veterin\u00e1ria do Paran\u00e1, que a partir de 1961 passou a ser chamada de Escola de Agronomia e Veterin\u00e1ria do Paran\u00e1 e, em 04 de janeiro de 1971, Faculdade de Agronomia e, 12 de setembro de 1973 Curso de Agronomia, data em que foi criado o Setor de Ci\u00eancias Agr\u00e1rias da Universidade Federal do Paran\u00e1.<\/p>\n<p>A trajet\u00f3ria do curso de agronomia \u00e9 marcada por grandes feitos e est\u00e1 muito ligada \u00e0 hist\u00f3ria do desenvolvimento econ\u00f4mico do Estado do Paran\u00e1. Foi a ousadia e a compet\u00eancia de seus idealizadores, motivados pela sociedade paranaense, que fizeram da UFPR a primeira Universidade do Brasil.<\/p>\n<p>Historicamente, a agricultura sempre desempenhou um papel fundamental dentro da economia paranaense, seja na gera\u00e7\u00e3o de alimentos e mat\u00e9rias-primas para alavancar as diversas cadeias produtivas, como pelos empregos, trabalho e renda que proporciona.<\/p>\n<p>A agricultura paranaense se caracteriza pelo predom\u00ednio das pequenas e meias propriedades, que nas ultimas d\u00e9cadas vem se desenvolvendo, ganhando em produ\u00e7\u00e3o e produtividade,\u00a0 com a ado\u00e7\u00e3o de m\u00e9todos e t\u00e9cnicas de boa qualidade, associado melhoria do perfil gerencial dos agricultores, onde os engenheiros agr\u00f4nomos formados pela UFPR tem tido papel preponderante. Desta forma, o setor agr\u00edcola constitui a principal atividade econ\u00f4mica do estado. Com uma agricultura diversificada e em franco desenvolvimento, o Paran\u00e1 \u00e9 o principal estado agr\u00edcola do pa\u00eds.<\/p>\n<p>Este contexto demonstra que o Curso de Agronomia da UFPR, posicionado no centro geogr\u00e1fico do MERCOSUL, \u00e9 uma institui\u00e7\u00e3o que vem se renovando e evoluindo no tempo. O curso est\u00e1 inserido em um ambiente universit\u00e1rio que garante o desenvolvimento de atividades de doc\u00eancia, pesquisa e extens\u00e3o de acordo com os objetivos institucionais. Comprometida com a regi\u00e3o e o Pa\u00eds, procura difundir a cultura universit\u00e1ria a todos que a desejem, em um ambiente de liberdade intelectual, pluralidade e compromisso social.<\/p>\n<p>Ap\u00f3s quase um s\u00e9culo de hist\u00f3ria, que completar\u00e1 em 2012, marcada por perseveran\u00e7a e resist\u00eancia, a UFPR \u00e9, al\u00e9m de s\u00edmbolo oficial de Curitiba, a maior cria\u00e7\u00e3o da cultura paranaense. Uma institui\u00e7\u00e3o fruto da aud\u00e1cia de seus criadores que se orgulha de ser a primeira do Brasil e ao mesmo tempo orgulho para todos os paranaenses.<\/p>\n<p>A hist\u00f3ria do curso de agronomia da UFPR \u00e9 recheada de detalhes e rica em conquistas. Um dos trabalhos mais importantes j\u00e1 realizados de compila\u00e7\u00e3o da mesma foi realizada pelo professor Luis Doni Filho, que publicou o livro &#8230;, dispon\u00edvel na biblioteca do Setor de Ci\u00eancias Agr\u00e1rias.<\/p>\n<\/div>\n<\/div>\n","protected":false},"excerpt":{"rendered":"<p>Hist\u00f3ria A Universidade Federal do Paran\u00e1 \u00e9 a mais antiga universidade do Brasil e s\u00edmbolo de Curitiba. Fundada em 19 de dezembro de 1912 e restaurada em 1\u00ba de abril de 1946, \u00e9 autarquia de regime especial com autonomia administrativa, financeira, did\u00e1tica e disciplinar, mantida pela Uni\u00e3o Federal nos termos da Lei n\u00ba. 1.254, de [&hellip;]<\/p>\n","protected":false},"author":3,"featured_media":0,"parent":0,"menu_order":0,"comment_status":"open","ping_status":"open","template":"","meta":{"footnotes":""},"class_list":["post-56","page","type-page","status-publish","hentry"],"_links":{"self":[{"href":"https:\/\/agrarias.ufpr.br\/fitotecnia\/wp-json\/wp\/v2\/pages\/56","targetHints":{"allow":["GET"]}}],"collection":[{"href":"https:\/\/agrarias.ufpr.br\/fitotecnia\/wp-json\/wp\/v2\/pages"}],"about":[{"href":"https:\/\/agrarias.ufpr.br\/fitotecnia\/wp-json\/wp\/v2\/types\/page"}],"author":[{"embeddable":true,"href":"https:\/\/agrarias.ufpr.br\/fitotecnia\/wp-json\/wp\/v2\/users\/3"}],"replies":[{"embeddable":true,"href":"https:\/\/agrarias.ufpr.br\/fitotecnia\/wp-json\/wp\/v2\/comments?post=56"}],"version-history":[{"count":0,"href":"https:\/\/agrarias.ufpr.br\/fitotecnia\/wp-json\/wp\/v2\/pages\/56\/revisions"}],"wp:attachment":[{"href":"https:\/\/agrarias.ufpr.br\/fitotecnia\/wp-json\/wp\/v2\/media?parent=56"}],"curies":[{"name":"wp","href":"https:\/\/api.w.org\/{rel}","templated":true}]}}