{"id":5048,"date":"2021-03-16T17:12:41","date_gmt":"2021-03-16T17:12:41","guid":{"rendered":"https:\/\/agrarias.ufpr.br\/fitotecnia\/?page_id=5048"},"modified":"2021-03-16T17:12:41","modified_gmt":"2021-03-16T17:12:41","slug":"programa-de-extensao-de-cana-de-acucar-e-derivados","status":"publish","type":"page","link":"https:\/\/agrarias.ufpr.br\/fitotecnia\/programa-de-extensao-de-cana-de-acucar-e-derivados\/","title":{"rendered":"Programa de extens\u00e3o de cana-de a\u00e7\u00facar e derivados"},"content":{"rendered":"<p><strong>Resumo<\/strong><\/p>\n<p>&nbsp;<\/p>\n<p>&nbsp;<\/p>\n<p><strong>Vig\u00eancia<\/strong><\/p>\n<p><strong>Coordenadora<\/strong><\/p>\n<p>Claudete Reisdorfer Lang<\/p>\n<p>Vice Coordenador: Bruno Portela Brasileiro<\/p>\n","protected":false},"excerpt":{"rendered":"<p>Resumo &nbsp; &nbsp; Vig\u00eancia Coordenadora Claudete Reisdorfer Lang Vice Coordenador: Bruno Portela Brasileiro<\/p>\n","protected":false},"author":10267,"featured_media":0,"parent":0,"menu_order":0,"comment_status":"closed","ping_status":"closed","template":"","meta":{"footnotes":""},"class_list":["post-5048","page","type-page","status-publish","hentry"],"_links":{"self":[{"href":"https:\/\/agrarias.ufpr.br\/fitotecnia\/wp-json\/wp\/v2\/pages\/5048","targetHints":{"allow":["GET"]}}],"collection":[{"href":"https:\/\/agrarias.ufpr.br\/fitotecnia\/wp-json\/wp\/v2\/pages"}],"about":[{"href":"https:\/\/agrarias.ufpr.br\/fitotecnia\/wp-json\/wp\/v2\/types\/page"}],"author":[{"embeddable":true,"href":"https:\/\/agrarias.ufpr.br\/fitotecnia\/wp-json\/wp\/v2\/users\/10267"}],"replies":[{"embeddable":true,"href":"https:\/\/agrarias.ufpr.br\/fitotecnia\/wp-json\/wp\/v2\/comments?post=5048"}],"version-history":[{"count":1,"href":"https:\/\/agrarias.ufpr.br\/fitotecnia\/wp-json\/wp\/v2\/pages\/5048\/revisions"}],"predecessor-version":[{"id":5049,"href":"https:\/\/agrarias.ufpr.br\/fitotecnia\/wp-json\/wp\/v2\/pages\/5048\/revisions\/5049"}],"wp:attachment":[{"href":"https:\/\/agrarias.ufpr.br\/fitotecnia\/wp-json\/wp\/v2\/media?parent=5048"}],"curies":[{"name":"wp","href":"https:\/\/api.w.org\/{rel}","templated":true}]}}