{"id":4497,"date":"2020-02-21T12:28:37","date_gmt":"2020-02-21T12:28:37","guid":{"rendered":"https:\/\/agrarias.ufpr.br\/fitotecnia\/?page_id=4497"},"modified":"2026-03-25T16:05:49","modified_gmt":"2026-03-25T19:05:49","slug":"concursos","status":"publish","type":"page","link":"https:\/\/agrarias.ufpr.br\/fitotecnia\/concursos\/","title":{"rendered":"Concursos"},"content":{"rendered":"\n<h2 class=\"wp-block-heading has-text-align-center\"><strong>Concurso p\u00fablico para a vaga do Magist\u00e9rio Superior DE: <b>\u00c1rea do conhecimento:<\/b> Fitotecnia\/Experimenta\u00e7\u00e3o Agr\u00edcola&nbsp;<\/strong><\/h2>\n\n\n\n<p><a href=\"https:\/\/agrarias.ufpr.br\/fitotecnia\/wp-content\/uploads\/sites\/26\/2026\/01\/Edital007-26.pdf\">12\/01\/2026 &#8211; EDITAL N\u00ba 07\/26\u2010PROGEPE &#8211; Edital de Abertura<\/a><\/p>\n\n\n\n<p><a href=\"https:\/\/agrarias.ufpr.br\/fitotecnia\/wp-content\/uploads\/sites\/26\/2026\/01\/Pontos-Concurso-Experimentacao-Agricola.pdf\">12\/01\/2026 &#8211; Programa de Pontos do Concurso para a \u00c1rea do conhecimento: Fitotecnia\/Experimenta\u00e7\u00e3o Agr\u00edcola<\/a><\/p>\n\n\n\n<p><a href=\"https:\/\/agrarias.ufpr.br\/fitotecnia\/wp-content\/uploads\/sites\/26\/2026\/01\/Edital-01-2026-AG.pdf\">28\/01\/2026 &#8211; EDITAL N\u00ba 01\/26 &#8211; AG &#8211; Resultado do Pedido de Isen\u00e7\u00e3o de Pagamento de Taxa de Inscri\u00e7\u00e3o<\/a><\/p>\n\n\n\n<p><a href=\"https:\/\/agrarias.ufpr.br\/fitotecnia\/wp-content\/uploads\/sites\/26\/2026\/02\/Portaria-Comissao-das-Inscricoes.pdf\">13\/02\/2026 &#8211; Portaria de Comiss\u00e3o de Homologa\u00e7\u00e3o das Inscri\u00e7\u00f5es<\/a><\/p>\n\n\n\n<p><a href=\"https:\/\/agrarias.ufpr.br\/fitotecnia\/wp-content\/uploads\/sites\/26\/2026\/02\/SEI_8590906_Edital_02_2026.pdf\">13\/02\/2026 &#8211; EDITAL N\u00ba 02\/26- Resultado&nbsp;Da&nbsp;Aprecia\u00e7\u00e3o&nbsp;Das&nbsp;Inscri\u00e7\u00f5es&nbsp;De&nbsp;Concurso&nbsp;P\u00fablico Para Docente Do Magist\u00e9rio Superior Edital N\u00ba 07\/26\u2010PROGEPE\/UFPR<\/a><\/p>\n\n\n\n<p><a href=\"https:\/\/agrarias.ufpr.br\/fitotecnia\/wp-content\/uploads\/sites\/26\/2026\/02\/Edital-03-Retificacao.pdf\">13\/02\/2026 &#8211; EDITAL N\u00ba 03\/26 &#8211; Retifica\u00e7\u00e3o do Edital N\u00ba 02\/26 de Resultado&nbsp;Da&nbsp;Aprecia\u00e7\u00e3o&nbsp;Das&nbsp;Inscri\u00e7\u00f5es&nbsp;De&nbsp;Concurso&nbsp;P\u00fablico Para Docente Do Magist\u00e9rio Superior Edital N\u00ba 07\/26\u2010PROGEPE\/UFPR<\/a><\/p>\n\n\n\n<p><a href=\"https:\/\/agrarias.ufpr.br\/fitotecnia\/wp-content\/uploads\/sites\/26\/2026\/02\/SEI_8602950_Edital_04_2026.pdf\">20\/02\/2026 &#8211; EDITAL N\u00ba 04\/26 &#8211; Resultado Da Aprecia\u00e7\u00e3o E De Pedido De Recurso \u00c0 Homologa\u00e7\u00e3o Das Inscri\u00e7\u00f5es De Concurso P\u00fablico Para Docente Do Magist\u00e9rio Superior Edital N\u00ba 07\/26\u2010PROGEPE\/UFPR<\/a><\/p>\n\n\n\n<p><a href=\"https:\/\/agrarias.ufpr.br\/fitotecnia\/wp-content\/uploads\/sites\/26\/2026\/03\/Portaria-no-16-2026.pdf\">04\/03\/2026 &#8211; PORTARIA N\u00ba 16\/26 &#8211; AG &#8211; Banca Examinadora do Concurso P\u00fablico da Carreira de Magist\u00e9rio Superior, Classe Assistente &#8211; A, N\u00edvel 1, Regime de Dedica\u00e7\u00e3o Exclusiva, \u00c1rea de Conhecimento &#8220;Fitotecnia\/Experimenta\u00e7\u00e3o Agr\u00edcola<\/a><\/p>\n\n\n\n<p><a href=\"https:\/\/agrarias.ufpr.br\/fitotecnia\/wp-content\/uploads\/sites\/26\/2026\/03\/SEI_8642873_Edital_5.pdf\">05\/03\/2026 &#8211; EDITAL N\u00b0 05\/26 Edital&nbsp;de Informa\u00e7\u00e3o Complementar das Inscri\u00e7\u00f5es de&nbsp;Concurso&nbsp;P\u00fablico para Docente do Magist\u00e9rio Superior. Edital N\u00ba 07\/26\u2010PROGEPE\/UFPR<\/a><\/p>\n\n\n\n<p><a href=\"https:\/\/agrarias.ufpr.br\/fitotecnia\/wp-content\/uploads\/sites\/26\/2026\/03\/SEI_8642879_Edital_6-1.pdf\">05\/03\/2026 &#8211; EDITAL N\u00b0 06\/26 &#8211; Local, Data e Hor\u00e1rio de Sess\u00e3o P\u00fablica de Abertura e Cronograma Inicial das Provas<\/a><\/p>\n\n\n\n<p><a href=\"https:\/\/agrarias.ufpr.br\/fitotecnia\/wp-content\/uploads\/sites\/26\/2026\/03\/Edital-07-2026.pdf\">23\/03\/2026 &#8211; EDITAL N\u00ba 07\/26 &#8211; Divulga\u00e7\u00e3o dos Pontos e Crit\u00e9rios de Avalia\u00e7\u00e3o da Prova Escrita e Did\u00e1tica<\/a><\/p>\n\n\n\n<p><a href=\"https:\/\/agrarias.ufpr.br\/fitotecnia\/wp-content\/uploads\/sites\/26\/2026\/03\/Edital-08-26-Divulgacao-dos-horarios-para-resultado-da-prova-escrita-1.pdf\">23\/03\/2026 &#8211; EDITAL N\u00ba 08\/26 &#8211; Hor\u00e1rio de divulga\u00e7\u00e3o do resultado da prova escrita<\/a><\/p>\n\n\n\n<p><a href=\"https:\/\/agrarias.ufpr.br\/fitotecnia\/wp-content\/uploads\/sites\/26\/2026\/03\/Edital-9.pdf\">23\/03\/2026 &#8211; EDITAL N\u00ba 09\/26 &#8211; Rela\u00e7\u00e3o dos candidatos n\u00e3o eliminados da prova escrita<\/a><\/p>\n\n\n\n<p><a href=\"https:\/\/agrarias.ufpr.br\/fitotecnia\/wp-content\/uploads\/sites\/26\/2026\/03\/Edital-10.pdf\">23\/03\/2026 &#8211; EDITAL N\u00ba 10\/26 &#8211; Local e hor\u00e1rio do sorteio da prova did\u00e1tica<\/a><\/p>\n\n\n\n<p><a href=\"https:\/\/agrarias.ufpr.br\/fitotecnia\/wp-content\/uploads\/sites\/26\/2026\/03\/Edital-11-26-Local-e-horario-da-prova-didatica-1.pdf\">24\/03\/2026 &#8211; EDITAL N\u00ba 11\/26 \u2013 Local e hor\u00e1rio da prova did\u00e1tica<\/a><\/p>\n\n\n\n<p><a href=\"https:\/\/agrarias.ufpr.br\/fitotecnia\/wp-content\/uploads\/sites\/26\/2026\/03\/Edital-12.pdf\">25\/03\/2026 &#8211; EDITAL N\u00ba 12\/26 &#8211; Hor\u00e1rio de divulga\u00e7\u00e3o do resultado da prova did\u00e1tica<\/a><\/p>\n\n\n\n<p><a href=\"https:\/\/agrarias.ufpr.br\/fitotecnia\/wp-content\/uploads\/sites\/26\/2026\/03\/relacao-de-candidato-nao-eliminado-e-horario-da-arguicao-de-cv.pdf\">25\/03\/2026 &#8211; EDITAL N\u00ba 13\/26 &#8211; Rela\u00e7\u00e3o do candidato n\u00e3o eliminado na prova did\u00e1tica e hor\u00e1rio para prova de argui\u00e7\u00e3o do CV e projeto<\/a><\/p>\n\n\n\n<p><a href=\"https:\/\/agrarias.ufpr.br\/fitotecnia\/wp-content\/uploads\/sites\/26\/2026\/03\/Edital-14-criterios-de-avaliacao-do-cv-e-projeto.pdf\">25\/03\/2026 &#8211; EDITAL N\u00ba 14\/26 &#8211; Crit\u00e9rios de avalia\u00e7\u00e3o para defesa do CV e projeto<\/a><\/p>\n\n\n\n<p><a href=\"https:\/\/agrarias.ufpr.br\/fitotecnia\/wp-content\/uploads\/sites\/26\/2026\/03\/edital-15-divulgacao-de-horario-para-resultado-final.pdf\">25\/03\/2026 &#8211; EDITAL N\u00ba 15\/26 &#8211; Divulga\u00e7\u00e3o de hor\u00e1rio para sess\u00e3o p\u00fablica dos resultados<\/a><\/p>\n\n\n\n<p><a href=\"https:\/\/agrarias.ufpr.br\/fitotecnia\/wp-content\/uploads\/sites\/26\/2026\/03\/16-resultado-final-do-concurso-publico.pdf\">25\/03\/2026 &#8211; EDITAL N\u00ba 16\/26 &#8211; Resultado final de concurso p\u00fablico<\/a><\/p>\n\n\n\n<div class=\"wp-block-columns is-layout-flex wp-container-core-columns-is-layout-9d6595d7 wp-block-columns-is-layout-flex\">\n<div class=\"wp-block-column is-layout-flow wp-block-column-is-layout-flow\" style=\"flex-basis:100%\"><\/div>\n<\/div>\n\n\n\n<h2 class=\"wp-block-heading has-text-align-center\"><strong>Processo Seletivo para a Contrata\u00e7\u00e3o <\/strong><strong style=\"color: revert;font-size: revert\">de Professor Substituto \u2013 Edital n\u00ba 378\/25<\/strong><\/h2>\n\n\n\n<p><a href=\"https:\/\/agrarias.ufpr.br\/fitotecnia\/wp-content\/uploads\/sites\/26\/2025\/12\/Edital_378_2025.pdf\">08\/12\/2025 &#8211; EDITAL N\u00ba 378\/2025 \u2013 Processo Seletivo Para A Contrata\u00e7\u00e3o De Professor Substituto \u2013 \u00c1rea De Conhecimento \u201cFitotecnia\/Experimenta\u00e7\u00e3o Agr\u00edcola<\/a><\/p>\n\n\n\n<p><a href=\"https:\/\/agrarias.ufpr.br\/fitotecnia\/wp-content\/uploads\/sites\/26\/2025\/12\/Pontos.pdf\">08\/12\/2025 &#8211; INFORMA\u00c7\u00d5ES COMPLEMENTARES \u2013 Programa De Pontos do Teste Seletivo<\/a><\/p>\n\n\n\n<p><a href=\"https:\/\/agrarias.ufpr.br\/fitotecnia\/wp-content\/uploads\/sites\/26\/2025\/12\/SEI_8466410_Edital_01_2025.pdf\">12\/12\/2025 &#8211; EDITAL N\u00ba 001\/2025 \u2013 Homologa\u00e7\u00e3o de Pedido de Isen\u00e7\u00e3o de Pagamento de Taxa de Inscri\u00e7\u00e3o<\/a><\/p>\n\n\n\n<p><a href=\"https:\/\/agrarias.ufpr.br\/fitotecnia\/wp-content\/uploads\/sites\/26\/2025\/12\/Edital-02-2025-Cronograma.pdf\">18\/12\/2025 &#8211; EDITAL N\u00ba 002\/2025 \u2013 Cronograma Inicial Das Etapas Do Teste Seletivo Para Professor Substituto \u2013 \u00c1rea De Fitotecnia \/ Experimenta\u00e7\u00e3o Agr\u00edcola<\/a><\/p>\n\n\n\n<p><a href=\"https:\/\/agrarias.ufpr.br\/fitotecnia\/wp-content\/uploads\/sites\/26\/2025\/12\/Edital-003-25-Homologacao-das-Inscricoes.pdf\">22\/12\/2025 &#8211; EDITAL N\u00ba 003\/2025 \u2013 Homologa\u00e7\u00e3o das Inscri\u00e7\u00f5es<\/a><\/p>\n\n\n\n<p><a href=\"https:\/\/agrarias.ufpr.br\/fitotecnia\/wp-content\/uploads\/sites\/26\/2025\/12\/Edital-04-25.pdf\">29\/12\/2025 &#8211; EDITAL N\u00ba 004\/2025 \u2013 Parecer ao Recurso apresentado pela candidata Flora Magdaline Benitez Romero.<\/a><\/p>\n\n\n\n<p><a href=\"https:\/\/agrarias.ufpr.br\/fitotecnia\/wp-content\/uploads\/sites\/26\/2025\/12\/Edital-05-25.pdf\">29\/12\/2025 &#8211; EDITAL N\u00ba 005\/2025 \u2013 Resultado da Prova de An\u00e1lise de Curr\u00edculo<\/a><\/p>\n\n\n\n<p><a href=\"https:\/\/agrarias.ufpr.br\/fitotecnia\/wp-content\/uploads\/sites\/26\/2025\/12\/Edital-06-25.pdf\">29\/12\/2025 &#8211; EDITAL N\u00ba 006\/2025 \u2013 Cronograma do sorteio dos pontos para a Prova Did\u00e1tica<\/a><\/p>\n\n\n\n<p><a href=\"https:\/\/agrarias.ufpr.br\/fitotecnia\/wp-content\/uploads\/sites\/26\/2025\/12\/Edital_07_2025.pdf\">31\/12\/2025 &#8211; EDITAL N\u00ba 007\/2025 \u2013 Parecer ao Recurso apresentado pela candidato Leonardo Balbinot<\/a><\/p>\n\n\n\n<p><a href=\"https:\/\/agrarias.ufpr.br\/fitotecnia\/wp-content\/uploads\/sites\/26\/2026\/01\/Edital-N-00-2026-Pontos-sorteados-para-a-prova-didatica.pdf\">06\/01\/2026 &#8211; EDITAL N\u00ba 008\/2026 \u2013 Pontos sorteados para a prova did\u00e1tica<\/a><\/p>\n\n\n\n<p><a href=\"https:\/\/agrarias.ufpr.br\/fitotecnia\/wp-content\/uploads\/sites\/26\/2026\/01\/Edital_09_2026-resultado-prova-didatica.pdf\">07\/01\/2026 &#8211; EDITAL N\u00ba 009\/2026 \u2013 Resultado da Prova Did\u00e1tica<\/a><\/p>\n\n\n\n<p><a href=\"https:\/\/agrarias.ufpr.br\/fitotecnia\/wp-content\/uploads\/sites\/26\/2026\/01\/Edital_10_2026-resultado-final.pdf\">07\/01\/2026 &#8211; EDITAL N\u00ba 010\/2026 \u2013 Resultado Final do Teste Seletivo<\/a><\/p>\n\n\n\n<h2 class=\"wp-block-heading has-text-align-center\"><strong>Tecnologia de Aplica\u00e7\u00e3o de <\/strong><strong style=\"color: revert;font-size: revert\">Produtos Fitossanit\u00e1rios &#8211; Edital n\u00ba 416\/24<\/strong><\/h2>\n\n\n\n<p><a href=\"https:\/\/agrarias.ufpr.br\/fitotecnia\/wp-content\/uploads\/sites\/26\/2025\/01\/1_Edital-de-abertura-Edital-No-416-24\u2010PROGEPE.pdf\">08\/01\/2024 &#8211; Edital n\u00ba 416 &#8211; PROGEPE &#8211;&nbsp; Edital de Abertura&nbsp;<\/a><\/p>\n\n\n\n<p><a href=\"https:\/\/agrarias.ufpr.br\/fitotecnia\/wp-content\/uploads\/sites\/26\/2025\/01\/2_Edital-de-abertura-publicado-no-diario-oficial-da-uniao-ED_416_24_DOU-2.pdf\">08\/01\/2024 &#8211; Edital n\u00ba 416 &#8211; Edital de Abertura Publicado no di\u00e1rio oficial da Uni\u00e3o<\/a><\/p>\n\n\n\n<p><a href=\"https:\/\/agrarias.ufpr.br\/fitotecnia\/wp-content\/uploads\/sites\/26\/2025\/01\/3_EDITAL-418_prorrogacao-periodo-de-inscricoes-1.pdf\">08\/01\/2024 &#8211; Edital n\u00ba 418 &#8211;&nbsp; Prorroga\u00e7\u00e3o Periodo das Inscri\u00e7\u00f5es<\/a><\/p>\n\n\n\n<p><a href=\"https:\/\/agrarias.ufpr.br\/fitotecnia\/wp-content\/uploads\/sites\/26\/2025\/01\/4-Norma-geral-de-concursos-UFPR-Resolucao-66a-16-cepe-concurso.pdf\">08\/01\/2024 &#8211; Norma Geral de Concursos UFPR &#8211; Resolu\u00e7\u00e3o n\u00ba 66-A\/16 &#8211; CEPE<\/a><\/p>\n\n\n\n<p><a href=\"https:\/\/agrarias.ufpr.br\/fitotecnia\/wp-content\/uploads\/sites\/26\/2025\/01\/5_-complementacao-a-norma-geral-de-concursos-ufpr-RESOLUCAO-No-31-21-CEPE.pdf\">08\/01\/2024 &#8211; Complementa\u00e7\u00e3o a Norma Geral de Concursos UFPR &#8211; Resolu\u00e7\u00e3o&nbsp; N\u00ba 31\/21-CEPE<\/a><\/p>\n\n\n\n<p><a href=\"https:\/\/agrarias.ufpr.br\/fitotecnia\/wp-content\/uploads\/sites\/26\/2025\/01\/6-Tabela-de-pontuacoes-RESOLUCAO-No-70-16-CEPE.pdf\">08\/01\/2024 &#8211; Tabela de Pontua\u00e7\u00f5es &#8211; Resolu\u00e7\u00e3o n\u00ba 70\/16-CEPE<\/a><\/p>\n\n\n\n<p><a href=\"https:\/\/agrarias.ufpr.br\/fitotecnia\/wp-content\/uploads\/sites\/26\/2025\/01\/8_Sorteio-Vagas-Destinadas-a-candidaos-negros-e-portadores-de-deficiencia.pdf\">08\/01\/2024 &#8211; Edital n\u00ba 416\/24 &#8211; PROGEPE &#8211; Sorteio de Vagas destinadas a candidatos negros e portadores de defici\u00eancia<\/a><\/p>\n\n\n\n<p><a href=\"https:\/\/agrarias.ufpr.br\/fitotecnia\/wp-content\/uploads\/sites\/26\/2025\/01\/9_PORTARIA-COMISSAO-HOMOLOGACAO.pdf\">08\/01\/2024 &#8211; Portaria n\u00ba 69\/2024 &#8211;&nbsp; Comiss\u00e3o de Homologa\u00e7\u00e3o<\/a><\/p>\n\n\n\n<p><a href=\"https:\/\/agrarias.ufpr.br\/fitotecnia\/wp-content\/uploads\/sites\/26\/2025\/01\/instrucoes-gerais.pdf\">08\/01\/2024 &#8211; Edital n\u00ba 416\/24 &#8211; Instru\u00e7\u00f5es Gerais<\/a><\/p>\n\n\n\n<p><a href=\"https:\/\/agrarias.ufpr.br\/fitotecnia\/wp-content\/uploads\/sites\/26\/2025\/01\/Lista_de_pontos_assinado.pdf\">08\/01\/2024 &#8211; Edital n\u00ba 416\/24 &#8211; Lista de Pontos<\/a><\/p>\n\n\n\n<p><a href=\"https:\/\/agrarias.ufpr.br\/fitotecnia\/wp-content\/uploads\/sites\/26\/2025\/01\/Resultado_dos_pedidos_de_isencao_da_inscricao_realizados_ao_departamento_assinado.pdf\">10\/01\/2024 &#8211; Edital n\u00ba 418\/24 &#8211; Resultado dos pedidos de isen\u00e7\u00e3o da inscri\u00e7\u00e3o<\/a><\/p>\n\n\n\n<p><a href=\"https:\/\/agrarias.ufpr.br\/fitotecnia\/wp-content\/uploads\/sites\/26\/2025\/02\/Homologacoes-Concurso-Tecnologia-de-Aplicacao.pdf\">03\/02\/2025 &#8211; Edital n\u00ba 416\/24 &#8211;&nbsp;Homologa\u00e7\u00e3o das inscri\u00e7\u00f5es realizadas<\/a><\/p>\n\n\n\n<p><a href=\"https:\/\/agrarias.ufpr.br\/fitotecnia\/wp-content\/uploads\/sites\/26\/2025\/03\/Indicacao-de-Banca-Avaliadora.pdf\">14\/02\/2025 &#8211; Indica\u00e7\u00e3o da Banca Avaliadora.<\/a><\/p>\n\n\n\n<p><a href=\"https:\/\/agrarias.ufpr.br\/fitotecnia\/wp-content\/uploads\/sites\/26\/2025\/01\/Edital_01-25_-_Sessao_de_abertura_Cronograma_Inicial_assinado_assinado.pdf\">28\/02\/2025 &#8211; EDITAL 01\/25 \u2013 Local, Data e Hor\u00e1rio de Sess\u00e3o P\u00fablica de Abertura e Cronograma <\/a><br>Inicial das Provas<\/p>\n\n\n\n<p><a href=\"https:\/\/agrarias.ufpr.br\/fitotecnia\/wp-content\/uploads\/sites\/26\/2025\/04\/Edital-02-25.pdf\">28\/04\/2025 &#8211; EDITAL 02\/25 \u2013 Divulga\u00e7\u00e3o dos Pontos e Crit\u00e9rios de Avalia\u00e7\u00e3o da Prova Escrita e <\/a><br>Did\u00e1tica.<\/p>\n\n\n\n<p><a href=\"https:\/\/agrarias.ufpr.br\/fitotecnia\/wp-content\/uploads\/sites\/26\/2025\/04\/Edital-03-25-Horario-de-divulgacao-do-Resultado-da-prova-escrita.pdf\">28\/04\/2025 &#8211; EDITAL 03\/25 \u2013 Hor\u00e1rio de divulga\u00e7\u00e3o do resultado da prova escrita<\/a><\/p>\n\n\n\n<p><a href=\"https:\/\/agrarias.ufpr.br\/fitotecnia\/wp-content\/uploads\/sites\/26\/2025\/04\/Edital-04-25.pdf\">28\/04\/2025 &#8211; EDITAL 04\/25 &#8211; Rela\u00e7\u00e3o dos Candidatos N\u00e3o Eliminados na Prova Escrita<\/a><\/p>\n\n\n\n<p><a href=\"https:\/\/agrarias.ufpr.br\/fitotecnia\/wp-content\/uploads\/sites\/26\/2025\/04\/Edital-05-25.pdf\">28\/04\/2025 &#8211; EDITAL 05\/25 &#8211; Local e Hor\u00e1rio do Sorteio da Prova Did\u00e1tica<\/a><\/p>\n\n\n\n<p><a href=\"https:\/\/agrarias.ufpr.br\/fitotecnia\/wp-content\/uploads\/sites\/26\/2025\/04\/Edital-06-25.pdf\">29\/04\/2025 &#8211; EDITAL 06\/25 &#8211; <\/a><a href=\"https:\/\/agrarias.ufpr.br\/fitotecnia\/wp-content\/uploads\/sites\/26\/2025\/04\/Edital-06-25.pdf\">Local e Hor\u00e1rio da Prova Did\u00e1tica<\/a><\/p>\n\n\n\n<p><a href=\"https:\/\/agrarias.ufpr.br\/fitotecnia\/wp-content\/uploads\/sites\/26\/2025\/04\/Edital-07-25.pdf\">30\/04\/2025 &#8211; EDITAL 07\/25 &#8211;&nbsp;<\/a><a href=\"https:\/\/agrarias.ufpr.br\/fitotecnia\/wp-content\/uploads\/sites\/26\/2025\/04\/Edital-07-25.pdf\">Hor\u00e1rio de divulga\u00e7\u00e3o do resultado da prova did\u00e1tica e hor\u00e1rio para defesa de t\u00edtulos e projetos<\/a><\/p>\n\n\n\n<p><a href=\"https:\/\/agrarias.ufpr.br\/fitotecnia\/wp-content\/uploads\/sites\/26\/2025\/04\/Edital-08-25.pdf\">30\/04\/2025 &#8211; EDITAL 08\/25<\/a> &#8211;<a href=\"https:\/\/agrarias.ufpr.br\/fitotecnia\/wp-content\/uploads\/sites\/26\/2025\/04\/Edital-08-25.pdf\"> Rela\u00e7\u00e3o Dos Candidatos N\u00e3o Eliminados Na Prova Did\u00e1tica E Hor\u00e1rio Para Prova De Argui\u00e7\u00e3o De CV E Projeto.<\/a><\/p>\n\n\n\n<p><a href=\"https:\/\/agrarias.ufpr.br\/fitotecnia\/wp-content\/uploads\/sites\/26\/2025\/04\/Edital-09-25.pdf\">30\/04\/2025 &#8211; EDITAL 09\/25 &#8211; <\/a><a href=\"https:\/\/agrarias.ufpr.br\/fitotecnia\/wp-content\/uploads\/sites\/26\/2025\/04\/Edital-09-25.pdf\"><u>Crit\u00e9rios De Avalia\u00e7\u00e3o Da Prova De Defesa Do Curriculo E Projeto De Pesquisa<\/u><\/a><\/p>\n\n\n\n<p><a href=\"https:\/\/agrarias.ufpr.br\/fitotecnia\/wp-content\/uploads\/sites\/26\/2025\/04\/Edital-10-25.pdf\">30\/04\/2025 &#8211; EDITAL 10\/25 &#8211; Resposta ao Recurso Impetrado Pela Candidata Lenita Agostinetto<\/a><\/p>\n\n\n\n<p><a href=\"https:\/\/agrarias.ufpr.br\/fitotecnia\/wp-content\/uploads\/sites\/26\/2025\/04\/Edital-11-25.pdf\">30\/04\/2025 &#8211; EDITAL 11\/25 &#8211; Hor\u00e1rios da Avalia\u00e7\u00e3o da Prova de Defesa do Curr\u00edculo e Projeto de Pesquisa<\/a><\/p>\n\n\n\n<p><a href=\"https:\/\/agrarias.ufpr.br\/fitotecnia\/wp-content\/uploads\/sites\/26\/2025\/04\/Edital-12-25.pdf\">30\/04\/2025 &#8211; EDITAL 12\/25 &#8211; Divulga\u00e7\u00e3o de Hor\u00e1rio Para Sess\u00e3o P\u00fablica de Resultados<\/a><\/p>\n\n\n\n<p><a href=\"https:\/\/agrarias.ufpr.br\/fitotecnia\/wp-content\/uploads\/sites\/26\/2025\/04\/Edital-13-25.pdf\">30\/04\/2025 &#8211; EDITAL 13\/2025 &#8211; Resultado Final de Concurso P\u00fablico<\/a><\/p>\n\n\n\n<p><a href=\"https:\/\/agrarias.ufpr.br\/fitotecnia\/wp-content\/uploads\/sites\/26\/2025\/05\/TR_202416273.pdf\">19\/05\/2025 &#8211; EDITAL 12\/2025-AG &#8211; Resposta ao Pedido de Recurso<\/a><\/p>\n\n\n\n<p><a href=\"https:\/\/agrarias.ufpr.br\/fitotecnia\/wp-content\/uploads\/sites\/26\/2025\/05\/1.-Resposta-da-banca-ao-recurso-do-candidato-ao-resultado-final-do-concurso-1.pdf\">19\/05\/2025 &#8211; Parecer da Banca Examinadora Sobre Recurso Impetrado por Vitor Carvalho Ribeiro de Ara\u00fajo<\/a><\/p>\n\n\n\n<p><a href=\"https:\/\/agrarias.ufpr.br\/fitotecnia\/wp-content\/uploads\/sites\/26\/2025\/05\/3.Edital_14-25_-_Edital_de_resultado_final_apos_periodo_recursal-1.pdf\">19\/05\/2025 &#8211; EDITAL 14\/25 &#8211; Resultado Final de Concurso P\u00fablico ap\u00f3s Per\u00edodo Recursal<\/a><\/p>\n\n\n\n<p><a href=\"https:\/\/agrarias.ufpr.br\/fitotecnia\/wp-content\/uploads\/sites\/26\/2025\/06\/SEI_7831175_Edital_15_2025_AG.pdf\">03\/06\/2025 &#8211; EDITAL 15\/2025 &#8211; Pedido de Recurso &#8211; Lenita Agostinetto<\/a><\/p>\n\n\n\n<p class=\"has-text-align-center\"><span style=\"font-family: 'arial black', sans-serif;font-size: 24pt\">&nbsp;<span style=\"font-size: 18pt\"><strong>Biotecnologia Vegetal&nbsp; &#8211; Edital 113\/20 &#8211; PROGEPE<\/strong><\/span><\/span><\/p>\n\n\n\n<p><a href=\"https:\/\/agrarias.ufpr.br\/fitotecnia\/wp-content\/uploads\/sites\/26\/2022\/03\/ata-final-compactado.pdf\">Ata Final<\/a><\/p>\n\n\n\n<p><a href=\"https:\/\/agrarias.ufpr.br\/fitotecnia\/wp-content\/uploads\/sites\/26\/2022\/03\/resultado-final.pdf\">Edital 11\/2022 &#8211; CJ &#8211; Resultado Final<\/a><\/p>\n\n\n\n<p><a href=\"https:\/\/agrarias.ufpr.br\/fitotecnia\/wp-content\/uploads\/sites\/26\/2022\/03\/Edital-10-10MARCO22_compressed-1.pdf\">Edital 10\/2022 &#8211; CJ &#8211; Sess\u00e3o P\u00fablica resultados finais<\/a><\/p>\n\n\n\n<p><a href=\"https:\/\/agrarias.ufpr.br\/fitotecnia\/wp-content\/uploads\/sites\/26\/2022\/03\/Edital-6-Escrita-9MARC\u0327O22.pdf\">Edital 09\/2022 &#8211; CJ &#8211; Resultado prova did\u00e1tica &#8211; Publicado 09.03.2022 &#8211; 20h30<\/a><\/p>\n\n\n\n<p><a href=\"https:\/\/agrarias.ufpr.br\/fitotecnia\/wp-content\/uploads\/sites\/26\/2022\/03\/edital-08.22-cj-pontos-para-prova-didatica-e-criterios-de-avaliacao.pdf\">Edital 08\/2022 &#8211; CJ &#8211; Pontos para prova did\u00e1tica e crit\u00e9rios de avalia\u00e7\u00e3o<\/a><\/p>\n\n\n\n<p><a href=\"https:\/\/agrarias.ufpr.br\/fitotecnia\/wp-content\/uploads\/sites\/26\/2022\/03\/Edital-6-Escrita.pdf\">Edital 06\/2022 &#8211; CJ &#8211; DFF\/AG &#8211; Resultado prova escrita e hor\u00e1rio para sorteio da prova did\u00e1tica&nbsp; &#8211; Publicado 07.03.2022 &#8211; 21h40<\/a><\/p>\n\n\n\n<p><a href=\"https:\/\/agrarias.ufpr.br\/fitotecnia\/wp-content\/uploads\/sites\/26\/2022\/03\/edital-04.22-cj-pontos-aprovados-para-a-prova-escrita-e-criterios-de-avaliacao.pdf\">Edital 04\/2022 &#8211; CJ &#8211; DFF\/AG &#8211; Pontos e crit\u00e9rios aprovados para prova escrita<\/a><\/p>\n\n\n\n<p><a href=\"https:\/\/agrarias.ufpr.br\/fitotecnia\/wp-content\/uploads\/sites\/26\/2022\/03\/Edital-03.22-atualizacao-curriculo.pdf\">Edital 03\/2022 &#8211;&nbsp;CJ-DFF\/AG &#8211; Atualiza\u00e7\u00e3o de Curr\u00edculo<\/a><\/p>\n\n\n\n<p><a href=\"https:\/\/agrarias.ufpr.br\/fitotecnia\/wp-content\/uploads\/sites\/26\/2022\/02\/Edital-2-crononograma.pdf\">Edital 02\/2022 -CJ-DFF\/AG &#8211; Cronograma do Concurso<\/a><\/p>\n\n\n\n<p><a href=\"https:\/\/agrarias.ufpr.br\/fitotecnia\/wp-content\/uploads\/sites\/26\/2022\/02\/Edital-1.2022-CJ-sessao-abertura.pdf\">Edital 01\/2022-CJ-DFF\/AG &#8211; Sess\u00e3o de abertura<\/a><\/p>\n\n\n\n<p><a href=\"https:\/\/agrarias.ufpr.br\/fitotecnia\/wp-content\/uploads\/sites\/26\/2022\/02\/Portaria-Banca.pdf\">Portaria 03\/2022 &#8211; Banca Examinadora do Concurso P\u00fablico<\/a><\/p>\n\n\n\n<p><a href=\"https:\/\/agrarias.ufpr.br\/fitotecnia\/wp-content\/uploads\/sites\/26\/2021\/11\/SEI_UFPR-4018238-Edital.pdf\">Edital n.\u00ba 04\/2021 &#8211; Data prov\u00e1vel para realiza\u00e7\u00e3o do concurso 07 \u00e0 11\/mar\u00e7o\/2022 &#8211; de forma presencial<\/a><\/p>\n\n\n\n<p><a href=\"https:\/\/agrarias.ufpr.br\/fitotecnia\/wp-content\/uploads\/sites\/26\/2021\/04\/postergar-concurso.pdf\">Postergado per\u00edodo de provas<\/a><\/p>\n\n\n\n<p><a href=\"https:\/\/agrarias.ufpr.br\/fitotecnia\/wp-content\/uploads\/sites\/26\/2021\/03\/Homologa\u00e7\u00e3o-inscri\u00e7\u00f5es.pdf\">Edital de homologa\u00e7\u00e3o das inscri\u00e7\u00f5es<\/a><\/p>\n\n\n\n<p><a href=\"https:\/\/agrarias.ufpr.br\/fitotecnia\/wp-content\/uploads\/sites\/26\/2021\/01\/PERGUNTAS-E-RESPOSTAS-SOBRE-O-CONCURSO-1.pdf\">Perguntas e respostas<\/a><\/p>\n\n\n\n<p><a href=\"https:\/\/agrarias.ufpr.br\/fitotecnia\/wp-content\/uploads\/sites\/26\/2021\/01\/Portaria-comiss\u00e3o-homologa\u00e7\u00e3o-inscri\u00e7\u00e3o.pdf\">Portaria &#8211; Comiss\u00e3o homologa\u00e7\u00e3o de inscri\u00e7\u00f5es<\/a><\/p>\n\n\n\n<p><a href=\"https:\/\/agrarias.ufpr.br\/fitotecnia\/wp-content\/uploads\/sites\/26\/2020\/12\/pontos-processo-seltivo-1.pdf\">Pontos do Concurso<\/a><\/p>\n\n\n\n<p><a href=\"https:\/\/agrarias.ufpr.br\/fitotecnia\/wp-content\/uploads\/sites\/26\/2021\/02\/Edital_60_21_dou.pdf\">Edital 60\/2021 &#8211; Progepe &#8211; retifica\u00e7\u00e3o<\/a><\/p>\n\n\n\n<p><a href=\"https:\/\/agrarias.ufpr.br\/fitotecnia\/wp-content\/uploads\/sites\/26\/2021\/02\/Edital_32_21_dou.pdf\">Edital 32\/2021 &#8211; Progepe &#8211; retifica\u00e7\u00e3o<\/a><\/p>\n\n\n\n<p><a href=\"https:\/\/agrarias.ufpr.br\/fitotecnia\/wp-content\/uploads\/sites\/26\/2021\/01\/Edital-012-21-retifica\u00e7\u00e3o.pdf\">Edital 012\/2021 &#8211; Progepe &#8211; retifica\u00e7\u00e3o<\/a><\/p>\n\n\n\n<p><a href=\"http:\/\/www.progepe.ufpr.br\/progepe\/concursos\/docente\/concursos_publicos\/editais\/edital113-20.pdf\">Edital 113\/2020 &#8211; Progepe<\/a><\/p>\n\n\n\n<figure class=\"wp-block-image size-full\"><img decoding=\"async\" src=\"https:\/\/agrarias.ufpr.br\/fitotecnia\/wp-content\/uploads\/sites\/26\/2026\/03\/Edital-9.pdf\" alt=\"\" class=\"wp-image-6531\" \/><\/figure>\n\n\n\n\n","protected":false},"excerpt":{"rendered":"<p>Concurso p\u00fablico para a vaga do Magist\u00e9rio Superior DE: \u00c1rea do conhecimento: Fitotecnia\/Experimenta\u00e7\u00e3o Agr\u00edcola&nbsp; 12\/01\/2026 &#8211; EDITAL N\u00ba 07\/26\u2010PROGEPE &#8211; Edital de Abertura 12\/01\/2026 &#8211; Programa de Pontos do Concurso para a \u00c1rea do conhecimento: Fitotecnia\/Experimenta\u00e7\u00e3o Agr\u00edcola 28\/01\/2026 &#8211; EDITAL N\u00ba 01\/26 &#8211; AG &#8211; Resultado do Pedido de Isen\u00e7\u00e3o de Pagamento de Taxa de [&hellip;]<\/p>\n","protected":false},"author":10267,"featured_media":0,"parent":0,"menu_order":0,"comment_status":"closed","ping_status":"closed","template":"","meta":{"footnotes":""},"class_list":["post-4497","page","type-page","status-publish","hentry"],"_links":{"self":[{"href":"https:\/\/agrarias.ufpr.br\/fitotecnia\/wp-json\/wp\/v2\/pages\/4497","targetHints":{"allow":["GET"]}}],"collection":[{"href":"https:\/\/agrarias.ufpr.br\/fitotecnia\/wp-json\/wp\/v2\/pages"}],"about":[{"href":"https:\/\/agrarias.ufpr.br\/fitotecnia\/wp-json\/wp\/v2\/types\/page"}],"author":[{"embeddable":true,"href":"https:\/\/agrarias.ufpr.br\/fitotecnia\/wp-json\/wp\/v2\/users\/10267"}],"replies":[{"embeddable":true,"href":"https:\/\/agrarias.ufpr.br\/fitotecnia\/wp-json\/wp\/v2\/comments?post=4497"}],"version-history":[{"count":139,"href":"https:\/\/agrarias.ufpr.br\/fitotecnia\/wp-json\/wp\/v2\/pages\/4497\/revisions"}],"predecessor-version":[{"id":6705,"href":"https:\/\/agrarias.ufpr.br\/fitotecnia\/wp-json\/wp\/v2\/pages\/4497\/revisions\/6705"}],"wp:attachment":[{"href":"https:\/\/agrarias.ufpr.br\/fitotecnia\/wp-json\/wp\/v2\/media?parent=4497"}],"curies":[{"name":"wp","href":"https:\/\/api.w.org\/{rel}","templated":true}]}}