{"id":3405,"date":"2016-05-24T20:50:32","date_gmt":"2016-05-24T20:50:32","guid":{"rendered":"https:\/\/agrarias.ufpr.br\/fitotecnia\/?page_id=3405"},"modified":"2016-05-24T21:00:20","modified_gmt":"2016-05-24T21:00:20","slug":"estudos-bioecologicos-e-manejo-de-grapholita-molesta-em-fruteiras-de-clima-temperado","status":"publish","type":"page","link":"https:\/\/agrarias.ufpr.br\/fitotecnia\/estudos-bioecologicos-e-manejo-de-grapholita-molesta-em-fruteiras-de-clima-temperado\/","title":{"rendered":"Estudos bioecol\u00f3gicos e manejo de Grapholita molesta em fruteiras de clima temperado"},"content":{"rendered":"<p><strong>Resumo<\/strong><\/p>\n<p style=\"text-align: justify\">O objetivo ser\u00e1 de estudar a bioecologia da Grapholita molesta em pomares de pessegueiro e macieira, determinando os hospedeiros e a sua migra\u00e7\u00e3o entre cultura, visando o controle do inseto. Estudos para o desenvolvimento de estrat\u00e9gias de controle OBJETIVOS ESPEC\u00cdFICOS 1. Desenvolver e avaliar o uso de ferom\u00f4nio no controle de G. molesta 2. Conciliar as estrat\u00e9gias de controle com ferom\u00f4nio com as outras pragas, principalmente Anastrepha fraterculus 3. Identificar os hospedeiros preferenciais de mariposa oriental durante o inverno. 4. Determinar a flutua\u00e7\u00e3o da mariposa oriental no inverno e ver\u00e3o 5. Determinar os per\u00edodos de migra\u00e7\u00e3o da G. molesta, desenvolvida no pessegueiro para macieira 6. Avaliar os est\u00e1gios fenol\u00f3gicos do pessegueiro e da macieira de maior suscetibilidade para provocar danos nos frutos. 7. Recomendar uma estrat\u00e9gia de controle adequada com menor impacto ambiental.<\/p>\n<p style=\"text-align: justify\"><strong>Coordenador<\/strong><\/p>\n<p style=\"text-align: justify\"><a href=\"https:\/\/agrarias.ufpr.br\/fitotecnia\/lino-bittencourt-monteiro\/\">Lino Bittencourt Monteiro<\/a><\/p>\n<p><strong>Colaboradores<\/strong><\/p>\n<p>Andr\u00e9 Werner (Schio) e Albino Bongiolo Neto (Fischer)<\/p>\n","protected":false},"excerpt":{"rendered":"<p>Resumo O objetivo ser\u00e1 de estudar a bioecologia da Grapholita molesta em pomares de pessegueiro e macieira, determinando os hospedeiros e a sua migra\u00e7\u00e3o entre cultura, visando o controle do inseto. Estudos para o desenvolvimento de estrat\u00e9gias de controle OBJETIVOS ESPEC\u00cdFICOS 1. Desenvolver e avaliar o uso de ferom\u00f4nio no controle de G. molesta 2. [&hellip;]<\/p>\n","protected":false},"author":10255,"featured_media":0,"parent":0,"menu_order":0,"comment_status":"closed","ping_status":"closed","template":"","meta":{"footnotes":""},"class_list":["post-3405","page","type-page","status-publish","hentry"],"_links":{"self":[{"href":"https:\/\/agrarias.ufpr.br\/fitotecnia\/wp-json\/wp\/v2\/pages\/3405","targetHints":{"allow":["GET"]}}],"collection":[{"href":"https:\/\/agrarias.ufpr.br\/fitotecnia\/wp-json\/wp\/v2\/pages"}],"about":[{"href":"https:\/\/agrarias.ufpr.br\/fitotecnia\/wp-json\/wp\/v2\/types\/page"}],"author":[{"embeddable":true,"href":"https:\/\/agrarias.ufpr.br\/fitotecnia\/wp-json\/wp\/v2\/users\/10255"}],"replies":[{"embeddable":true,"href":"https:\/\/agrarias.ufpr.br\/fitotecnia\/wp-json\/wp\/v2\/comments?post=3405"}],"version-history":[{"count":3,"href":"https:\/\/agrarias.ufpr.br\/fitotecnia\/wp-json\/wp\/v2\/pages\/3405\/revisions"}],"predecessor-version":[{"id":3420,"href":"https:\/\/agrarias.ufpr.br\/fitotecnia\/wp-json\/wp\/v2\/pages\/3405\/revisions\/3420"}],"wp:attachment":[{"href":"https:\/\/agrarias.ufpr.br\/fitotecnia\/wp-json\/wp\/v2\/media?parent=3405"}],"curies":[{"name":"wp","href":"https:\/\/api.w.org\/{rel}","templated":true}]}}