{"id":2953,"date":"2016-05-06T16:54:19","date_gmt":"2016-05-06T16:54:19","guid":{"rendered":"https:\/\/agrarias.ufpr.br\/fitotecnia\/?page_id=2953"},"modified":"2016-05-12T19:46:58","modified_gmt":"2016-05-12T19:46:58","slug":"pos-colheita-aplicada-a-horticultura-af-092","status":"publish","type":"page","link":"https:\/\/agrarias.ufpr.br\/fitotecnia\/pos-colheita-aplicada-a-horticultura-af-092\/","title":{"rendered":"P\u00f3s-colheita aplicada \u00e0 Horticultura \u2013 AF 092"},"content":{"rendered":"<p><strong>Curso<\/strong><\/p>\n<p>Agronomia<\/p>\n<p><strong>Ementa<\/strong><\/p>\n<p style=\"text-align: justify\">Comportamento p\u00f3s-colheita de frutas, hortali\u00e7as e flores. Defini\u00e7\u00e3o do ponto de colheita; Alternativas de armazenamento e beneficiamento de esp\u00e9cies hort\u00edcolas. Estudo das principais causas de perdas p\u00f3s-Colheita.<\/p>\n<p><strong>Natureza<\/strong><\/p>\n<p>Optativa<\/p>\n<p><strong>Semestre<\/strong><\/p>\n<p>1\u00ba e 2\u00ba<\/p>\n<p><strong>Carga hor\u00e1ria<\/strong><\/p>\n<p>60 horas<\/p>\n<p><strong>Dia\/Hor\u00e1rio<\/strong><\/p>\n<p><strong>Docente<\/strong><\/p>\n<p><a href=\"https:\/\/agrarias.ufpr.br\/fitotecnia\/francine-lorena-cuquel\/\">Francine Lorena Cuquel<\/a><\/p>\n","protected":false},"excerpt":{"rendered":"<p>Curso Agronomia Ementa Comportamento p\u00f3s-colheita de frutas, hortali\u00e7as e flores. Defini\u00e7\u00e3o do ponto de colheita; Alternativas de armazenamento e beneficiamento de esp\u00e9cies hort\u00edcolas. Estudo das principais causas de perdas p\u00f3s-Colheita. Natureza Optativa Semestre 1\u00ba e 2\u00ba Carga hor\u00e1ria 60 horas Dia\/Hor\u00e1rio Docente Francine Lorena Cuquel<\/p>\n","protected":false},"author":10255,"featured_media":0,"parent":0,"menu_order":0,"comment_status":"closed","ping_status":"closed","template":"","meta":{"footnotes":""},"class_list":["post-2953","page","type-page","status-publish","hentry"],"_links":{"self":[{"href":"https:\/\/agrarias.ufpr.br\/fitotecnia\/wp-json\/wp\/v2\/pages\/2953","targetHints":{"allow":["GET"]}}],"collection":[{"href":"https:\/\/agrarias.ufpr.br\/fitotecnia\/wp-json\/wp\/v2\/pages"}],"about":[{"href":"https:\/\/agrarias.ufpr.br\/fitotecnia\/wp-json\/wp\/v2\/types\/page"}],"author":[{"embeddable":true,"href":"https:\/\/agrarias.ufpr.br\/fitotecnia\/wp-json\/wp\/v2\/users\/10255"}],"replies":[{"embeddable":true,"href":"https:\/\/agrarias.ufpr.br\/fitotecnia\/wp-json\/wp\/v2\/comments?post=2953"}],"version-history":[{"count":4,"href":"https:\/\/agrarias.ufpr.br\/fitotecnia\/wp-json\/wp\/v2\/pages\/2953\/revisions"}],"predecessor-version":[{"id":3287,"href":"https:\/\/agrarias.ufpr.br\/fitotecnia\/wp-json\/wp\/v2\/pages\/2953\/revisions\/3287"}],"wp:attachment":[{"href":"https:\/\/agrarias.ufpr.br\/fitotecnia\/wp-json\/wp\/v2\/media?parent=2953"}],"curies":[{"name":"wp","href":"https:\/\/api.w.org\/{rel}","templated":true}]}}

Pós-colheita aplicada à Horticultura – AF 092

<p><strong>Curso</strong></p>
<p>Agronomia</p>
<p><strong>Ementa</strong></p>
<p style="text-align: justify">Comportamento pós-colheita de frutas, hortaliças e flores. Definição do ponto de colheita; Alternativas de armazenamento e beneficiamento de espécies hortícolas. Estudo das principais causas de perdas pós-Colheita.</p>
<p><strong>Natureza</strong></p>
<p>Optativa</p>
<p><strong>Semestre</strong></p>
<p>1º e 2º</p>
<p><strong>Carga horária</strong></p>
<p>60 horas</p>
<p><strong>Dia/Horário</strong></p>
<p><strong>Docente</strong></p>
<p><a href="https://agrarias.ufpr.br/fitotecnia/francine-lorena-cuquel/">Francine Lorena Cuquel</a></p>

<p>Curso Agronomia Ementa Comportamento pós-colheita de frutas, hortaliças e flores. Definição do ponto de colheita; Alternativas de armazenamento e beneficiamento de espécies hortícolas. Estudo das principais causas de perdas pós-Colheita. Natureza Optativa Semestre 1º e 2º Carga horária 60 horas Dia/Horário Docente Francine Lorena Cuquel</p>
