{"id":2937,"date":"2016-05-06T16:52:29","date_gmt":"2016-05-06T16:52:29","guid":{"rendered":"https:\/\/agrarias.ufpr.br\/fitotecnia\/?page_id=2937"},"modified":"2018-05-10T13:51:10","modified_gmt":"2018-05-10T13:51:10","slug":"manejo-integrado-de-pragas-af-065","status":"publish","type":"page","link":"https:\/\/agrarias.ufpr.br\/fitotecnia\/manejo-integrado-de-pragas-af-065\/","title":{"rendered":"Manejo Integrado de Pragas \u2013 AF 065"},"content":{"rendered":"<p><strong>Curso<\/strong><\/p>\n<p>Agronomia<\/p>\n<p><strong>Ementa<\/strong><\/p>\n<p style=\"text-align: justify\">Bioecologia de artr\u00f3podos no agroecossistema. Sistemas de amostragem. Estimativa de risco quantitativa e qualitativa de pragas. N\u00edvel de danos econ\u00f4micos. M\u00e9todos de controle: biol\u00f3gico, qu\u00edmico, biot\u00e9cnico e cultural. Inseticidas seletivos. Resist\u00eancia de plantas. T\u00e9cnicas de manejo integrado de pragas. Aplica\u00e7\u00e3o do manejo integrado nas principais culturas. Entomologia econ\u00f4mica.<\/p>\n<p><strong>Natureza<\/strong><\/p>\n<p>Obrigat\u00f3ria<\/p>\n<p><strong>Carga hor\u00e1ria<\/strong><\/p>\n<p>60 horas<\/p>\n<p><strong>Semestre<\/strong><\/p>\n<p>1\u00ba e 2\u00ba<\/p>\n<p><strong>Dia\/Hor\u00e1rio<\/strong><\/p>\n<p>Ter\u00e7a- feira \/ 07:30 \u2013 11:30 horas<\/p>\n<p>Quarta- feira \/ 07:30 \u2013 11:30 horas<\/p>\n<p><strong>Docente<\/strong><\/p>\n<p><a href=\"https:\/\/agrarias.ufpr.br\/fitotecnia\/lino-bittencourt-monteiro\/\">Lino Bittencourt Monteiro<\/a><\/p>\n<p><strong>Colaborador<\/strong><\/p>\n<p><a href=\"https:\/\/agrarias.ufpr.br\/fitotecnia\/afonso-takao-murata\/\">Afonso Takao Murata<\/a><\/p>\n","protected":false},"excerpt":{"rendered":"<p>Curso Agronomia Ementa Bioecologia de artr\u00f3podos no agroecossistema. Sistemas de amostragem. Estimativa de risco quantitativa e qualitativa de pragas. N\u00edvel de danos econ\u00f4micos. M\u00e9todos de controle: biol\u00f3gico, qu\u00edmico, biot\u00e9cnico e cultural. Inseticidas seletivos. Resist\u00eancia de plantas. T\u00e9cnicas de manejo integrado de pragas. Aplica\u00e7\u00e3o do manejo integrado nas principais culturas. Entomologia econ\u00f4mica. Natureza Obrigat\u00f3ria Carga hor\u00e1ria [&hellip;]<\/p>\n","protected":false},"author":10255,"featured_media":0,"parent":0,"menu_order":0,"comment_status":"closed","ping_status":"closed","template":"","meta":{"footnotes":""},"class_list":["post-2937","page","type-page","status-publish","hentry"],"_links":{"self":[{"href":"https:\/\/agrarias.ufpr.br\/fitotecnia\/wp-json\/wp\/v2\/pages\/2937","targetHints":{"allow":["GET"]}}],"collection":[{"href":"https:\/\/agrarias.ufpr.br\/fitotecnia\/wp-json\/wp\/v2\/pages"}],"about":[{"href":"https:\/\/agrarias.ufpr.br\/fitotecnia\/wp-json\/wp\/v2\/types\/page"}],"author":[{"embeddable":true,"href":"https:\/\/agrarias.ufpr.br\/fitotecnia\/wp-json\/wp\/v2\/users\/10255"}],"replies":[{"embeddable":true,"href":"https:\/\/agrarias.ufpr.br\/fitotecnia\/wp-json\/wp\/v2\/comments?post=2937"}],"version-history":[{"count":5,"href":"https:\/\/agrarias.ufpr.br\/fitotecnia\/wp-json\/wp\/v2\/pages\/2937\/revisions"}],"predecessor-version":[{"id":3686,"href":"https:\/\/agrarias.ufpr.br\/fitotecnia\/wp-json\/wp\/v2\/pages\/2937\/revisions\/3686"}],"wp:attachment":[{"href":"https:\/\/agrarias.ufpr.br\/fitotecnia\/wp-json\/wp\/v2\/media?parent=2937"}],"curies":[{"name":"wp","href":"https:\/\/api.w.org\/{rel}","templated":true}]}}

<p><strong>Curso</strong></p>
<p>Agronomia</p>
<p><strong>Ementa</strong></p>
<p style="text-align: justify">Bioecologia de artrópodos no agroecossistema. Sistemas de amostragem. Estimativa de risco quantitativa e qualitativa de pragas. Nível de danos econômicos. Métodos de controle: biológico, químico, biotécnico e cultural. Inseticidas seletivos. Resistência de plantas. Técnicas de manejo integrado de pragas. Aplicação do manejo integrado nas principais culturas. Entomologia econômica.</p>
<p><strong>Natureza</strong></p>
<p>Obrigatória</p>
<p><strong>Carga horária</strong></p>
<p>60 horas</p>
<p><strong>Semestre</strong></p>
<p>1º e 2º</p>
<p><strong>Dia/Horário</strong></p>
<p>Terça- feira / 07:30 – 11:30 horas</p>
<p>Quarta- feira / 07:30 – 11:30 horas</p>
<p><strong>Docente</strong></p>
<p><a href="https://agrarias.ufpr.br/fitotecnia/lino-bittencourt-monteiro/">Lino Bittencourt Monteiro</a></p>
<p><strong>Colaborador</strong></p>
<p><a href="https://agrarias.ufpr.br/fitotecnia/afonso-takao-murata/">Afonso Takao Murata</a></p>

<p>Curso Agronomia Ementa Bioecologia de artrópodos no agroecossistema. Sistemas de amostragem. Estimativa de risco quantitativa e qualitativa de pragas. Nível de danos econômicos. Métodos de controle: biológico, químico, biotécnico e cultural. Inseticidas seletivos. Resistência de plantas. Técnicas de manejo integrado de pragas. Aplicação do manejo integrado nas principais culturas. Entomologia econômica. Natureza Obrigatória Carga horária [&hellip;]</p>
