{"id":2935,"date":"2016-05-06T16:52:18","date_gmt":"2016-05-06T16:52:18","guid":{"rendered":"https:\/\/agrarias.ufpr.br\/fitotecnia\/?page_id=2935"},"modified":"2021-11-29T11:59:58","modified_gmt":"2021-11-29T11:59:58","slug":"manejo-de-pastagens-af-084","status":"publish","type":"page","link":"https:\/\/agrarias.ufpr.br\/fitotecnia\/manejo-de-pastagens-af-084\/","title":{"rendered":"Manejo de Pastagens \u2013 AF 084"},"content":{"rendered":"<p><strong>Curso<\/strong><\/p>\n<p>Agronomia<\/p>\n<p><strong>Ementa<\/strong><\/p>\n<p style=\"text-align: justify\">Ecologia do pastejo. Evolu\u00e7\u00e3o das plantas e herb\u00edvoros. Din\u00e2mica do perfilhamento. Fluxo do carbono e nitrog\u00eanio em sistemas pastoris. Fatores de produ\u00e7\u00e3o das pastagens. Estrat\u00e9gias de adapta\u00e7\u00e3o de plantas em ecossistemas pastoris. Comportamento ingestivo de ruminantes em pastejo.<\/p>\n<p><strong>Natureza<\/strong><\/p>\n<p>Optativa<\/p>\n<p><strong>Carga hor\u00e1ria<\/strong><\/p>\n<p>30 horas<\/p>\n<p><strong>Per\u00edodo<\/strong><\/p>\n<p>1\u00ba e 2\u00ba<\/p>\n<p><strong>Dia\/Hor\u00e1rio<\/strong><\/p>\n<p><strong>Docente<\/strong><\/p>\n<p><a href=\"https:\/\/agrarias.ufpr.br\/fitotecnia\/leandro-bittencourt-de-oliveira\/\">Leandro Bittencourt de Oliveira<\/a><\/p>\n<p><strong>Home page<\/strong><\/p>\n<p>Grupo de estudos facebook: Manejo de pastagem<\/p>\n","protected":false},"excerpt":{"rendered":"<p>Curso Agronomia Ementa Ecologia do pastejo. Evolu\u00e7\u00e3o das plantas e herb\u00edvoros. Din\u00e2mica do perfilhamento. Fluxo do carbono e nitrog\u00eanio em sistemas pastoris. Fatores de produ\u00e7\u00e3o das pastagens. Estrat\u00e9gias de adapta\u00e7\u00e3o de plantas em ecossistemas pastoris. Comportamento ingestivo de ruminantes em pastejo. Natureza Optativa Carga hor\u00e1ria 30 horas Per\u00edodo 1\u00ba e 2\u00ba Dia\/Hor\u00e1rio Docente Leandro Bittencourt [&hellip;]<\/p>\n","protected":false},"author":10255,"featured_media":0,"parent":0,"menu_order":0,"comment_status":"closed","ping_status":"closed","template":"","meta":{"footnotes":""},"class_list":["post-2935","page","type-page","status-publish","hentry"],"_links":{"self":[{"href":"https:\/\/agrarias.ufpr.br\/fitotecnia\/wp-json\/wp\/v2\/pages\/2935","targetHints":{"allow":["GET"]}}],"collection":[{"href":"https:\/\/agrarias.ufpr.br\/fitotecnia\/wp-json\/wp\/v2\/pages"}],"about":[{"href":"https:\/\/agrarias.ufpr.br\/fitotecnia\/wp-json\/wp\/v2\/types\/page"}],"author":[{"embeddable":true,"href":"https:\/\/agrarias.ufpr.br\/fitotecnia\/wp-json\/wp\/v2\/users\/10255"}],"replies":[{"embeddable":true,"href":"https:\/\/agrarias.ufpr.br\/fitotecnia\/wp-json\/wp\/v2\/comments?post=2935"}],"version-history":[{"count":5,"href":"https:\/\/agrarias.ufpr.br\/fitotecnia\/wp-json\/wp\/v2\/pages\/2935\/revisions"}],"predecessor-version":[{"id":5344,"href":"https:\/\/agrarias.ufpr.br\/fitotecnia\/wp-json\/wp\/v2\/pages\/2935\/revisions\/5344"}],"wp:attachment":[{"href":"https:\/\/agrarias.ufpr.br\/fitotecnia\/wp-json\/wp\/v2\/media?parent=2935"}],"curies":[{"name":"wp","href":"https:\/\/api.w.org\/{rel}","templated":true}]}}

<p><strong>Curso</strong></p>
<p>Agronomia</p>
<p><strong>Ementa</strong></p>
<p style="text-align: justify">Ecologia do pastejo. Evolução das plantas e herbívoros. Dinâmica do perfilhamento. Fluxo do carbono e nitrogênio em sistemas pastoris. Fatores de produção das pastagens. Estratégias de adaptação de plantas em ecossistemas pastoris. Comportamento ingestivo de ruminantes em pastejo.</p>
<p><strong>Natureza</strong></p>
<p>Optativa</p>
<p><strong>Carga horária</strong></p>
<p>30 horas</p>
<p><strong>Período</strong></p>
<p>1º e 2º</p>
<p><strong>Dia/Horário</strong></p>
<p><strong>Docente</strong></p>
<p><a href="https://agrarias.ufpr.br/fitotecnia/leandro-bittencourt-de-oliveira/">Leandro Bittencourt de Oliveira</a></p>
<p><strong>Home page</strong></p>
<p>Grupo de estudos facebook: Manejo de pastagem</p>

<p>Curso Agronomia Ementa Ecologia do pastejo. Evolução das plantas e herbívoros. Dinâmica do perfilhamento. Fluxo do carbono e nitrogênio em sistemas pastoris. Fatores de produção das pastagens. Estratégias de adaptação de plantas em ecossistemas pastoris. Comportamento ingestivo de ruminantes em pastejo. Natureza Optativa Carga horária 30 horas Período 1º e 2º Dia/Horário Docente Leandro Bittencourt [&hellip;]</p>
