{"id":2929,"date":"2016-05-06T16:51:34","date_gmt":"2016-05-06T16:51:34","guid":{"rendered":"https:\/\/agrarias.ufpr.br\/fitotecnia\/?page_id=2929"},"modified":"2021-03-16T18:28:19","modified_gmt":"2021-03-16T18:28:19","slug":"manejo-de-lavoura-a-af-071","status":"publish","type":"page","link":"https:\/\/agrarias.ufpr.br\/fitotecnia\/manejo-de-lavoura-a-af-071\/","title":{"rendered":"Manejo de Lavoura A \u2013 AF 071"},"content":{"rendered":"<p><strong>Curso<\/strong><\/p>\n<p>Agronomia<\/p>\n<p><strong>Ementa<\/strong><\/p>\n<p>Aspectos espec\u00edficos de manejo e produ\u00e7\u00e3o das principais culturas de interesse econ\u00f4mico: caf\u00e9, cana de-a\u00e7\u00facar e soja.<\/p>\n<p><strong>Natureza<\/strong><\/p>\n<p>Obrigat\u00f3ria<\/p>\n<p><strong>Carga hor\u00e1ria<\/strong><\/p>\n<p>30 horas<\/p>\n<p><strong>Per\u00edodo<\/strong><\/p>\n<p>1\u00ba e 2\u00ba<\/p>\n<p><strong>Dia\/Hor\u00e1rio<\/strong><\/p>\n<p><strong>Docente<\/strong><\/p>\n<p><a href=\"https:\/\/agrarias.ufpr.br\/fitotecnia\/leandro-flavio-carneiro\/\">Leandro Fl\u00e1vio Carneiro<\/a><\/p>\n","protected":false},"excerpt":{"rendered":"<p>Curso Agronomia Ementa Aspectos espec\u00edficos de manejo e produ\u00e7\u00e3o das principais culturas de interesse econ\u00f4mico: caf\u00e9, cana de-a\u00e7\u00facar e soja. Natureza Obrigat\u00f3ria Carga hor\u00e1ria 30 horas Per\u00edodo 1\u00ba e 2\u00ba Dia\/Hor\u00e1rio Docente Leandro Fl\u00e1vio Carneiro<\/p>\n","protected":false},"author":10255,"featured_media":0,"parent":0,"menu_order":0,"comment_status":"closed","ping_status":"closed","template":"","meta":{"footnotes":""},"class_list":["post-2929","page","type-page","status-publish","hentry"],"_links":{"self":[{"href":"https:\/\/agrarias.ufpr.br\/fitotecnia\/wp-json\/wp\/v2\/pages\/2929","targetHints":{"allow":["GET"]}}],"collection":[{"href":"https:\/\/agrarias.ufpr.br\/fitotecnia\/wp-json\/wp\/v2\/pages"}],"about":[{"href":"https:\/\/agrarias.ufpr.br\/fitotecnia\/wp-json\/wp\/v2\/types\/page"}],"author":[{"embeddable":true,"href":"https:\/\/agrarias.ufpr.br\/fitotecnia\/wp-json\/wp\/v2\/users\/10255"}],"replies":[{"embeddable":true,"href":"https:\/\/agrarias.ufpr.br\/fitotecnia\/wp-json\/wp\/v2\/comments?post=2929"}],"version-history":[{"count":6,"href":"https:\/\/agrarias.ufpr.br\/fitotecnia\/wp-json\/wp\/v2\/pages\/2929\/revisions"}],"predecessor-version":[{"id":5055,"href":"https:\/\/agrarias.ufpr.br\/fitotecnia\/wp-json\/wp\/v2\/pages\/2929\/revisions\/5055"}],"wp:attachment":[{"href":"https:\/\/agrarias.ufpr.br\/fitotecnia\/wp-json\/wp\/v2\/media?parent=2929"}],"curies":[{"name":"wp","href":"https:\/\/api.w.org\/{rel}","templated":true}]}}