{"id":2917,"date":"2016-05-06T16:50:07","date_gmt":"2016-05-06T16:50:07","guid":{"rendered":"https:\/\/agrarias.ufpr.br\/fitotecnia\/?page_id=2917"},"modified":"2021-08-11T17:11:49","modified_gmt":"2021-08-11T17:11:49","slug":"fundamentos-de-fitopatologia-af-093","status":"publish","type":"page","link":"https:\/\/agrarias.ufpr.br\/fitotecnia\/fundamentos-de-fitopatologia-af-093\/","title":{"rendered":"Fundamentos de Fitopatologia \u2013 AF 093"},"content":{"rendered":"<p><strong>Curso<\/strong><\/p>\n<p>Agronomia<\/p>\n<p><strong>Ementa<\/strong><\/p>\n<p style=\"text-align: justify\">Hist\u00f3rico, Conceitos e import\u00e2ncia das doen\u00e7as de plantas, estudos dos agentes causais de doen\u00e7as de import\u00e2ncia no setor agr\u00edcola. Etiologia e condi\u00e7\u00f5es favor\u00e1veis para ocorr\u00eancia das doen\u00e7as e o ciclo de rela\u00e7\u00f5es entre pat\u00f3geno-hospedeiro. &nbsp;Sintomatologia para diagnose de doen\u00e7as e princ\u00edpios para controle. Epidemiologia e fisiologia do parasitismo. Classifica\u00e7\u00e3o de doen\u00e7as.<\/p>\n<p><strong>Natureza<\/strong><\/p>\n<p>Obrigat\u00f3ria<\/p>\n<p><strong>Carga hor\u00e1ria<\/strong><\/p>\n<p>60&nbsp;horas<\/p>\n<p><strong>Semestre<\/strong><\/p>\n<p><strong>&nbsp;<\/strong>1\u00ba e 2\u00ba<\/p>\n<p><strong>Dia\/Hor\u00e1rio<\/strong><\/p>\n<p><strong>Docentes<\/strong><\/p>\n<p><a href=\"https:\/\/agrarias.ufpr.br\/fitotecnia\/louise-larissa-may-de-mio\/\">Louise Larissa May De Mio<\/a><\/p>\n<p><a href=\"https:\/\/agrarias.ufpr.br\/fitotecnia\/renata-faier-calegario\/\">Renata Faier Calegario<\/a><\/p>\n<p><strong>Home page<\/strong><\/p>\n<p><a href=\"http:\/\/fitopatologia-ufpr-2016.blogspot.com.br\/\">http:\/\/fitopatologia-ufpr-2016.blogspot.com.br\/<\/a><\/p>\n<p><strong>Publica\u00e7\u00f5es&nbsp;<\/strong><\/p>\n<p><a href=\"https:\/\/drive.google.com\/file\/d\/14_2mCpHL0ko2b2dCdZ1VMqQGQYDsOiQD\/view?usp=sharing\">Guia pr\u00e1tico de identifica\u00e7\u00e3o de doen\u00e7as das principais culturas brasileiras<\/a><\/p>\n","protected":false},"excerpt":{"rendered":"<p>Curso Agronomia Ementa Hist\u00f3rico, Conceitos e import\u00e2ncia das doen\u00e7as de plantas, estudos dos agentes causais de doen\u00e7as de import\u00e2ncia no setor agr\u00edcola. Etiologia e condi\u00e7\u00f5es favor\u00e1veis para ocorr\u00eancia das doen\u00e7as e o ciclo de rela\u00e7\u00f5es entre pat\u00f3geno-hospedeiro. &nbsp;Sintomatologia para diagnose de doen\u00e7as e princ\u00edpios para controle. Epidemiologia e fisiologia do parasitismo. Classifica\u00e7\u00e3o de doen\u00e7as. Natureza [&hellip;]<\/p>\n","protected":false},"author":10255,"featured_media":0,"parent":0,"menu_order":0,"comment_status":"closed","ping_status":"closed","template":"","meta":{"footnotes":""},"class_list":["post-2917","page","type-page","status-publish","hentry"],"_links":{"self":[{"href":"https:\/\/agrarias.ufpr.br\/fitotecnia\/wp-json\/wp\/v2\/pages\/2917","targetHints":{"allow":["GET"]}}],"collection":[{"href":"https:\/\/agrarias.ufpr.br\/fitotecnia\/wp-json\/wp\/v2\/pages"}],"about":[{"href":"https:\/\/agrarias.ufpr.br\/fitotecnia\/wp-json\/wp\/v2\/types\/page"}],"author":[{"embeddable":true,"href":"https:\/\/agrarias.ufpr.br\/fitotecnia\/wp-json\/wp\/v2\/users\/10255"}],"replies":[{"embeddable":true,"href":"https:\/\/agrarias.ufpr.br\/fitotecnia\/wp-json\/wp\/v2\/comments?post=2917"}],"version-history":[{"count":9,"href":"https:\/\/agrarias.ufpr.br\/fitotecnia\/wp-json\/wp\/v2\/pages\/2917\/revisions"}],"predecessor-version":[{"id":5169,"href":"https:\/\/agrarias.ufpr.br\/fitotecnia\/wp-json\/wp\/v2\/pages\/2917\/revisions\/5169"}],"wp:attachment":[{"href":"https:\/\/agrarias.ufpr.br\/fitotecnia\/wp-json\/wp\/v2\/media?parent=2917"}],"curies":[{"name":"wp","href":"https:\/\/api.w.org\/{rel}","templated":true}]}}