{"id":2910,"date":"2016-05-06T16:49:04","date_gmt":"2016-05-06T16:49:04","guid":{"rendered":"https:\/\/agrarias.ufpr.br\/fitotecnia\/?page_id=2910"},"modified":"2021-11-29T12:07:08","modified_gmt":"2021-11-29T12:07:08","slug":"forragicultura-af-079","status":"publish","type":"page","link":"https:\/\/agrarias.ufpr.br\/fitotecnia\/forragicultura-af-079\/","title":{"rendered":"Forragicultura \u2013 AF 079"},"content":{"rendered":"<p><strong>Curso<\/strong><\/p>\n<p>Agronomia<\/p>\n<p><strong>Ementa<\/strong><\/p>\n<p style=\"text-align: justify\">Import\u00e2ncia e estudo das principais esp\u00e9cies &nbsp;forrageiras em uso no Brasil. Fatores clim\u00e1ticos na produ\u00e7\u00e3o de&nbsp;esp\u00e9cies &nbsp;forrageiras. Forma\u00e7\u00e3o e recupera\u00e7\u00e3o das pastagens. Manejo das pastagens. Conserva\u00e7\u00e3o de forrageiras, ensilagem e fena\u00e7\u00e3o. Pastagens em sistemas integrados.<\/p>\n<p><strong>Natureza<\/strong><\/p>\n<p>Obrigat\u00f3ria<\/p>\n<p><strong>Carga hor\u00e1ria<\/strong><\/p>\n<p>60 horas<\/p>\n<p><strong>Semestre<\/strong><\/p>\n<p>1\u00ba e 2\u00ba<\/p>\n<p><strong>Dia\/Hor\u00e1rio<\/strong><\/p>\n<p><strong>Docente<\/strong><\/p>\n<p><a href=\"https:\/\/agrarias.ufpr.br\/fitotecnia\/anibal-de-moraes\/\">Anibal de Moraes<\/a><\/p>\n<p><a href=\"https:\/\/agrarias.ufpr.br\/fitotecnia\/leandro-bittencourt-de-oliveira\/\">Leandro Bittencourt de Oliveira<\/a><\/p>\n<p><strong>Home page<\/strong><\/p>\n<p><a href=\"https:\/\/www.facebook.com\/groups\/forragicultura\/\">https:\/\/www.facebook.com\/groups\/forragicultura\/<\/a><\/p>\n","protected":false},"excerpt":{"rendered":"<p>Curso Agronomia Ementa Import\u00e2ncia e estudo das principais esp\u00e9cies &nbsp;forrageiras em uso no Brasil. Fatores clim\u00e1ticos na produ\u00e7\u00e3o de&nbsp;esp\u00e9cies &nbsp;forrageiras. Forma\u00e7\u00e3o e recupera\u00e7\u00e3o das pastagens. Manejo das pastagens. Conserva\u00e7\u00e3o de forrageiras, ensilagem e fena\u00e7\u00e3o. Pastagens em sistemas integrados. Natureza Obrigat\u00f3ria Carga hor\u00e1ria 60 horas Semestre 1\u00ba e 2\u00ba Dia\/Hor\u00e1rio Docente Anibal de Moraes Leandro Bittencourt [&hellip;]<\/p>\n","protected":false},"author":10255,"featured_media":0,"parent":0,"menu_order":0,"comment_status":"closed","ping_status":"closed","template":"","meta":{"footnotes":""},"class_list":["post-2910","page","type-page","status-publish","hentry"],"_links":{"self":[{"href":"https:\/\/agrarias.ufpr.br\/fitotecnia\/wp-json\/wp\/v2\/pages\/2910","targetHints":{"allow":["GET"]}}],"collection":[{"href":"https:\/\/agrarias.ufpr.br\/fitotecnia\/wp-json\/wp\/v2\/pages"}],"about":[{"href":"https:\/\/agrarias.ufpr.br\/fitotecnia\/wp-json\/wp\/v2\/types\/page"}],"author":[{"embeddable":true,"href":"https:\/\/agrarias.ufpr.br\/fitotecnia\/wp-json\/wp\/v2\/users\/10255"}],"replies":[{"embeddable":true,"href":"https:\/\/agrarias.ufpr.br\/fitotecnia\/wp-json\/wp\/v2\/comments?post=2910"}],"version-history":[{"count":5,"href":"https:\/\/agrarias.ufpr.br\/fitotecnia\/wp-json\/wp\/v2\/pages\/2910\/revisions"}],"predecessor-version":[{"id":5347,"href":"https:\/\/agrarias.ufpr.br\/fitotecnia\/wp-json\/wp\/v2\/pages\/2910\/revisions\/5347"}],"wp:attachment":[{"href":"https:\/\/agrarias.ufpr.br\/fitotecnia\/wp-json\/wp\/v2\/media?parent=2910"}],"curies":[{"name":"wp","href":"https:\/\/api.w.org\/{rel}","templated":true}]}}

<p><strong>Curso</strong></p>
<p>Agronomia</p>
<p><strong>Ementa</strong></p>
<p style="text-align: justify">Importância e estudo das principais espécies &nbsp;forrageiras em uso no Brasil. Fatores climáticos na produção de&nbsp;espécies &nbsp;forrageiras. Formação e recuperação das pastagens. Manejo das pastagens. Conservação de forrageiras, ensilagem e fenação. Pastagens em sistemas integrados.</p>
<p><strong>Natureza</strong></p>
<p>Obrigatória</p>
<p><strong>Carga horária</strong></p>
<p>60 horas</p>
<p><strong>Semestre</strong></p>
<p>1º e 2º</p>
<p><strong>Dia/Horário</strong></p>
<p><strong>Docente</strong></p>
<p><a href="https://agrarias.ufpr.br/fitotecnia/anibal-de-moraes/">Anibal de Moraes</a></p>
<p><a href="https://agrarias.ufpr.br/fitotecnia/leandro-bittencourt-de-oliveira/">Leandro Bittencourt de Oliveira</a></p>
<p><strong>Home page</strong></p>
<p><a href="https://www.facebook.com/groups/forragicultura/">https://www.facebook.com/groups/forragicultura/</a></p>

<p>Curso Agronomia Ementa Importância e estudo das principais espécies &nbsp;forrageiras em uso no Brasil. Fatores climáticos na produção de&nbsp;espécies &nbsp;forrageiras. Formação e recuperação das pastagens. Manejo das pastagens. Conservação de forrageiras, ensilagem e fenação. Pastagens em sistemas integrados. Natureza Obrigatória Carga horária 60 horas Semestre 1º e 2º Dia/Horário Docente Anibal de Moraes Leandro Bittencourt [&hellip;]</p>
