{"id":2904,"date":"2016-05-06T16:48:21","date_gmt":"2016-05-06T16:48:21","guid":{"rendered":"https:\/\/agrarias.ufpr.br\/fitotecnia\/?page_id=2904"},"modified":"2016-05-11T17:33:14","modified_gmt":"2016-05-11T17:33:14","slug":"defesa-sanitaria-vegetal-e-urbana-af-070","status":"publish","type":"page","link":"https:\/\/agrarias.ufpr.br\/fitotecnia\/defesa-sanitaria-vegetal-e-urbana-af-070\/","title":{"rendered":"Defesa Sanit\u00e1ria Vegetal e Urbana \u2013\u00a0AF 070"},"content":{"rendered":"<p><strong>Curso<\/strong><\/p>\n<p>Agronomia<\/p>\n<p><strong>Ementa<\/strong><\/p>\n<p style=\"text-align: justify\">Pesquisa e desenvolvimento de agrot\u00f3xicos e domissanit\u00e1rios. Princ\u00edpios b\u00e1sicos da legisla\u00e7\u00e3o de agrot\u00f3xicos e domissanit\u00e1rios aplicada \u00e0 defesa sanit\u00e1ria vegetal e urbana. Caracter\u00edsticas b\u00e1sicas dos grupos qu\u00edmicos e biol\u00f3gicos de praguicidas (inseticidas, acaricidas, nematicidas) de acordo com a norma legal. Controle de pragas nas culturas anuais, perenes, ambientes agrosilvipastoril, urbano, vi\u00e1rios, \u00a0florestais, parques, jardins e aqu\u00e1ticos de interesse da sa\u00fade humana e econ\u00f4micos. Tecnologia de aplica\u00e7\u00e3o de produtos fitossanit\u00e1rios e e domissanit\u00e1rios. Pulverizadores. Pontas de pulveriza\u00e7\u00e3o. Calibragem dos produtos de pronto uso e de pulverizadores. Princ\u00edpios de toxicologia e ecotoxicologia.<\/p>\n<p style=\"text-align: justify\"><strong>Natureza<\/strong><\/p>\n<p>Obrigat\u00f3ria<\/p>\n<p><strong>Carga hor\u00e1ria<\/strong><\/p>\n<p>60 horas<\/p>\n<p><strong>Semestre<\/strong><\/p>\n<p>1\u00ba e 2\u00ba<\/p>\n<p><strong>Dia\/Hor\u00e1rio<\/strong><\/p>\n<p><strong>Docentes<\/strong><\/p>\n<p><a href=\"https:\/\/agrarias.ufpr.br\/fitotecnia\/cristina-goncalves-de-mendonca\/\">Cristina Gon\u00e7alves de Mendon\u00e7a<\/a><\/p>\n<p><a href=\"https:\/\/agrarias.ufpr.br\/fitotecnia\/mario-nieweglowski-filho\/\">Mario Nieweglowski Filho<\/a><\/p>\n","protected":false},"excerpt":{"rendered":"<p>Curso Agronomia Ementa Pesquisa e desenvolvimento de agrot\u00f3xicos e domissanit\u00e1rios. Princ\u00edpios b\u00e1sicos da legisla\u00e7\u00e3o de agrot\u00f3xicos e domissanit\u00e1rios aplicada \u00e0 defesa sanit\u00e1ria vegetal e urbana. Caracter\u00edsticas b\u00e1sicas dos grupos qu\u00edmicos e biol\u00f3gicos de praguicidas (inseticidas, acaricidas, nematicidas) de acordo com a norma legal. Controle de pragas nas culturas anuais, perenes, ambientes agrosilvipastoril, urbano, vi\u00e1rios, \u00a0florestais, [&hellip;]<\/p>\n","protected":false},"author":10255,"featured_media":0,"parent":0,"menu_order":0,"comment_status":"closed","ping_status":"closed","template":"","meta":{"footnotes":""},"class_list":["post-2904","page","type-page","status-publish","hentry"],"_links":{"self":[{"href":"https:\/\/agrarias.ufpr.br\/fitotecnia\/wp-json\/wp\/v2\/pages\/2904","targetHints":{"allow":["GET"]}}],"collection":[{"href":"https:\/\/agrarias.ufpr.br\/fitotecnia\/wp-json\/wp\/v2\/pages"}],"about":[{"href":"https:\/\/agrarias.ufpr.br\/fitotecnia\/wp-json\/wp\/v2\/types\/page"}],"author":[{"embeddable":true,"href":"https:\/\/agrarias.ufpr.br\/fitotecnia\/wp-json\/wp\/v2\/users\/10255"}],"replies":[{"embeddable":true,"href":"https:\/\/agrarias.ufpr.br\/fitotecnia\/wp-json\/wp\/v2\/comments?post=2904"}],"version-history":[{"count":6,"href":"https:\/\/agrarias.ufpr.br\/fitotecnia\/wp-json\/wp\/v2\/pages\/2904\/revisions"}],"predecessor-version":[{"id":3210,"href":"https:\/\/agrarias.ufpr.br\/fitotecnia\/wp-json\/wp\/v2\/pages\/2904\/revisions\/3210"}],"wp:attachment":[{"href":"https:\/\/agrarias.ufpr.br\/fitotecnia\/wp-json\/wp\/v2\/media?parent=2904"}],"curies":[{"name":"wp","href":"https:\/\/api.w.org\/{rel}","templated":true}]}}

Defesa Sanitária Vegetal e Urbana – AF 070

<p><strong>Curso</strong></p>
<p>Agronomia</p>
<p><strong>Ementa</strong></p>
<p style="text-align: justify">Pesquisa e desenvolvimento de agrotóxicos e domissanitários. Princípios básicos da legislação de agrotóxicos e domissanitários aplicada à defesa sanitária vegetal e urbana. Características básicas dos grupos químicos e biológicos de praguicidas (inseticidas, acaricidas, nematicidas) de acordo com a norma legal. Controle de pragas nas culturas anuais, perenes, ambientes agrosilvipastoril, urbano, viários,  florestais, parques, jardins e aquáticos de interesse da saúde humana e econômicos. Tecnologia de aplicação de produtos fitossanitários e e domissanitários. Pulverizadores. Pontas de pulverização. Calibragem dos produtos de pronto uso e de pulverizadores. Princípios de toxicologia e ecotoxicologia.</p>
<p style="text-align: justify"><strong>Natureza</strong></p>
<p>Obrigatória</p>
<p><strong>Carga horária</strong></p>
<p>60 horas</p>
<p><strong>Semestre</strong></p>
<p>1º e 2º</p>
<p><strong>Dia/Horário</strong></p>
<p><strong>Docentes</strong></p>
<p><a href="https://agrarias.ufpr.br/fitotecnia/cristina-goncalves-de-mendonca/">Cristina Gonçalves de Mendonça</a></p>
<p><a href="https://agrarias.ufpr.br/fitotecnia/mario-nieweglowski-filho/">Mario Nieweglowski Filho</a></p>

<p>Curso Agronomia Ementa Pesquisa e desenvolvimento de agrotóxicos e domissanitários. Princípios básicos da legislação de agrotóxicos e domissanitários aplicada à defesa sanitária vegetal e urbana. Características básicas dos grupos químicos e biológicos de praguicidas (inseticidas, acaricidas, nematicidas) de acordo com a norma legal. Controle de pragas nas culturas anuais, perenes, ambientes agrosilvipastoril, urbano, viários,  florestais, [&hellip;]</p>
