{"id":2472,"date":"2016-04-27T20:30:04","date_gmt":"2016-04-27T20:30:04","guid":{"rendered":"https:\/\/agrarias.ufpr.br\/fitotecnia\/?page_id=2472"},"modified":"2018-07-30T16:16:44","modified_gmt":"2018-07-30T16:16:44","slug":"introducao-a-engenharia-agronomica","status":"publish","type":"page","link":"https:\/\/agrarias.ufpr.br\/fitotecnia\/introducao-a-engenharia-agronomica\/","title":{"rendered":"Introdu\u00e7\u00e3o \u00e0 Engenharia Agron\u00f4mica &#8211; AF 062"},"content":{"rendered":"<p><strong>Curso<\/strong><\/p>\n<p>Agronomia<\/p>\n<p><strong>Ementa<\/strong><\/p>\n<p style=\"text-align: justify\">Evolu\u00e7\u00e3o hist\u00f3rica da agronomia no Brasil e no mundo. Hist\u00f3ria e cultura afro-brasileira e ind\u00edgena. Hist\u00f3ria da escola de agronomia da UFPR. Desafios da agricultura contempor\u00e2nea. Diretrizes da profiss\u00e3o e da proposta de forma\u00e7\u00e3o profissional na UFPR. Atividades cient\u00edficas interdisciplinares. Fundamentos de comunica\u00e7\u00e3o. Novos desafios de estudar engenharia agron\u00f4mica<\/p>\n<p><strong>Natureza<\/strong><\/p>\n<p>Obrigat\u00f3ria<\/p>\n<p><strong>Carga hor\u00e1ria<\/strong><\/p>\n<p>30 horas<\/p>\n<p><strong>Semestre<\/strong><\/p>\n<p>1\u00ba e 2\u00ba<\/p>\n<p><strong>Dia\/Hor\u00e1rio<\/strong><\/p>\n<p>Aulas te\u00f3ricas e pr\u00e1ticas ministradas aos s\u00e1bados, sempre que poss\u00edvel com extens\u00e3o ao per\u00edodo vespertino.<\/p>\n<p>Segunda-feira \/ 13:30 \u2013 17:30 horas<\/p>\n<p><strong>Docente&nbsp;<\/strong><\/p>\n<p><a href=\"https:\/\/agrarias.ufpr.br\/fitotecnia\/wilson-loureiro\/\">Wilson Loureiro<\/a><\/p>\n","protected":false},"excerpt":{"rendered":"<p>Curso Agronomia Ementa Evolu\u00e7\u00e3o hist\u00f3rica da agronomia no Brasil e no mundo. Hist\u00f3ria e cultura afro-brasileira e ind\u00edgena. Hist\u00f3ria da escola de agronomia da UFPR. Desafios da agricultura contempor\u00e2nea. Diretrizes da profiss\u00e3o e da proposta de forma\u00e7\u00e3o profissional na UFPR. Atividades cient\u00edficas interdisciplinares. Fundamentos de comunica\u00e7\u00e3o. Novos desafios de estudar engenharia agron\u00f4mica Natureza Obrigat\u00f3ria Carga [&hellip;]<\/p>\n","protected":false},"author":10255,"featured_media":0,"parent":0,"menu_order":0,"comment_status":"closed","ping_status":"closed","template":"","meta":{"footnotes":""},"class_list":["post-2472","page","type-page","status-publish","hentry"],"_links":{"self":[{"href":"https:\/\/agrarias.ufpr.br\/fitotecnia\/wp-json\/wp\/v2\/pages\/2472","targetHints":{"allow":["GET"]}}],"collection":[{"href":"https:\/\/agrarias.ufpr.br\/fitotecnia\/wp-json\/wp\/v2\/pages"}],"about":[{"href":"https:\/\/agrarias.ufpr.br\/fitotecnia\/wp-json\/wp\/v2\/types\/page"}],"author":[{"embeddable":true,"href":"https:\/\/agrarias.ufpr.br\/fitotecnia\/wp-json\/wp\/v2\/users\/10255"}],"replies":[{"embeddable":true,"href":"https:\/\/agrarias.ufpr.br\/fitotecnia\/wp-json\/wp\/v2\/comments?post=2472"}],"version-history":[{"count":6,"href":"https:\/\/agrarias.ufpr.br\/fitotecnia\/wp-json\/wp\/v2\/pages\/2472\/revisions"}],"predecessor-version":[{"id":3753,"href":"https:\/\/agrarias.ufpr.br\/fitotecnia\/wp-json\/wp\/v2\/pages\/2472\/revisions\/3753"}],"wp:attachment":[{"href":"https:\/\/agrarias.ufpr.br\/fitotecnia\/wp-json\/wp\/v2\/media?parent=2472"}],"curies":[{"name":"wp","href":"https:\/\/api.w.org\/{rel}","templated":true}]}}