{"id":2406,"date":"2016-04-27T11:38:12","date_gmt":"2016-04-27T11:38:12","guid":{"rendered":"https:\/\/agrarias.ufpr.br\/fitotecnia\/?page_id=2406"},"modified":"2016-10-10T15:08:57","modified_gmt":"2016-10-10T15:08:57","slug":"area-experimental-doencas-em-grandes-culturas","status":"publish","type":"page","link":"https:\/\/agrarias.ufpr.br\/fitotecnia\/area-experimental-doencas-em-grandes-culturas\/","title":{"rendered":"\u00c1rea Experimental Doen\u00e7as em Grandes Culturas"},"content":{"rendered":"<p><strong>Interesses<\/strong><\/p>\n<p style=\"text-align: justify\">A \u00c1rea Experimental em Doen\u00e7as de Grandes Culturas tem como finalidades: Apoiar as disciplinas de Fitopatologia e as demais disciplinas do DFF; Capacitar os alunos na diagnose de doen\u00e7as; Estudar medidas de manejo das doen\u00e7as incidentes nas grandes culturas. As avalia\u00e7\u00f5es s\u00e3o constitu\u00eddas pela diagnose, incid\u00eancia e severidade das doen\u00e7as, rea\u00e7\u00e3o de variedades \u00e0s doen\u00e7as, efeito de espa\u00e7amento, aduba\u00e7\u00e3o e rota\u00e7\u00e3o de culturas sobre as doen\u00e7as. As culturas agr\u00edcolas mantidas na \u00e1rea s\u00e3o: arroz, milho, feijoeiro, soja, trigo, cevada, aveia, mandioca, batata, canola, algodoeiro, amendoim, cana-de-a\u00e7\u00facar, girassol, e sorgo.<\/p>\n<p style=\"text-align: justify\">Os trabalhos s\u00e3o conduzidos por alunos monitores da disciplina de <a href=\"https:\/\/agrarias.ufpr.br\/fitotecnia\/fitopatologia-especial-af-013\/\">Fitopatologia Especial (AF 313)<\/a> e volunt\u00e1rios acad\u00eamicos, com a colabora\u00e7\u00e3o de todos os Professores da Fitopatologia.<\/p>\n<p style=\"text-align: justify\">Cabe aos alunos as seguintes atividades na condu\u00e7\u00e3o do campo: Realizar an\u00e1lise de solo, corre\u00e7\u00e3o e aduba\u00e7\u00e3o conforme as necessidades; Planejamento, plantio e condu\u00e7\u00e3o das plantas; Auxiliar na obten\u00e7\u00e3o e manuten\u00e7\u00e3o de sementes e insumos; Acompanhar e avaliar a ocorr\u00eancia das doen\u00e7as; Fazer o diagn\u00f3stico das doen\u00e7as; Catalogar as doen\u00e7as por meio de l\u00e2minas, fotografias e excicatas com sintomas e sinais t\u00edpicos; Apresentar os resultados.<\/p>\n<p><strong>Coordenadora\u00a0<\/strong><\/p>\n<p><a href=\"https:\/\/agrarias.ufpr.br\/fitotecnia\/lucimeris-ruaro\/\">Lucimeris Ruaro<\/a><\/p>\n<p><strong>Colaboradora na \u00e1rea de Agricultura<\/strong><\/p>\n<p><a href=\"https:\/\/agrarias.ufpr.br\/fitotecnia\/claudete-reisdorfer-lang\/\">Claudete Reisdorfer Lang<\/a><\/p>\n<p><strong>Demais colaboradores<\/strong><\/p>\n<p><a href=\"https:\/\/agrarias.ufpr.br\/fitotecnia\/henrique-da-silva-silveira-duarte\/\">Henrique da Silva Silveira Duarte<\/a><\/p>\n<p><a href=\"https:\/\/agrarias.ufpr.br\/fitotecnia\/louise-larissa-may-de-mio\/\">Louise Larissa May De Mio\u00a0<\/a><\/p>\n<p><a href=\"https:\/\/agrarias.ufpr.br\/fitotecnia\/renata-faier-calegario-2\/\">Renata Faier Calegario<\/a><\/p>\n<p><strong>Local<\/strong><\/p>\n<p>Departamento de Fitotecnia e Fitossanitarismo<\/p>\n<p><strong>Contatos<\/strong><\/p>\n<p><strong><img loading=\"lazy\" decoding=\"async\" class=\"wp-image-758 alignnone\" src=\"https:\/\/agrarias.ufpr.br\/fitotecnia\/wp-content\/uploads\/sites\/26\/2016\/03\/telefone.png\" alt=\"telefone\" width=\"22\" height=\"22\" srcset=\"https:\/\/agrarias.ufpr.br\/fitotecnia\/wp-content\/uploads\/sites\/26\/2016\/03\/telefone.png 200w, https:\/\/agrarias.ufpr.br\/fitotecnia\/wp-content\/uploads\/sites\/26\/2016\/03\/telefone-150x150.png 150w\" sizes=\"auto, (max-width: 22px) 100vw, 22px\" \/>\u00a0<\/strong>+55\u00a0(41) 3350-5749 e 5744<\/p>\n<p style=\"text-align: center\"><strong>Fotos<\/strong><\/p>\n<p>[Best_Wordpress_Gallery id=&#8221;15&#8243; gal_title=&#8221;gculturas&#8221;]<\/p>\n","protected":false},"excerpt":{"rendered":"<p>Interesses A \u00c1rea Experimental em Doen\u00e7as de Grandes Culturas tem como finalidades: Apoiar as disciplinas de Fitopatologia e as demais disciplinas do DFF; Capacitar os alunos na diagnose de doen\u00e7as; Estudar medidas de manejo das doen\u00e7as incidentes nas grandes culturas. As avalia\u00e7\u00f5es s\u00e3o constitu\u00eddas pela diagnose, incid\u00eancia e severidade das doen\u00e7as, rea\u00e7\u00e3o de variedades \u00e0s [&hellip;]<\/p>\n","protected":false},"author":10255,"featured_media":0,"parent":0,"menu_order":0,"comment_status":"closed","ping_status":"closed","template":"","meta":{"footnotes":""},"class_list":["post-2406","page","type-page","status-publish","hentry"],"_links":{"self":[{"href":"https:\/\/agrarias.ufpr.br\/fitotecnia\/wp-json\/wp\/v2\/pages\/2406","targetHints":{"allow":["GET"]}}],"collection":[{"href":"https:\/\/agrarias.ufpr.br\/fitotecnia\/wp-json\/wp\/v2\/pages"}],"about":[{"href":"https:\/\/agrarias.ufpr.br\/fitotecnia\/wp-json\/wp\/v2\/types\/page"}],"author":[{"embeddable":true,"href":"https:\/\/agrarias.ufpr.br\/fitotecnia\/wp-json\/wp\/v2\/users\/10255"}],"replies":[{"embeddable":true,"href":"https:\/\/agrarias.ufpr.br\/fitotecnia\/wp-json\/wp\/v2\/comments?post=2406"}],"version-history":[{"count":19,"href":"https:\/\/agrarias.ufpr.br\/fitotecnia\/wp-json\/wp\/v2\/pages\/2406\/revisions"}],"predecessor-version":[{"id":3574,"href":"https:\/\/agrarias.ufpr.br\/fitotecnia\/wp-json\/wp\/v2\/pages\/2406\/revisions\/3574"}],"wp:attachment":[{"href":"https:\/\/agrarias.ufpr.br\/fitotecnia\/wp-json\/wp\/v2\/media?parent=2406"}],"curies":[{"name":"wp","href":"https:\/\/api.w.org\/{rel}","templated":true}]}}