{"id":2328,"date":"2016-04-26T18:57:18","date_gmt":"2016-04-26T18:57:18","guid":{"rendered":"https:\/\/agrarias.ufpr.br\/fitotecnia\/?page_id=2328"},"modified":"2021-03-24T12:38:01","modified_gmt":"2021-03-24T12:38:01","slug":"paclobutrazol-e-acido-indolbutirico-no-enraizamento-de-estacas-lenhosas-de-cultivares-de-amoreiras-preta","status":"publish","type":"page","link":"https:\/\/agrarias.ufpr.br\/fitotecnia\/paclobutrazol-e-acido-indolbutirico-no-enraizamento-de-estacas-lenhosas-de-cultivares-de-amoreiras-preta\/","title":{"rendered":"Paclobutrazol e \u00e1cido indolbut\u00edrico no enraizamento de estacas de frut\u00edferas"},"content":{"rendered":"<p><strong>Resumo<\/strong><\/p>\n<p style=\"text-align: justify\">Para expans\u00e3o da fruticultura, uma das ferramentas \u00e9 a produ\u00e7\u00e3o otimizada e de baixo custo de mudas de qualidade. A estaquia \u00e9 um dos m\u00e9todos mais empregados para a&nbsp;propaga\u00e7\u00e3o e produ\u00e7\u00e3o de mudas frut\u00edferas cujas vantagens como produ\u00e7\u00e3o em massa de clones, pr\u00e1tica simples e facilidade de aplica\u00e7\u00e3o a tornam bastante atrativa. Por\u00e9m, gargalos como a baixa capacidade de forma\u00e7\u00e3o de ra\u00edzes advent\u00edcias em segmentos da planta muitas vezes inviabiliza o processo. Essa incapacidade de rizog\u00eanese est\u00e1 relacionada a uma s\u00e9rie de fatores e tem-se observado que estacas que apresentam brota\u00e7\u00e3o antecipada podem prejudicar o enraizamento advent\u00edcio. A a\u00e7\u00e3o de horm\u00f4nios vegetais como as giberelinas podem estimular a brota\u00e7\u00e3o e o uso de inibidores dessas subst\u00e2ncias, como o paclobutrazol, poder-se-\u00e1 favorecer o enraizamento indiretamente. Para testar ent\u00e3o o efeito do paclobutrazol (PBZ) na promo\u00e7\u00e3o indireta do enraizamento de estacas \u00e9 que se tem realizados experimentos para avaliar a capacidade de enraizamento de estacas de plantas frut\u00edferas, como de amoreiras (amoreira-preta e amoreira-verde) no per\u00edodo de 2015 a 2021. Os experimentos t\u00eam disso conduzidos no Departamento de Fitotecnia e Fitossanidade &#8211; DFF do Setor de Ci\u00eancias Agr\u00e1rias &#8211; SCA da Universidade Federal do Paran\u00e1 &#8211; UFPR (Curitiba-PR) para avaliar a capacidade de enraizamento das mesmas mediante a aplica\u00e7\u00e3o de diferentes concentra\u00e7\u00f5es de \u00e1cido indolbut\u00edrico (AIB &#8211; como enraizador) combinadas com a aplica\u00e7\u00e3o de diferentes concentra\u00e7\u00f5es de (PBZ \u2013 como inibidor da giberelina e da brota\u00e7\u00e3o precoce). Os experimentos t\u00eam sido conduzidos em estufa pl\u00e1stica em delineamento experimental inteiramente, cujas estacas t\u00eam sido plantadas em tubetes contendo vermiculita. Normalmente aos 60 dias ap\u00f3s o plantio, tem sido realizadas as avalia\u00e7\u00f5es obtendo-se as porcentagens de estacas enraizadas, brotadas, com calo e mortas, o n\u00famero m\u00e9dio de ra\u00edzes por estaca enraizada e o comprimento m\u00e9dio de ra\u00edzes das estacas enraizadas. Espera-se com os resultados a serem obtidos, poder descobrir a associa\u00e7\u00e3o PBZ\/AIB que possa favorecer o enraizamento de estacas de amoreiras e, consequentemente, que esta t\u00e9cnica seja promissora para a produ\u00e7\u00e3o em massa de mudas de qualidade e com baixo custo, inclusive para outras esp\u00e9cies frut\u00edferas com potencial para estudo.<\/p>\n<p><strong>Vig\u00eancia<\/strong><\/p>\n<p>2015-2021<\/p>\n<p style=\"text-align: justify\"><strong>Coordenador<\/strong><\/p>\n<p style=\"text-align: justify\"><a href=\"https:\/\/agrarias.ufpr.br\/fitotecnia\/mauro-brasil-dias-tofanelli\/\">Mauro Brasil Dias Tofanelli<\/a><\/p>\n<p style=\"text-align: justify\"><strong>Colaboradores<\/strong><\/p>\n<p>Luiz Antonio Biasi<\/p>\n<p style=\"text-align: justify\">Jos\u00e9 Gilberto Sousa Medeiros<\/p>\n<p style=\"text-align: justify\">Jessica Welinski de Oliveira D&#8217;angelo<\/p>\n<p style=\"text-align: justify\">Valdeci Constantino<\/p>\n","protected":false},"excerpt":{"rendered":"<p>Resumo Para expans\u00e3o da fruticultura, uma das ferramentas \u00e9 a produ\u00e7\u00e3o otimizada e de baixo custo de mudas de qualidade. A estaquia \u00e9 um dos m\u00e9todos mais empregados para a&nbsp;propaga\u00e7\u00e3o e produ\u00e7\u00e3o de mudas frut\u00edferas cujas vantagens como produ\u00e7\u00e3o em massa de clones, pr\u00e1tica simples e facilidade de aplica\u00e7\u00e3o a tornam bastante atrativa. Por\u00e9m, gargalos [&hellip;]<\/p>\n","protected":false},"author":10255,"featured_media":0,"parent":0,"menu_order":0,"comment_status":"closed","ping_status":"closed","template":"","meta":{"footnotes":""},"class_list":["post-2328","page","type-page","status-publish","hentry"],"_links":{"self":[{"href":"https:\/\/agrarias.ufpr.br\/fitotecnia\/wp-json\/wp\/v2\/pages\/2328","targetHints":{"allow":["GET"]}}],"collection":[{"href":"https:\/\/agrarias.ufpr.br\/fitotecnia\/wp-json\/wp\/v2\/pages"}],"about":[{"href":"https:\/\/agrarias.ufpr.br\/fitotecnia\/wp-json\/wp\/v2\/types\/page"}],"author":[{"embeddable":true,"href":"https:\/\/agrarias.ufpr.br\/fitotecnia\/wp-json\/wp\/v2\/users\/10255"}],"replies":[{"embeddable":true,"href":"https:\/\/agrarias.ufpr.br\/fitotecnia\/wp-json\/wp\/v2\/comments?post=2328"}],"version-history":[{"count":3,"href":"https:\/\/agrarias.ufpr.br\/fitotecnia\/wp-json\/wp\/v2\/pages\/2328\/revisions"}],"predecessor-version":[{"id":5112,"href":"https:\/\/agrarias.ufpr.br\/fitotecnia\/wp-json\/wp\/v2\/pages\/2328\/revisions\/5112"}],"wp:attachment":[{"href":"https:\/\/agrarias.ufpr.br\/fitotecnia\/wp-json\/wp\/v2\/media?parent=2328"}],"curies":[{"name":"wp","href":"https:\/\/api.w.org\/{rel}","templated":true}]}}