{"id":2193,"date":"2016-04-26T17:04:52","date_gmt":"2016-04-26T17:04:52","guid":{"rendered":"https:\/\/agrarias.ufpr.br\/fitotecnia\/?page_id=2193"},"modified":"2016-04-26T17:04:52","modified_gmt":"2016-04-26T17:04:52","slug":"avaliacao-de-profundidade-de-semeadura-em-cereais","status":"publish","type":"page","link":"https:\/\/agrarias.ufpr.br\/fitotecnia\/avaliacao-de-profundidade-de-semeadura-em-cereais\/","title":{"rendered":"Avalia\u00e7\u00e3o de profundidade de semeadura em cereais"},"content":{"rendered":"<p><strong>Resumo<\/strong><\/p>\n<p>Atividade composta por experimentos com v\u00e1rios cerais. Desenvolvido em casa de vegeta\u00e7\u00e3o, com a participa\u00e7\u00e3o de alunos orientados em Est\u00e1gio Obrigat\u00f3rio e TCC.<\/p>\n<p><strong>Coordenador<\/strong><\/p>\n<p><a href=\"https:\/\/agrarias.ufpr.br\/fitotecnia\/jose-luis-camargo-zambon\/\">Jos\u00e9 Luis Camargo Zambon<\/a><\/p>\n<p><strong>Colaboradores<\/strong><\/p>\n<p><a href=\"https:\/\/agrarias.ufpr.br\/fitotecnia\/edelclaiton-daros\/\">Edelclaiton Daros<\/a><\/p>\n<p><a href=\"https:\/\/agrarias.ufpr.br\/fitotecnia\/ricardo-augusto-de-oliveira\/\">Ricardo Augusto de Oliveira<\/a><\/p>\n","protected":false},"excerpt":{"rendered":"<p>Resumo Atividade composta por experimentos com v\u00e1rios cerais. Desenvolvido em casa de vegeta\u00e7\u00e3o, com a participa\u00e7\u00e3o de alunos orientados em Est\u00e1gio Obrigat\u00f3rio e TCC. Coordenador Jos\u00e9 Luis Camargo Zambon Colaboradores Edelclaiton Daros Ricardo Augusto de Oliveira<\/p>\n","protected":false},"author":10255,"featured_media":0,"parent":0,"menu_order":0,"comment_status":"closed","ping_status":"closed","template":"","meta":{"footnotes":""},"class_list":["post-2193","page","type-page","status-publish","hentry"],"_links":{"self":[{"href":"https:\/\/agrarias.ufpr.br\/fitotecnia\/wp-json\/wp\/v2\/pages\/2193","targetHints":{"allow":["GET"]}}],"collection":[{"href":"https:\/\/agrarias.ufpr.br\/fitotecnia\/wp-json\/wp\/v2\/pages"}],"about":[{"href":"https:\/\/agrarias.ufpr.br\/fitotecnia\/wp-json\/wp\/v2\/types\/page"}],"author":[{"embeddable":true,"href":"https:\/\/agrarias.ufpr.br\/fitotecnia\/wp-json\/wp\/v2\/users\/10255"}],"replies":[{"embeddable":true,"href":"https:\/\/agrarias.ufpr.br\/fitotecnia\/wp-json\/wp\/v2\/comments?post=2193"}],"version-history":[{"count":1,"href":"https:\/\/agrarias.ufpr.br\/fitotecnia\/wp-json\/wp\/v2\/pages\/2193\/revisions"}],"predecessor-version":[{"id":2194,"href":"https:\/\/agrarias.ufpr.br\/fitotecnia\/wp-json\/wp\/v2\/pages\/2193\/revisions\/2194"}],"wp:attachment":[{"href":"https:\/\/agrarias.ufpr.br\/fitotecnia\/wp-json\/wp\/v2\/media?parent=2193"}],"curies":[{"name":"wp","href":"https:\/\/api.w.org\/{rel}","templated":true}]}}

Avaliação de profundidade de semeadura em cereais

<p><strong>Resumo</strong></p>
<p>Atividade composta por experimentos com vários cerais. Desenvolvido em casa de vegetação, com a participação de alunos orientados em Estágio Obrigatório e TCC.</p>
<p><strong>Coordenador</strong></p>
<p><a href="https://agrarias.ufpr.br/fitotecnia/jose-luis-camargo-zambon/">José Luis Camargo Zambon</a></p>
<p><strong>Colaboradores</strong></p>
<p><a href="https://agrarias.ufpr.br/fitotecnia/edelclaiton-daros/">Edelclaiton Daros</a></p>
<p><a href="https://agrarias.ufpr.br/fitotecnia/ricardo-augusto-de-oliveira/">Ricardo Augusto de Oliveira</a></p>

<p>Resumo Atividade composta por experimentos com vários cerais. Desenvolvido em casa de vegetação, com a participação de alunos orientados em Estágio Obrigatório e TCC. Coordenador José Luis Camargo Zambon Colaboradores Edelclaiton Daros Ricardo Augusto de Oliveira</p>
