{"id":2180,"date":"2016-04-26T16:51:56","date_gmt":"2016-04-26T16:51:56","guid":{"rendered":"https:\/\/agrarias.ufpr.br\/fitotecnia\/?page_id=2180"},"modified":"2016-05-11T11:41:46","modified_gmt":"2016-05-11T11:41:46","slug":"agricultura-especial-ii-af-026","status":"publish","type":"page","link":"https:\/\/agrarias.ufpr.br\/fitotecnia\/agricultura-especial-ii-af-026\/","title":{"rendered":"Agricultura Especial II &#8211; AF 026"},"content":{"rendered":"<p><strong>Curso<\/strong><\/p>\n<p>Agronomia<\/p>\n<p><strong>Ementa<\/strong><\/p>\n<p>Aspectos espec\u00edficos de cultivo e produ\u00e7\u00e3o das principais culturas de interesse econ\u00f4mico regional, utilizadas principalmente como fornecedoras de alimento: Feij\u00e3o, Milho, Arroz e Trigo.<\/p>\n<p><strong>Natureza<\/strong><\/p>\n<p>Obrigat\u00f3ria<\/p>\n<p><strong>Carga hor\u00e1ria<\/strong><\/p>\n<p>60 horas<\/p>\n<p><strong>Per\u00edodo<\/strong><\/p>\n<p>1\u00ba e 2\u00ba<\/p>\n<p><strong>Dia\/Hor\u00e1rio<\/strong><\/p>\n<p>Segunda-feira \/13:30 \u2013 17:30 horas<\/p>\n<p>Ter\u00e7a-feira \/13:30 \u2013 17:30 horas<\/p>\n<p><strong>Docente<\/strong><\/p>\n<p><a href=\"https:\/\/agrarias.ufpr.br\/fitotecnia\/jose-luis-camargo-zambon\/\">Jos\u00e9 Lu\u00eds Camargo Zambon<\/a><\/p>\n","protected":false},"excerpt":{"rendered":"<p>Curso Agronomia Ementa Aspectos espec\u00edficos de cultivo e produ\u00e7\u00e3o das principais culturas de interesse econ\u00f4mico regional, utilizadas principalmente como fornecedoras de alimento: Feij\u00e3o, Milho, Arroz e Trigo. Natureza Obrigat\u00f3ria Carga hor\u00e1ria 60 horas Per\u00edodo 1\u00ba e 2\u00ba Dia\/Hor\u00e1rio Segunda-feira \/13:30 \u2013 17:30 horas Ter\u00e7a-feira \/13:30 \u2013 17:30 horas Docente Jos\u00e9 Lu\u00eds Camargo Zambon<\/p>\n","protected":false},"author":10255,"featured_media":0,"parent":0,"menu_order":0,"comment_status":"closed","ping_status":"closed","template":"","meta":{"footnotes":""},"class_list":["post-2180","page","type-page","status-publish","hentry"],"_links":{"self":[{"href":"https:\/\/agrarias.ufpr.br\/fitotecnia\/wp-json\/wp\/v2\/pages\/2180","targetHints":{"allow":["GET"]}}],"collection":[{"href":"https:\/\/agrarias.ufpr.br\/fitotecnia\/wp-json\/wp\/v2\/pages"}],"about":[{"href":"https:\/\/agrarias.ufpr.br\/fitotecnia\/wp-json\/wp\/v2\/types\/page"}],"author":[{"embeddable":true,"href":"https:\/\/agrarias.ufpr.br\/fitotecnia\/wp-json\/wp\/v2\/users\/10255"}],"replies":[{"embeddable":true,"href":"https:\/\/agrarias.ufpr.br\/fitotecnia\/wp-json\/wp\/v2\/comments?post=2180"}],"version-history":[{"count":7,"href":"https:\/\/agrarias.ufpr.br\/fitotecnia\/wp-json\/wp\/v2\/pages\/2180\/revisions"}],"predecessor-version":[{"id":3094,"href":"https:\/\/agrarias.ufpr.br\/fitotecnia\/wp-json\/wp\/v2\/pages\/2180\/revisions\/3094"}],"wp:attachment":[{"href":"https:\/\/agrarias.ufpr.br\/fitotecnia\/wp-json\/wp\/v2\/media?parent=2180"}],"curies":[{"name":"wp","href":"https:\/\/api.w.org\/{rel}","templated":true}]}}

<p><strong>Curso</strong></p>
<p>Agronomia</p>
<p><strong>Ementa</strong></p>
<p>Aspectos específicos de cultivo e produção das principais culturas de interesse econômico regional, utilizadas principalmente como fornecedoras de alimento: Feijão, Milho, Arroz e Trigo.</p>
<p><strong>Natureza</strong></p>
<p>Obrigatória</p>
<p><strong>Carga horária</strong></p>
<p>60 horas</p>
<p><strong>Período</strong></p>
<p>1º e 2º</p>
<p><strong>Dia/Horário</strong></p>
<p>Segunda-feira /13:30 – 17:30 horas</p>
<p>Terça-feira /13:30 – 17:30 horas</p>
<p><strong>Docente</strong></p>
<p><a href="https://agrarias.ufpr.br/fitotecnia/jose-luis-camargo-zambon/">José Luís Camargo Zambon</a></p>

<p>Curso Agronomia Ementa Aspectos específicos de cultivo e produção das principais culturas de interesse econômico regional, utilizadas principalmente como fornecedoras de alimento: Feijão, Milho, Arroz e Trigo. Natureza Obrigatória Carga horária 60 horas Período 1º e 2º Dia/Horário Segunda-feira /13:30 – 17:30 horas Terça-feira /13:30 – 17:30 horas Docente José Luís Camargo Zambon</p>
