{"id":1923,"date":"2016-04-20T14:50:18","date_gmt":"2016-04-20T14:50:18","guid":{"rendered":"https:\/\/agrarias.ufpr.br\/fitotecnia\/?page_id=1923"},"modified":"2021-08-04T01:51:09","modified_gmt":"2021-08-04T01:51:09","slug":"cicero-deschamps","status":"publish","type":"page","link":"https:\/\/agrarias.ufpr.br\/fitotecnia\/cicero-deschamps\/","title":{"rendered":"Cicero Deschamps"},"content":{"rendered":"<p>Prof.&nbsp;Titular<\/p>\n<p><strong>Forma\u00e7\u00e3o Acad\u00eamica<\/strong><\/p>\n<p>P\u00f3s-Doutorado,&nbsp;Lancaster University, LANCASTER, Inglaterra (2011-2012)<\/p>\n<p>Dr. em em Fisiologia Vegetal\/Biologia Molecular, Purdue University, USA (2012)<\/p>\n<p>M.Sc. em Agronomia (Fisiologia Vegetal), UFLA (1993)<\/p>\n<p>Eng. Agr\u00f4nomo, UFSC (1987)<\/p>\n<p><strong>\u00c1rea\/Sub-\u00e1rea\/Linha de pesquisa<\/strong><\/p>\n<p>Horticultura<b>\/<\/b>Ecofisiologia e Metabolismo Secund\u00e1rio de Plantas<\/p>\n<p><strong>Disciplinas Ministradas na Gradua\u00e7\u00e3o&nbsp;<\/strong><\/p>\n<p><a href=\"https:\/\/agrarias.ufpr.br\/fitotecnia\/agricultura-especial-v-af-053\/\">AF 053 &#8211; Agricultura Especial V<\/a><\/p>\n<p><a href=\"https:\/\/agrarias.ufpr.br\/fitotecnia\/mecanismos-fisiologicos-da-producao-agricola-af-336\/\">AF 336 &#8211; Mecanismos Fisiol\u00f3gicos da Produ\u00e7\u00e3o Agr\u00edcola<\/a><\/p>\n<p><a href=\"https:\/\/agrarias.ufpr.br\/fitotecnia\/estagio-obrigatorio-supervisionado-em-agronomia-agro-001\/\">AGRO 001 &#8211; Est\u00e1gio Obrigat\u00f3rio Supervisionado em Agronomia<\/a><\/p>\n<p><a href=\"https:\/\/agrarias.ufpr.br\/fitotecnia\/introducao-a-pesquisa-em-fitotecnia-af048\/\">AF 048 \u2013 Introdu\u00e7\u00e3o \u00e0 Pesquisa em Fitotecnia&nbsp;(orienta\u00e7\u00e3o)<\/a><\/p>\n<p><strong>Disciplinas Ministradas na P\u00f3s-Gradua\u00e7\u00e3o<\/strong><\/p>\n<p class=\"Normal tm12\"><a href=\"https:\/\/agrarias.ufpr.br\/pgapv\/agro-7006-ecofisiologia-da-producao-vegetal\/\"><span class=\"tm13\">AGRO 7006 \u2013 Ecofisiologia da Produ\u00e7\u00e3o Vegetal<\/span><\/a><\/p>\n<p><a href=\"https:\/\/agrarias.ufpr.br\/pgapv\/agro-7027-pratica-docente-i\/\">AGRO 7027 \u2013 Pr\u00e1tica Docente I<\/a><\/p>\n<p><a href=\"https:\/\/agrarias.ufpr.br\/pgapv\/agro7028-pratica-docente-ii\/\">AGRO 7028 \u2013 Pr\u00e1tica Docente II<\/a><\/p>\n<p><strong>Laborat\u00f3rios\/Unidade de Apoio<\/strong><\/p>\n<p><a href=\"https:\/\/agrarias.ufpr.br\/fitotecnia\/laboratorio-de-ecofisiologia\/\">Laborat\u00f3rio de Ecofisiologia&nbsp;<\/a><\/p>\n<p><a href=\"https:\/\/agrarias.ufpr.br\/fitotecnia\/1447-2\/\">Laborat\u00f3rio de Micropropaga\u00e7\u00e3o de Plantas<\/a><\/p>\n<p><a href=\"https:\/\/agrarias.ufpr.br\/fitotecnia\/area-de-ensino-pesquisa-e-extensao-em-plantas-medicinais-aromaticas-e-condimentares-nucleo-tematico-em-horticultura\/\">\u00c1rea de Ensino, Pesquisa e Extens\u00e3o em Plantas Medicinais, Arom\u00e1ticas e Condimentares (N\u00facleo Tem\u00e1tico em Horticultura)<\/a><\/p>\n<p><strong>Publica\u00e7\u00f5es<\/strong><\/p>\n<p><strong><a href=\"http:\/\/buscatextual.cnpq.br\/buscatextual\/visualizacv.do?id=K4759559P2\"><img loading=\"lazy\" decoding=\"async\" class=\"alignnone wp-image-742\" src=\"https:\/\/agrarias.ufpr.br\/fitotecnia\/wp-content\/uploads\/sites\/26\/2016\/03\/icon_lattes.png\" alt=\"icon_lattes\" width=\"30\" height=\"29\"><\/a>&nbsp;<a href=\"http:\/\/buscatextual.cnpq.br\/buscatextual\/visualizacv.do?id=K4794275T1\">Lattes&nbsp;<\/a><strong class=\"alignnone\"><a href=\"https:\/\/www.researchgate.net\/profile\/Cicero_Deschamps\"><img loading=\"lazy\" decoding=\"async\" class=\"alignnone wp-image-1136 size-full\" src=\"https:\/\/agrarias.ufpr.br\/fitotecnia\/wp-content\/uploads\/sites\/26\/2016\/03\/apple-touch-icon-180x180-e1459453504744.png\" alt=\"apple-touch-icon-180x180\" width=\"29\" height=\"29\">&nbsp;<\/a><a class=\"alignnone\" href=\"https:\/\/www.researchgate.net\/profile\/Cicero_Deschamps\">Research Gate<\/a><\/strong>&nbsp;<strong class=\"alignnone\"><a class=\"alignnone\" href=\"https:\/\/orcid.org\/0000-0001-5358-3869\"><img loading=\"lazy\" decoding=\"async\" class=\"alignnone wp-image-4146\" src=\"https:\/\/agrarias.ufpr.br\/pgapven\/wp-content\/uploads\/sites\/45\/2021\/02\/unnamed.jpg\" alt=\"\" width=\"93\" height=\"37\"><\/a><\/strong><\/strong><\/p>\n<p><strong>Contatos<\/strong><\/p>\n<p><img loading=\"lazy\" decoding=\"async\" class=\"wp-image-758 alignnone\" src=\"https:\/\/agrarias.ufpr.br\/fitotecnia\/wp-content\/uploads\/sites\/26\/2016\/03\/telefone.png\" alt=\"telefone\" width=\"22\" height=\"22\" srcset=\"https:\/\/agrarias.ufpr.br\/fitotecnia\/wp-content\/uploads\/sites\/26\/2016\/03\/telefone.png 200w, https:\/\/agrarias.ufpr.br\/fitotecnia\/wp-content\/uploads\/sites\/26\/2016\/03\/telefone-150x150.png 150w\" sizes=\"auto, (max-width: 22px) 100vw, 22px\" \/>+55 (41) 3350-5687<\/p>\n<p><img loading=\"lazy\" decoding=\"async\" class=\"alignnone wp-image-757\" src=\"https:\/\/agrarias.ufpr.br\/fitotecnia\/wp-content\/uploads\/sites\/26\/2016\/03\/email-small-.jpg\" alt=\"email small\" width=\"22\" height=\"22\"> cicero@ufpr.br<\/p>\n","protected":false},"excerpt":{"rendered":"<p>Prof.&nbsp;Titular Forma\u00e7\u00e3o Acad\u00eamica P\u00f3s-Doutorado,&nbsp;Lancaster University, LANCASTER, Inglaterra (2011-2012) Dr. em em Fisiologia Vegetal\/Biologia Molecular, Purdue University, USA (2012) M.Sc. em Agronomia (Fisiologia Vegetal), UFLA (1993) Eng. Agr\u00f4nomo, UFSC (1987) \u00c1rea\/Sub-\u00e1rea\/Linha de pesquisa Horticultura\/Ecofisiologia e Metabolismo Secund\u00e1rio de Plantas Disciplinas Ministradas na Gradua\u00e7\u00e3o&nbsp; AF 053 &#8211; Agricultura Especial V AF 336 &#8211; Mecanismos Fisiol\u00f3gicos da Produ\u00e7\u00e3o [&hellip;]<\/p>\n","protected":false},"author":10255,"featured_media":0,"parent":0,"menu_order":0,"comment_status":"closed","ping_status":"closed","template":"","meta":{"footnotes":""},"class_list":["post-1923","page","type-page","status-publish","hentry"],"_links":{"self":[{"href":"https:\/\/agrarias.ufpr.br\/fitotecnia\/wp-json\/wp\/v2\/pages\/1923","targetHints":{"allow":["GET"]}}],"collection":[{"href":"https:\/\/agrarias.ufpr.br\/fitotecnia\/wp-json\/wp\/v2\/pages"}],"about":[{"href":"https:\/\/agrarias.ufpr.br\/fitotecnia\/wp-json\/wp\/v2\/types\/page"}],"author":[{"embeddable":true,"href":"https:\/\/agrarias.ufpr.br\/fitotecnia\/wp-json\/wp\/v2\/users\/10255"}],"replies":[{"embeddable":true,"href":"https:\/\/agrarias.ufpr.br\/fitotecnia\/wp-json\/wp\/v2\/comments?post=1923"}],"version-history":[{"count":27,"href":"https:\/\/agrarias.ufpr.br\/fitotecnia\/wp-json\/wp\/v2\/pages\/1923\/revisions"}],"predecessor-version":[{"id":5161,"href":"https:\/\/agrarias.ufpr.br\/fitotecnia\/wp-json\/wp\/v2\/pages\/1923\/revisions\/5161"}],"wp:attachment":[{"href":"https:\/\/agrarias.ufpr.br\/fitotecnia\/wp-json\/wp\/v2\/media?parent=1923"}],"curies":[{"name":"wp","href":"https:\/\/api.w.org\/{rel}","templated":true}]}}