{"id":1819,"date":"2016-04-20T12:42:10","date_gmt":"2016-04-20T12:42:10","guid":{"rendered":"https:\/\/agrarias.ufpr.br\/fitotecnia\/?page_id=1819"},"modified":"2016-05-04T18:00:12","modified_gmt":"2016-05-04T18:00:12","slug":"oswaldo-teruyo-ido","status":"publish","type":"page","link":"https:\/\/agrarias.ufpr.br\/fitotecnia\/oswaldo-teruyo-ido\/","title":{"rendered":"Oswaldo Teruyo Ido"},"content":{"rendered":"<p><strong>\u00a0<\/strong>Professor Associado<\/p>\n<p><strong>Forma\u00e7\u00e3o acad\u00eamica\u00a0<\/strong><\/p>\n<p>Dr em Agronomia-Produ\u00e7\u00e3o Vegetal, UFPR (2003)<\/p>\n<p>M.Sc. em Agronomia-Produ\u00e7\u00e3o Vegetal, UFPR (1997)<\/p>\n<p>Eng. Agr\u00f4nomo, UFPR (1970)<\/p>\n<p><strong>\u00c1rea\/Sub-\u00e1rea\/Linha de pesquisa<\/strong><\/p>\n<p>Agricultura\/Grandes culturas\/Melhoramento Gen\u00e9tico da Cana-de-A\u00e7\u00facar<\/p>\n<p><strong>Disciplinas Ministradas na Gradua\u00e7\u00e3o<\/strong><\/p>\n<p><a href=\"https:\/\/agrarias.ufpr.br\/fitotecnia\/agricultura-geral-af001\/\">AF 001 \u2013 Agricultura Geral<\/a><\/p>\n<p><a href=\"https:\/\/agrarias.ufpr.br\/fitotecnia\/estagio-obrigatorio-supervisionado-em-agronomia-agro-001\/\">AGRO 001 &#8211; Est\u00e1gio Obrigat\u00f3rio Supervisionado em Agronomia<\/a><\/p>\n<p><a href=\"https:\/\/agrarias.ufpr.br\/fitotecnia\/introducao-a-pesquisa-em-fitotecnia-af048\/\">AF 048 \u2013 Introdu\u00e7\u00e3o \u00e0 Pesquisa em Fitotecnia\u00a0(orienta\u00e7\u00e3o)<\/a><\/p>\n<p><strong>Publica\u00e7\u00f5es<\/strong><\/p>\n<p><strong><a href=\"\/\/lattes.cnpq.br\/9035585023123817\"><img loading=\"lazy\" decoding=\"async\" class=\"alignnone wp-image-742\" src=\"https:\/\/agrarias.ufpr.br\/fitotecnia\/wp-content\/uploads\/sites\/26\/2016\/03\/icon_lattes.png\" alt=\"icon_lattes\" width=\"30\" height=\"29\" \/><\/a>\u00a0<a href=\"http:\/\/lattes.cnpq.br\/9035585023123817\">Lattes<\/a><\/strong><\/p>\n<p><strong>Contatos<\/strong><\/p>\n<p><img loading=\"lazy\" decoding=\"async\" class=\"wp-image-758 alignnone\" src=\"https:\/\/agrarias.ufpr.br\/fitotecnia\/wp-content\/uploads\/sites\/26\/2016\/03\/telefone.png\" alt=\"telefone\" width=\"22\" height=\"22\" srcset=\"https:\/\/agrarias.ufpr.br\/fitotecnia\/wp-content\/uploads\/sites\/26\/2016\/03\/telefone.png 200w, https:\/\/agrarias.ufpr.br\/fitotecnia\/wp-content\/uploads\/sites\/26\/2016\/03\/telefone-150x150.png 150w\" sizes=\"auto, (max-width: 22px) 100vw, 22px\" \/>+55 (41) 3350-5717<\/p>\n<p><img loading=\"lazy\" decoding=\"async\" class=\"alignnone wp-image-757\" src=\"https:\/\/agrarias.ufpr.br\/fitotecnia\/wp-content\/uploads\/sites\/26\/2016\/03\/email-small-.jpg\" alt=\"email small\" width=\"22\" height=\"22\" \/>\u00a0ido@ufpr.br<\/p>\n<div class=\"t4p-reading-box-container reading-box-container-1\"><\/div>\n","protected":false},"excerpt":{"rendered":"<p>\u00a0Professor Associado Forma\u00e7\u00e3o acad\u00eamica\u00a0 Dr em Agronomia-Produ\u00e7\u00e3o Vegetal, UFPR (2003) M.Sc. em Agronomia-Produ\u00e7\u00e3o Vegetal, UFPR (1997) Eng. Agr\u00f4nomo, UFPR (1970) \u00c1rea\/Sub-\u00e1rea\/Linha de pesquisa Agricultura\/Grandes culturas\/Melhoramento Gen\u00e9tico da Cana-de-A\u00e7\u00facar Disciplinas Ministradas na Gradua\u00e7\u00e3o AF 001 \u2013 Agricultura Geral AGRO 001 &#8211; Est\u00e1gio Obrigat\u00f3rio Supervisionado em Agronomia AF 048 \u2013 Introdu\u00e7\u00e3o \u00e0 Pesquisa em Fitotecnia\u00a0(orienta\u00e7\u00e3o) Publica\u00e7\u00f5es \u00a0Lattes [&hellip;]<\/p>\n","protected":false},"author":10255,"featured_media":0,"parent":0,"menu_order":0,"comment_status":"closed","ping_status":"closed","template":"","meta":{"footnotes":""},"class_list":["post-1819","page","type-page","status-publish","hentry"],"_links":{"self":[{"href":"https:\/\/agrarias.ufpr.br\/fitotecnia\/wp-json\/wp\/v2\/pages\/1819","targetHints":{"allow":["GET"]}}],"collection":[{"href":"https:\/\/agrarias.ufpr.br\/fitotecnia\/wp-json\/wp\/v2\/pages"}],"about":[{"href":"https:\/\/agrarias.ufpr.br\/fitotecnia\/wp-json\/wp\/v2\/types\/page"}],"author":[{"embeddable":true,"href":"https:\/\/agrarias.ufpr.br\/fitotecnia\/wp-json\/wp\/v2\/users\/10255"}],"replies":[{"embeddable":true,"href":"https:\/\/agrarias.ufpr.br\/fitotecnia\/wp-json\/wp\/v2\/comments?post=1819"}],"version-history":[{"count":9,"href":"https:\/\/agrarias.ufpr.br\/fitotecnia\/wp-json\/wp\/v2\/pages\/1819\/revisions"}],"predecessor-version":[{"id":2885,"href":"https:\/\/agrarias.ufpr.br\/fitotecnia\/wp-json\/wp\/v2\/pages\/1819\/revisions\/2885"}],"wp:attachment":[{"href":"https:\/\/agrarias.ufpr.br\/fitotecnia\/wp-json\/wp\/v2\/media?parent=1819"}],"curies":[{"name":"wp","href":"https:\/\/api.w.org\/{rel}","templated":true}]}}