{"id":1545,"date":"2016-04-12T11:43:50","date_gmt":"2016-04-12T11:43:50","guid":{"rendered":"https:\/\/agrarias.ufpr.br\/fitotecnia\/?page_id=1545"},"modified":"2021-02-26T14:59:57","modified_gmt":"2021-02-26T14:59:57","slug":"lino-bittencourt-monteiro","status":"publish","type":"page","link":"https:\/\/agrarias.ufpr.br\/fitotecnia\/lino-bittencourt-monteiro\/","title":{"rendered":"Lino Bittencourt Monteiro"},"content":{"rendered":"<p>Professor Titular<\/p>\n<p><strong>Forma\u00e7\u00e3o Acad\u00eamica&nbsp;<\/strong><\/p>\n<p>P\u00f3s-Doutorado, Institut National de La Recherche Agronomique, INRA, Fran\u00e7a (2008-2008)<\/p>\n<p>PhD em Sciences Agronomiques.&nbsp;\u00c9cole Nationale Sup\u00e9rieure Agronomique de Montpellier, E.N.S.A.M., Fran\u00e7a (1991)<\/p>\n<p>M.Sc. Etudes Sp\u00e9ciales en Phytopharmacie et Phytiatrie, Facult\u00e9 Des Sciences Agronomiques de L&#8217;etat \u00e0 Gembloux, F.S.A.E.G., B\u00e9lgica (1985)<\/p>\n<p>Eng. Agr\u00f4nomo, UFPel (1983)<\/p>\n<p><strong>\u00c1rea\/Sub-\u00e1rea\/Linha de pesquisa<\/strong><\/p>\n<p>Fitossanidade\/Entomologia\/ Manejo de pragas com \u00eanfase para controle biol\u00f3gico e uso de semioqu\u00edmicos. Estudos sobre resist\u00eancia de artr\u00f3podos a produtos fitossanit\u00e1rios<\/p>\n<p><strong>Disciplinas Ministradas na&nbsp;<\/strong><strong>Gradua\u00e7\u00e3o<\/strong><\/p>\n<p><a href=\"https:\/\/agrarias.ufpr.br\/fitotecnia\/manejo-integrado-de-pragas-af333\/\">AF 333 &#8211; Manejo Integrado de Pragas&nbsp;<\/a><\/p>\n<p><a href=\"https:\/\/agrarias.ufpr.br\/fitotecnia\/estagio-obrigatorio-supervisionado-em-agronomia-agro-001\/\">AGRO 001 &#8211; Est\u00e1gio Obrigat\u00f3rio Supervisionado em Agronomia<\/a><\/p>\n<p><a href=\"https:\/\/agrarias.ufpr.br\/fitotecnia\/introducao-a-pesquisa-em-fitotecnia-af048\/\">AF 048 \u2013 Introdu\u00e7\u00e3o \u00e0 Pesquisa em Fitotecnia&nbsp;(orienta\u00e7\u00e3o)<\/a><\/p>\n<p><strong>Disciplinas Ministradas na P\u00f3s-gradua\u00e7\u00e3o<\/strong><\/p>\n<p><a href=\"http:\/\/www.pgapv.agrarias.ufpr.br\/\">AF 714 &#8211;&nbsp;Manejo Integrado de Pragas&nbsp;<\/a><\/p>\n<p><strong>Laborat\u00f3rio<\/strong><\/p>\n<p><a href=\"https:\/\/agrarias.ufpr.br\/fitotecnia\/laboratorio-de-manejo-integrado-de-pragas-lamip\/\">Laborat\u00f3rio de Manejo Integrado de Pragas (LAMIP)<\/a><\/p>\n<p><strong>Publica\u00e7\u00f5es<\/strong><\/p>\n<p><strong><a href=\"http:\/\/lattes.cnpq.br\/4028232217904695\"><img loading=\"lazy\" decoding=\"async\" class=\"alignnone wp-image-742\" src=\"https:\/\/agrarias.ufpr.br\/fitotecnia\/wp-content\/uploads\/sites\/26\/2016\/03\/icon_lattes.png\" alt=\"icon_lattes\" width=\"30\" height=\"29\"><\/a>&nbsp;<a href=\"http:\/\/lattes.cnpq.br\/4028232217904695\">Lattes<\/a>&nbsp;<a href=\"https:\/\/www.researchgate.net\/profile\/Lino_Monteiro\"><img loading=\"lazy\" decoding=\"async\" class=\"alignnone wp-image-1136 size-full\" src=\"https:\/\/agrarias.ufpr.br\/fitotecnia\/wp-content\/uploads\/sites\/26\/2016\/03\/apple-touch-icon-180x180-e1459453504744.png\" alt=\"apple-touch-icon-180x180\" width=\"29\" height=\"29\"><\/a>&nbsp;<a href=\"https:\/\/www.researchgate.net\/profile\/Lino_Monteiro\">ResearchGate&nbsp;<\/a><a href=\"https:\/\/orcid.org\/0000-0001-7454-1879\"><img loading=\"lazy\" decoding=\"async\" class=\"alignnone wp-image-4780\" src=\"https:\/\/agrarias.ufpr.br\/fitotecnia\/wp-content\/uploads\/sites\/26\/2021\/02\/unnamed-1.jpg\" alt=\"\" width=\"93\" height=\"37\" srcset=\"https:\/\/agrarias.ufpr.br\/fitotecnia\/wp-content\/uploads\/sites\/26\/2021\/02\/unnamed-1.jpg 347w, https:\/\/agrarias.ufpr.br\/fitotecnia\/wp-content\/uploads\/sites\/26\/2021\/02\/unnamed-1-300x119.jpg 300w, https:\/\/agrarias.ufpr.br\/fitotecnia\/wp-content\/uploads\/sites\/26\/2021\/02\/unnamed-1-250x99.jpg 250w\" sizes=\"auto, (max-width: 93px) 100vw, 93px\" \/><\/a><\/strong><\/p>\n<p><strong>Contatos<\/strong><\/p>\n<p><img loading=\"lazy\" decoding=\"async\" class=\"wp-image-758 alignnone\" src=\"https:\/\/agrarias.ufpr.br\/fitotecnia\/wp-content\/uploads\/sites\/26\/2016\/03\/telefone.png\" alt=\"telefone\" width=\"22\" height=\"22\" srcset=\"https:\/\/agrarias.ufpr.br\/fitotecnia\/wp-content\/uploads\/sites\/26\/2016\/03\/telefone.png 200w, https:\/\/agrarias.ufpr.br\/fitotecnia\/wp-content\/uploads\/sites\/26\/2016\/03\/telefone-150x150.png 150w\" sizes=\"auto, (max-width: 22px) 100vw, 22px\" \/>+55 (41) 3350-5671<\/p>\n<p><img loading=\"lazy\" decoding=\"async\" class=\"alignnone wp-image-757\" src=\"https:\/\/agrarias.ufpr.br\/fitotecnia\/wp-content\/uploads\/sites\/26\/2016\/03\/email-small-.jpg\" alt=\"email small\" width=\"22\" height=\"22\"> lbmonteiro@terra.com.br<\/p>\n<div class=\"t4p-reading-box-container reading-box-container-1\">&nbsp;<\/div>\n","protected":false},"excerpt":{"rendered":"<p>Professor Titular Forma\u00e7\u00e3o Acad\u00eamica&nbsp; P\u00f3s-Doutorado, Institut National de La Recherche Agronomique, INRA, Fran\u00e7a (2008-2008) PhD em Sciences Agronomiques.&nbsp;\u00c9cole Nationale Sup\u00e9rieure Agronomique de Montpellier, E.N.S.A.M., Fran\u00e7a (1991) M.Sc. Etudes Sp\u00e9ciales en Phytopharmacie et Phytiatrie, Facult\u00e9 Des Sciences Agronomiques de L&#8217;etat \u00e0 Gembloux, F.S.A.E.G., B\u00e9lgica (1985) Eng. Agr\u00f4nomo, UFPel (1983) \u00c1rea\/Sub-\u00e1rea\/Linha de pesquisa Fitossanidade\/Entomologia\/ Manejo de pragas [&hellip;]<\/p>\n","protected":false},"author":3,"featured_media":0,"parent":0,"menu_order":0,"comment_status":"closed","ping_status":"closed","template":"","meta":{"footnotes":""},"class_list":["post-1545","page","type-page","status-publish","hentry"],"_links":{"self":[{"href":"https:\/\/agrarias.ufpr.br\/fitotecnia\/wp-json\/wp\/v2\/pages\/1545","targetHints":{"allow":["GET"]}}],"collection":[{"href":"https:\/\/agrarias.ufpr.br\/fitotecnia\/wp-json\/wp\/v2\/pages"}],"about":[{"href":"https:\/\/agrarias.ufpr.br\/fitotecnia\/wp-json\/wp\/v2\/types\/page"}],"author":[{"embeddable":true,"href":"https:\/\/agrarias.ufpr.br\/fitotecnia\/wp-json\/wp\/v2\/users\/3"}],"replies":[{"embeddable":true,"href":"https:\/\/agrarias.ufpr.br\/fitotecnia\/wp-json\/wp\/v2\/comments?post=1545"}],"version-history":[{"count":19,"href":"https:\/\/agrarias.ufpr.br\/fitotecnia\/wp-json\/wp\/v2\/pages\/1545\/revisions"}],"predecessor-version":[{"id":4834,"href":"https:\/\/agrarias.ufpr.br\/fitotecnia\/wp-json\/wp\/v2\/pages\/1545\/revisions\/4834"}],"wp:attachment":[{"href":"https:\/\/agrarias.ufpr.br\/fitotecnia\/wp-json\/wp\/v2\/media?parent=1545"}],"curies":[{"name":"wp","href":"https:\/\/api.w.org\/{rel}","templated":true}]}}