{"id":1532,"date":"2016-04-12T11:26:58","date_gmt":"2016-04-12T11:26:58","guid":{"rendered":"https:\/\/agrarias.ufpr.br\/fitotecnia\/?page_id=1532"},"modified":"2016-04-26T17:23:03","modified_gmt":"2016-04-26T17:23:03","slug":"producao-integrada-de-sistemas-agropecuarios","status":"publish","type":"page","link":"https:\/\/agrarias.ufpr.br\/fitotecnia\/producao-integrada-de-sistemas-agropecuarios\/","title":{"rendered":"Produ\u00e7\u00e3o Integrada de Sistemas Agropecu\u00e1rios"},"content":{"rendered":"<p><strong>Resumo<\/strong><\/p>\n<p>Este projeto visa promover o desenvolvimento sustent\u00e1vel no \u00e2mbito da microbacia hidrogr\u00e1fica, como unidade b\u00e1sica de planejamento, por meio da difus\u00e3o de tecnologias sustent\u00e1veis e transforma\u00e7\u00e3o do processo produtivo, para obten\u00e7\u00e3o de alimentos seguros, com qualidade, competitividade, e gera\u00e7\u00e3o de emprego e renda.<\/p>\n<p><strong>Coordenadores<\/strong><\/p>\n<p><a href=\"https:\/\/agrarias.ufpr.br\/fitotecnia\/anibal-de-moraes\/\">Anibal de Moraes<\/a><\/p>\n<p><a href=\"https:\/\/agrarias.ufpr.br\/fitotecnia\/adelino-pelissaria\/\">Adelino Pelissari<\/a><\/p>\n<p><a href=\"https:\/\/agrarias.ufpr.br\/fitotecnia\/claudete-reisdorfer-lang\/\">Claudete Reisdorfer Lang<\/a><\/p>\n","protected":false},"excerpt":{"rendered":"<p>Resumo Este projeto visa promover o desenvolvimento sustent\u00e1vel no \u00e2mbito da microbacia hidrogr\u00e1fica, como unidade b\u00e1sica de planejamento, por meio da difus\u00e3o de tecnologias sustent\u00e1veis e transforma\u00e7\u00e3o do processo produtivo, para obten\u00e7\u00e3o de alimentos seguros, com qualidade, competitividade, e gera\u00e7\u00e3o de emprego e renda. Coordenadores Anibal de Moraes Adelino Pelissari Claudete Reisdorfer Lang<\/p>\n","protected":false},"author":3,"featured_media":0,"parent":0,"menu_order":0,"comment_status":"closed","ping_status":"closed","template":"","meta":{"footnotes":""},"class_list":["post-1532","page","type-page","status-publish","hentry"],"_links":{"self":[{"href":"https:\/\/agrarias.ufpr.br\/fitotecnia\/wp-json\/wp\/v2\/pages\/1532","targetHints":{"allow":["GET"]}}],"collection":[{"href":"https:\/\/agrarias.ufpr.br\/fitotecnia\/wp-json\/wp\/v2\/pages"}],"about":[{"href":"https:\/\/agrarias.ufpr.br\/fitotecnia\/wp-json\/wp\/v2\/types\/page"}],"author":[{"embeddable":true,"href":"https:\/\/agrarias.ufpr.br\/fitotecnia\/wp-json\/wp\/v2\/users\/3"}],"replies":[{"embeddable":true,"href":"https:\/\/agrarias.ufpr.br\/fitotecnia\/wp-json\/wp\/v2\/comments?post=1532"}],"version-history":[{"count":3,"href":"https:\/\/agrarias.ufpr.br\/fitotecnia\/wp-json\/wp\/v2\/pages\/1532\/revisions"}],"predecessor-version":[{"id":2204,"href":"https:\/\/agrarias.ufpr.br\/fitotecnia\/wp-json\/wp\/v2\/pages\/1532\/revisions\/2204"}],"wp:attachment":[{"href":"https:\/\/agrarias.ufpr.br\/fitotecnia\/wp-json\/wp\/v2\/media?parent=1532"}],"curies":[{"name":"wp","href":"https:\/\/api.w.org\/{rel}","templated":true}]}}