{"id":1447,"date":"2016-04-07T15:12:10","date_gmt":"2016-04-07T15:12:10","guid":{"rendered":"https:\/\/agrarias.ufpr.br\/fitotecnia\/?page_id=1447"},"modified":"2025-02-18T18:46:33","modified_gmt":"2025-02-18T18:46:33","slug":"1447-2","status":"publish","type":"page","link":"https:\/\/agrarias.ufpr.br\/fitotecnia\/1447-2\/","title":{"rendered":"Laborat\u00f3rio de Micropropaga\u00e7\u00e3o de Plantas"},"content":{"rendered":"<p class=\"Normal tm5\"><strong><span class=\"tm7\">Interesses de pesquisa<\/span><\/strong><\/p>\n<p class=\"Normal tm8\"><span class=\"tm6\">O Laborat\u00f3rio atende as atividades de ensino e pesquisa de alunos de gradua\u00e7\u00e3o e p\u00f3s-gradua\u00e7\u00e3o. As pesquisas desenvolvidas envolvem a cultura de tecidos de plantas, com \u00eanfase na micropropaga\u00e7\u00e3o, embriog\u00eanese som\u00e1tica, micro-enxertia e cultura de c\u00e9lulas em suspens\u00e3o de esp\u00e9cies frut\u00edferas, florestais, ornamentais, medicinais e grandes culturas. Tamb\u00e9m s\u00e3o realizados trabalhos de transforma\u00e7\u00e3o gen\u00e9tica por\u00a0<\/span><em><span class=\"tm9\">Agrobacterium<\/span><\/em><span class=\"tm6\">\u00a0e biobal\u00edstica.<\/span><\/p>\n<p><strong>Coordenador<\/strong><\/p>\n<p><a href=\"https:\/\/agrarias.ufpr.br\/fitotecnia\/luiz-antonio-biasi\/\">Luiz Antonio Biasi<\/a><\/p>\n<p><strong>Colaboradores<\/strong><\/p>\n<p><a href=\"https:\/\/agrarias.ufpr.br\/fitotecnia\/cicero-deschamps\/\">C\u00edcero Deschamps\u00a0<\/a><\/p>\n<p class=\"Normal tm5\"><a href=\"https:\/\/agrarias.ufpr.br\/fitotecnia\/daniela\/\"><span class=\"tm6\">Daniella Nogueira Moraes Carneiro<\/span><\/a><\/p>\n<p><a href=\"https:\/\/agrarias.ufpr.br\/fitotecnia\/joao-carlos-bespalhok-filho\/\">Jo\u00e3o Carlos Bespalhok Filho<\/a><\/p>\n<p><strong>T\u00e9cnico<\/strong><\/p>\n<p><a href=\"https:\/\/agrarias.ufpr.br\/fitotecnia\/servidores\/\">Carlos Eduardo Piemonte Maduro\u00a0<\/a><\/p>\n<p><strong>Contatos<\/strong><\/p>\n<p><strong><img loading=\"lazy\" decoding=\"async\" class=\"wp-image-758 alignnone\" src=\"https:\/\/agrarias.ufpr.br\/fitotecnia\/wp-content\/uploads\/sites\/26\/2016\/03\/telefone.png\" alt=\"telefone\" width=\"22\" height=\"22\" srcset=\"https:\/\/agrarias.ufpr.br\/fitotecnia\/wp-content\/uploads\/sites\/26\/2016\/03\/telefone.png 200w, https:\/\/agrarias.ufpr.br\/fitotecnia\/wp-content\/uploads\/sites\/26\/2016\/03\/telefone-150x150.png 150w\" sizes=\"auto, (max-width: 22px) 100vw, 22px\" \/>\u00a0<\/strong>+55 (41) 3350-5728<\/p>\n<p style=\"text-align: center\"><strong>Fotos<\/strong><\/p>\n<p>[Best_Wordpress_Gallery id=&#8221;13&#8243; gal_title=&#8221;Micropropagacao&#8221;]<\/p>\n","protected":false},"excerpt":{"rendered":"<p>Interesses de pesquisa O Laborat\u00f3rio atende as atividades de ensino e pesquisa de alunos de gradua\u00e7\u00e3o e p\u00f3s-gradua\u00e7\u00e3o. As pesquisas desenvolvidas envolvem a cultura de tecidos de plantas, com \u00eanfase na micropropaga\u00e7\u00e3o, embriog\u00eanese som\u00e1tica, micro-enxertia e cultura de c\u00e9lulas em suspens\u00e3o de esp\u00e9cies frut\u00edferas, florestais, ornamentais, medicinais e grandes culturas. Tamb\u00e9m s\u00e3o realizados trabalhos de [&hellip;]<\/p>\n","protected":false},"author":3,"featured_media":0,"parent":0,"menu_order":0,"comment_status":"closed","ping_status":"closed","template":"","meta":{"footnotes":""},"class_list":["post-1447","page","type-page","status-publish","hentry"],"_links":{"self":[{"href":"https:\/\/agrarias.ufpr.br\/fitotecnia\/wp-json\/wp\/v2\/pages\/1447","targetHints":{"allow":["GET"]}}],"collection":[{"href":"https:\/\/agrarias.ufpr.br\/fitotecnia\/wp-json\/wp\/v2\/pages"}],"about":[{"href":"https:\/\/agrarias.ufpr.br\/fitotecnia\/wp-json\/wp\/v2\/types\/page"}],"author":[{"embeddable":true,"href":"https:\/\/agrarias.ufpr.br\/fitotecnia\/wp-json\/wp\/v2\/users\/3"}],"replies":[{"embeddable":true,"href":"https:\/\/agrarias.ufpr.br\/fitotecnia\/wp-json\/wp\/v2\/comments?post=1447"}],"version-history":[{"count":19,"href":"https:\/\/agrarias.ufpr.br\/fitotecnia\/wp-json\/wp\/v2\/pages\/1447\/revisions"}],"predecessor-version":[{"id":6019,"href":"https:\/\/agrarias.ufpr.br\/fitotecnia\/wp-json\/wp\/v2\/pages\/1447\/revisions\/6019"}],"wp:attachment":[{"href":"https:\/\/agrarias.ufpr.br\/fitotecnia\/wp-json\/wp\/v2\/media?parent=1447"}],"curies":[{"name":"wp","href":"https:\/\/api.w.org\/{rel}","templated":true}]}}

Laboratório de Micropropagação de Plantas

<p class="Normal tm5"><strong><span class="tm7">Interesses de pesquisa</span></strong></p>
<p class="Normal tm8"><span class="tm6">O Laboratório atende as atividades de ensino e pesquisa de alunos de graduação e pós-graduação. As pesquisas desenvolvidas envolvem a cultura de tecidos de plantas, com ênfase na micropropagação, embriogênese somática, micro-enxertia e cultura de células em suspensão de espécies frutíferas, florestais, ornamentais, medicinais e grandes culturas. Também são realizados trabalhos de transformação genética por </span><em><span class="tm9">Agrobacterium</span></em><span class="tm6"> e biobalística.</span></p>
<p><strong>Coordenador</strong></p>
<p><a href="https://agrarias.ufpr.br/fitotecnia/luiz-antonio-biasi/">Luiz Antonio Biasi</a></p>
<p><strong>Colaboradores</strong></p>
<p><a href="https://agrarias.ufpr.br/fitotecnia/cicero-deschamps/">Cícero Deschamps </a></p>
<p class="Normal tm5"><a href="https://agrarias.ufpr.br/fitotecnia/daniela/"><span class="tm6">Daniella Nogueira Moraes Carneiro</span></a></p>
<p><a href="https://agrarias.ufpr.br/fitotecnia/joao-carlos-bespalhok-filho/">João Carlos Bespalhok Filho</a></p>
<p><strong>Técnico</strong></p>
<p><a href="https://agrarias.ufpr.br/fitotecnia/servidores/">Carlos Eduardo Piemonte Maduro </a></p>
<p><strong>Contatos</strong></p>
<p><strong><img loading="lazy" decoding="async" class="wp-image-758 alignnone" src="https://agrarias.ufpr.br/fitotecnia/wp-content/uploads/sites/26/2016/03/telefone.png" alt="telefone" width="22" height="22" srcset="https://agrarias.ufpr.br/fitotecnia/wp-content/uploads/sites/26/2016/03/telefone.png 200w, https://agrarias.ufpr.br/fitotecnia/wp-content/uploads/sites/26/2016/03/telefone-150x150.png 150w" sizes="auto, (max-width: 22px) 100vw, 22px" /> </strong>+55 (41) 3350-5728</p>
<p style="text-align: center"><strong>Fotos</strong></p>
<p>[Best_Wordpress_Gallery id=&#8221;13&#8243; gal_title=&#8221;Micropropagacao&#8221;]</p>

<p>Interesses de pesquisa O Laboratório atende as atividades de ensino e pesquisa de alunos de graduação e pós-graduação. As pesquisas desenvolvidas envolvem a cultura de tecidos de plantas, com ênfase na micropropagação, embriogênese somática, micro-enxertia e cultura de células em suspensão de espécies frutíferas, florestais, ornamentais, medicinais e grandes culturas. Também são realizados trabalhos de [&hellip;]</p>
