{"id":1248,"date":"2016-04-01T17:49:55","date_gmt":"2016-04-01T17:49:55","guid":{"rendered":"https:\/\/agrarias.ufpr.br\/fitotecnia\/?page_id=1248"},"modified":"2021-03-10T13:11:24","modified_gmt":"2021-03-10T13:11:24","slug":"1248-2","status":"publish","type":"page","link":"https:\/\/agrarias.ufpr.br\/fitotecnia\/1248-2\/","title":{"rendered":"P\u00f3s-colheita de plantas hort\u00edcolas"},"content":{"rendered":"<p><del><\/del><strong>Resumo<\/strong><\/p>\n<p style=\"text-align: justify\">Os objetivos deste projeto s\u00e3o avaliar a qualidade e seguran\u00e7a alimentar de produtos hort\u00edcolas, avaliar a influ\u00eancia dos fatores pr\u00e9 e p\u00f3s-colheita na longevidade dos produtos, avaliar e desenvolver tecnologias de produ\u00e7\u00e3o que permitam aumentar a longevidade e reduzir as perdas dos produtos durante toda a cadeia produtiva.<\/p>\n<p style=\"text-align: justify\"><strong>Coordenadora<\/strong><\/p>\n<p style=\"text-align: justify\"><a href=\"https:\/\/agrarias.ufpr.br\/fitotecnia\/francine-lorena-cuquel\/\">Francine Lorena Cuquel<\/a><\/p>\n<p>&nbsp;<\/p>\n<p>Colaboradores<\/p>\n<p>Camila Pereira Croge<\/p>\n<p>Claudine Maria de Bona<\/p>\n<p>Edson Shigueaki Nomura<\/p>\n<p>Erval Rafael Damatto Junior<\/p>\n<p>Luiz Antonio Biasi<\/p>\n<p>Maria Aparecida Cassilha Zawadneak<\/p>\n<p>Mauro Brasil Dias Tofanelli<\/p>\n<p>Mayara Alves Schroder<\/p>\n<p>Paula Toshimi Matumoto-Pintro<\/p>\n<p>J\u00e9ssica Welinski De Oliveira D\u00b4Angelo<\/p>\n","protected":false},"excerpt":{"rendered":"<p>Resumo Os objetivos deste projeto s\u00e3o avaliar a qualidade e seguran\u00e7a alimentar de produtos hort\u00edcolas, avaliar a influ\u00eancia dos fatores pr\u00e9 e p\u00f3s-colheita na longevidade dos produtos, avaliar e desenvolver tecnologias de produ\u00e7\u00e3o que permitam aumentar a longevidade e reduzir as perdas dos produtos durante toda a cadeia produtiva. Coordenadora Francine Lorena Cuquel &nbsp; Colaboradores [&hellip;]<\/p>\n","protected":false},"author":3,"featured_media":0,"parent":0,"menu_order":0,"comment_status":"closed","ping_status":"closed","template":"","meta":{"footnotes":""},"class_list":["post-1248","page","type-page","status-publish","hentry"],"_links":{"self":[{"href":"https:\/\/agrarias.ufpr.br\/fitotecnia\/wp-json\/wp\/v2\/pages\/1248","targetHints":{"allow":["GET"]}}],"collection":[{"href":"https:\/\/agrarias.ufpr.br\/fitotecnia\/wp-json\/wp\/v2\/pages"}],"about":[{"href":"https:\/\/agrarias.ufpr.br\/fitotecnia\/wp-json\/wp\/v2\/types\/page"}],"author":[{"embeddable":true,"href":"https:\/\/agrarias.ufpr.br\/fitotecnia\/wp-json\/wp\/v2\/users\/3"}],"replies":[{"embeddable":true,"href":"https:\/\/agrarias.ufpr.br\/fitotecnia\/wp-json\/wp\/v2\/comments?post=1248"}],"version-history":[{"count":5,"href":"https:\/\/agrarias.ufpr.br\/fitotecnia\/wp-json\/wp\/v2\/pages\/1248\/revisions"}],"predecessor-version":[{"id":4968,"href":"https:\/\/agrarias.ufpr.br\/fitotecnia\/wp-json\/wp\/v2\/pages\/1248\/revisions\/4968"}],"wp:attachment":[{"href":"https:\/\/agrarias.ufpr.br\/fitotecnia\/wp-json\/wp\/v2\/media?parent=1248"}],"curies":[{"name":"wp","href":"https:\/\/api.w.org\/{rel}","templated":true}]}}

Pós-colheita de plantas hortícolas

<p><del></del><strong>Resumo</strong></p>
<p style="text-align: justify">Os objetivos deste projeto são avaliar a qualidade e segurança alimentar de produtos hortícolas, avaliar a influência dos fatores pré e pós-colheita na longevidade dos produtos, avaliar e desenvolver tecnologias de produção que permitam aumentar a longevidade e reduzir as perdas dos produtos durante toda a cadeia produtiva.</p>
<p style="text-align: justify"><strong>Coordenadora</strong></p>
<p style="text-align: justify"><a href="https://agrarias.ufpr.br/fitotecnia/francine-lorena-cuquel/">Francine Lorena Cuquel</a></p>
<p>&nbsp;</p>
<p>Colaboradores</p>
<p>Camila Pereira Croge</p>
<p>Claudine Maria de Bona</p>
<p>Edson Shigueaki Nomura</p>
<p>Erval Rafael Damatto Junior</p>
<p>Luiz Antonio Biasi</p>
<p>Maria Aparecida Cassilha Zawadneak</p>
<p>Mauro Brasil Dias Tofanelli</p>
<p>Mayara Alves Schroder</p>
<p>Paula Toshimi Matumoto-Pintro</p>
<p>Jéssica Welinski De Oliveira D´Angelo</p>

<p>Resumo Os objetivos deste projeto são avaliar a qualidade e segurança alimentar de produtos hortícolas, avaliar a influência dos fatores pré e pós-colheita na longevidade dos produtos, avaliar e desenvolver tecnologias de produção que permitam aumentar a longevidade e reduzir as perdas dos produtos durante toda a cadeia produtiva. Coordenadora Francine Lorena Cuquel &nbsp; Colaboradores [&hellip;]</p>
