{"id":1234,"date":"2016-04-01T17:34:59","date_gmt":"2016-04-01T17:34:59","guid":{"rendered":"https:\/\/agrarias.ufpr.br\/fitotecnia\/?page_id=1234"},"modified":"2025-07-21T17:45:02","modified_gmt":"2025-07-21T17:45:02","slug":"francine-lorena-cuquel","status":"publish","type":"page","link":"https:\/\/agrarias.ufpr.br\/fitotecnia\/francine-lorena-cuquel\/","title":{"rendered":"Francine Lorena Cuquel"},"content":{"rendered":"<p>Prof. Titular<\/p>\n<p><strong>Forma\u00e7\u00e3o Acad\u00eamica\u00a0<\/strong><\/p>\n<p>P\u00f3s-Doutorado,\u00a0Institut de Recerca I Tecnologia Agroalimentaries, IRTA, Espanha (2013-2013)<\/p>\n<p>Dra. em Fitotecnia, USP, UFPR (2000)<\/p>\n<ol>\n<li>Sc. em Fitotecnia, USP (1992)<\/li>\n<\/ol>\n<p>Eng. Agr\u00f4noma, UFPR (1987)<\/p>\n<p><strong>\u00c1rea\/Sub-\u00e1rea\/Linha de pesquisa<\/strong><\/p>\n<p>Horticultura \u2013 P\u00f3s-Colheita Produtos Frutas, Hortali\u00e7as, Medicinais e Flores e Produ\u00e7\u00e3o de Cogumelos Comest\u00edveis\/ Beneficiamento, Processamento e Qualidade P\u00f3s-colheita de produtos\u00a0hort\u00edcolas<\/p>\n<p><strong>Disciplinas Ministradas na Gradua\u00e7\u00e3o\u00a0<\/strong><\/p>\n<p><a href=\"https:\/\/agrarias.ufpr.br\/fitotecnia\/horticultura-geral-af-063\/\">AF 103 \u2013 Horticultura<\/a><\/p>\n<p><a href=\"https:\/\/agrarias.ufpr.br\/fitotecnia\/producao-comercial-de-cogumelos-comestiveis\/\">AF 109E &#8211; Produ\u00e7\u00e3o Comercial de Cogumelos Comest\u00edveis<\/a><\/p>\n<p><a href=\"https:\/\/agrarias.ufpr.br\/fitotecnia\/pos-colheita-aplicada-a-horticultura-af-092\/\">AF 092 \u2013 P\u00f3s-colheita Aplicada \u00e0 Horticultura<\/a><\/p>\n<p><a href=\"https:\/\/agrarias.ufpr.br\/fitotecnia\/paisagismo-af-100\/\">AF 091 \u2013 Paisagismo\u00a0<\/a><\/p>\n<p><a href=\"https:\/\/agrarias.ufpr.br\/fitotecnia\/estagio-obrigatorio-supervisionado-em-agronomia-agro-001\/\">AGRO 001 \u2013 Est\u00e1gio Obrigat\u00f3rio Supervisionado em Agronomia<\/a><\/p>\n<p><a href=\"https:\/\/agrarias.ufpr.br\/fitotecnia\/introducao-a-pesquisa-em-fitotecnia-af048\/\">AF 048 \u2013 Introdu\u00e7\u00e3o \u00e0 Pesquisa em Fitotecnia\u00a0(orienta\u00e7\u00e3o)<\/a><\/p>\n<p><strong>Disciplinas Ministradas na P\u00f3s-Gradua\u00e7\u00e3o\u00a0<\/strong><\/p>\n<p><a href=\"https:\/\/agrarias.ufpr.br\/pgapv\/agro-7024-pos-colheita-de-produtos-horticolas-i\/\">AGRO 7025 \u2013 P\u00f3s-colheita de Produtos Hort\u00edcolas I\u00a0<\/a><\/p>\n<p><a href=\"https:\/\/agrarias.ufpr.br\/pgapv\/agro-7024-pos-colheita-de-produtos-horticolas-i\/\">AGRO 7026 \u2013\u00a0<\/a><a href=\"https:\/\/agrarias.ufpr.br\/pgapv\/agro-7025-pos-colheita-de-produtos-horticolas-ii\/\">P\u00f3s-colheita de Produtos Hort\u00edcolas II\u00a0<\/a><\/p>\n<p><a href=\"https:\/\/agrarias.ufpr.br\/pgapv\/agro-7027-pratica-docente-i\/\">AGRO 7027 \u2013 Pr\u00e1tica Docente I<\/a><\/p>\n<p><a href=\"https:\/\/agrarias.ufpr.br\/pgapv\/agro7028-pratica-docente-ii\/\">AGRO 7028 \u2013 Pr\u00e1tica Docente II<\/a><\/p>\n<p><strong>Coordena\u00e7\u00e3o de Projetos<\/strong><\/p>\n<p><a href=\"https:\/\/agrarias.ufpr.br\/fitotecnia\/1248-2\/\">P\u00f3s-colheita de Plantas Hort\u00edcolas<\/a><\/p>\n<p><a href=\"https:\/\/agrarias.ufpr.br\/fitotecnia\/producao-comercial-de-cogumelos-comestiveis\/\">Produ\u00e7\u00e3o Comercial de Cogumelos Comest\u00edveis<\/a><\/p>\n<p><strong>Laborat\u00f3rio\/Unidade de Apoio<\/strong><\/p>\n<p><a href=\"https:\/\/agrarias.ufpr.br\/fitotecnia\/laboratorio-de-pos-colheita-de-produtos-horticolas\/\">Laborat\u00f3rio de P\u00f3s-colheita de Produtos Hort\u00edcolas<\/a><\/p>\n<p>&nbsp;<\/p>\n<p><strong>Publica\u00e7\u00f5es<\/strong><\/p>\n<p><strong><a href=\"http:\/\/lattes.cnpq.br\/6198998881933776\"><img loading=\"lazy\" decoding=\"async\" class=\"alignnone wp-image-742\" src=\"https:\/\/agrarias.ufpr.br\/fitotecnia\/wp-content\/uploads\/sites\/26\/2016\/03\/icon_lattes.png\" alt=\"icon_lattes\" width=\"30\" height=\"29\" \/><\/a>\u00a0<a href=\"http:\/\/lattes.cnpq.br\/6198998881933776\">Lattes\u00a0<\/a><a href=\"http:\/\/lattes.cnpq.br\/6198998881933776\">\u00a0<\/a><a href=\"https:\/\/www.researchgate.net\/profile\/Francine-Cuquel\"><img loading=\"lazy\" decoding=\"async\" class=\"size-full wp-image-1136 alignnone\" src=\"https:\/\/agrarias.ufpr.br\/fitotecnia\/wp-content\/uploads\/sites\/26\/2016\/03\/apple-touch-icon-180x180-e1459453504744.png\" alt=\"apple-touch-icon-180x180\" width=\"29\" height=\"29\" \/><\/a>\u00a0<a href=\"https:\/\/www.researchgate.net\/profile\/Francine_Cuquel\/2\"><span class=\"tm7\">Research Gate<\/span><\/a><a href=\"http:\/\/lattes.cnpq.br\/6198998881933776\"> \u00a0<\/a><a href=\"https:\/\/orcid.org\/0000-0002-3026-2058\"><img loading=\"lazy\" decoding=\"async\" class=\"alignnone wp-image-4780\" src=\"https:\/\/agrarias.ufpr.br\/fitotecnia\/wp-content\/uploads\/sites\/26\/2021\/02\/unnamed-1.jpg\" alt=\"\" width=\"93\" height=\"37\" srcset=\"https:\/\/agrarias.ufpr.br\/fitotecnia\/wp-content\/uploads\/sites\/26\/2021\/02\/unnamed-1.jpg 347w, https:\/\/agrarias.ufpr.br\/fitotecnia\/wp-content\/uploads\/sites\/26\/2021\/02\/unnamed-1-300x119.jpg 300w, https:\/\/agrarias.ufpr.br\/fitotecnia\/wp-content\/uploads\/sites\/26\/2021\/02\/unnamed-1-250x99.jpg 250w\" sizes=\"auto, (max-width: 93px) 100vw, 93px\" \/><\/a><\/strong><\/p>\n<p><strong>Contatos\u00a0<\/strong><\/p>\n<p><img loading=\"lazy\" decoding=\"async\" class=\"wp-image-758 alignnone\" src=\"https:\/\/agrarias.ufpr.br\/fitotecnia\/wp-content\/uploads\/sites\/26\/2016\/03\/telefone.png\" alt=\"telefone\" width=\"22\" height=\"22\" srcset=\"https:\/\/agrarias.ufpr.br\/fitotecnia\/wp-content\/uploads\/sites\/26\/2016\/03\/telefone.png 200w, https:\/\/agrarias.ufpr.br\/fitotecnia\/wp-content\/uploads\/sites\/26\/2016\/03\/telefone-150x150.png 150w\" sizes=\"auto, (max-width: 22px) 100vw, 22px\" \/>+55 (41) 3350-5771<\/p>\n<p><img loading=\"lazy\" decoding=\"async\" class=\"alignnone wp-image-757\" src=\"https:\/\/agrarias.ufpr.br\/fitotecnia\/wp-content\/uploads\/sites\/26\/2016\/03\/email-small-.jpg\" alt=\"email small\" width=\"22\" height=\"22\" \/> francine@ufpr.br<\/p>\n","protected":false},"excerpt":{"rendered":"<p>Prof. Titular Forma\u00e7\u00e3o Acad\u00eamica\u00a0 P\u00f3s-Doutorado,\u00a0Institut de Recerca I Tecnologia Agroalimentaries, IRTA, Espanha (2013-2013) Dra. em Fitotecnia, USP, UFPR (2000) Sc. em Fitotecnia, USP (1992) Eng. Agr\u00f4noma, UFPR (1987) \u00c1rea\/Sub-\u00e1rea\/Linha de pesquisa Horticultura \u2013 P\u00f3s-Colheita Produtos Frutas, Hortali\u00e7as, Medicinais e Flores e Produ\u00e7\u00e3o de Cogumelos Comest\u00edveis\/ Beneficiamento, Processamento e Qualidade P\u00f3s-colheita de produtos\u00a0hort\u00edcolas Disciplinas Ministradas na [&hellip;]<\/p>\n","protected":false},"author":3,"featured_media":0,"parent":0,"menu_order":0,"comment_status":"closed","ping_status":"closed","template":"","meta":{"footnotes":""},"class_list":["post-1234","page","type-page","status-publish","hentry"],"_links":{"self":[{"href":"https:\/\/agrarias.ufpr.br\/fitotecnia\/wp-json\/wp\/v2\/pages\/1234","targetHints":{"allow":["GET"]}}],"collection":[{"href":"https:\/\/agrarias.ufpr.br\/fitotecnia\/wp-json\/wp\/v2\/pages"}],"about":[{"href":"https:\/\/agrarias.ufpr.br\/fitotecnia\/wp-json\/wp\/v2\/types\/page"}],"author":[{"embeddable":true,"href":"https:\/\/agrarias.ufpr.br\/fitotecnia\/wp-json\/wp\/v2\/users\/3"}],"replies":[{"embeddable":true,"href":"https:\/\/agrarias.ufpr.br\/fitotecnia\/wp-json\/wp\/v2\/comments?post=1234"}],"version-history":[{"count":38,"href":"https:\/\/agrarias.ufpr.br\/fitotecnia\/wp-json\/wp\/v2\/pages\/1234\/revisions"}],"predecessor-version":[{"id":6168,"href":"https:\/\/agrarias.ufpr.br\/fitotecnia\/wp-json\/wp\/v2\/pages\/1234\/revisions\/6168"}],"wp:attachment":[{"href":"https:\/\/agrarias.ufpr.br\/fitotecnia\/wp-json\/wp\/v2\/media?parent=1234"}],"curies":[{"name":"wp","href":"https:\/\/api.w.org\/{rel}","templated":true}]}}