{"id":1109,"date":"2016-03-31T17:19:59","date_gmt":"2016-03-31T17:19:59","guid":{"rendered":"https:\/\/agrarias.ufpr.br\/fitotecnia\/?page_id=1109"},"modified":"2026-05-05T11:12:34","modified_gmt":"2026-05-05T14:12:34","slug":"avaliacao-da-qualidade-de-sementes","status":"publish","type":"page","link":"https:\/\/agrarias.ufpr.br\/fitotecnia\/avaliacao-da-qualidade-de-sementes\/","title":{"rendered":"Avalia\u00e7\u00e3o da qualidade de sementes"},"content":{"rendered":"<p style=\"text-align: justify\"><strong>Resumo<\/strong><\/p>\n<p>Desenvolvimento ou aperfei\u00e7oamento de metodologias para avalia\u00e7\u00e3o do potencial fisiol\u00f3gico de sementes, visando a identifica\u00e7\u00e3o das mais adequadas para inclus\u00e3o em programas de controle de qualidade de diversas esp\u00e9cies.<\/p>\n<p><strong>Vig\u00eancia<\/strong><\/p>\n<p>&nbsp;<\/p>\n<p style=\"text-align: justify\"><strong>Coordenadora<\/strong><\/p>\n<p style=\"text-align: justify\"><a href=\"https:\/\/agrarias.ufpr.br\/fitotecnia\/maristela-panobianco\/\">Maristela Panobianco Vasconcellos<\/a><\/p>\n<p style=\"text-align: justify\">\n","protected":false},"excerpt":{"rendered":"<p>Resumo Desenvolvimento ou aperfei\u00e7oamento de metodologias para avalia\u00e7\u00e3o do potencial fisiol\u00f3gico de sementes, visando a identifica\u00e7\u00e3o das mais adequadas para inclus\u00e3o em programas de controle de qualidade de diversas esp\u00e9cies. Vig\u00eancia &nbsp; Coordenadora Maristela Panobianco Vasconcellos<\/p>\n","protected":false},"author":3,"featured_media":0,"parent":0,"menu_order":0,"comment_status":"closed","ping_status":"closed","template":"","meta":{"footnotes":""},"class_list":["post-1109","page","type-page","status-publish","hentry"],"_links":{"self":[{"href":"https:\/\/agrarias.ufpr.br\/fitotecnia\/wp-json\/wp\/v2\/pages\/1109","targetHints":{"allow":["GET"]}}],"collection":[{"href":"https:\/\/agrarias.ufpr.br\/fitotecnia\/wp-json\/wp\/v2\/pages"}],"about":[{"href":"https:\/\/agrarias.ufpr.br\/fitotecnia\/wp-json\/wp\/v2\/types\/page"}],"author":[{"embeddable":true,"href":"https:\/\/agrarias.ufpr.br\/fitotecnia\/wp-json\/wp\/v2\/users\/3"}],"replies":[{"embeddable":true,"href":"https:\/\/agrarias.ufpr.br\/fitotecnia\/wp-json\/wp\/v2\/comments?post=1109"}],"version-history":[{"count":6,"href":"https:\/\/agrarias.ufpr.br\/fitotecnia\/wp-json\/wp\/v2\/pages\/1109\/revisions"}],"predecessor-version":[{"id":6805,"href":"https:\/\/agrarias.ufpr.br\/fitotecnia\/wp-json\/wp\/v2\/pages\/1109\/revisions\/6805"}],"wp:attachment":[{"href":"https:\/\/agrarias.ufpr.br\/fitotecnia\/wp-json\/wp\/v2\/media?parent=1109"}],"curies":[{"name":"wp","href":"https:\/\/api.w.org\/{rel}","templated":true}]}}