{"id":1043,"date":"2016-03-31T16:05:13","date_gmt":"2016-03-31T16:05:13","guid":{"rendered":"https:\/\/agrarias.ufpr.br\/fitotecnia\/?page_id=1043"},"modified":"2016-04-26T18:37:53","modified_gmt":"2016-04-26T18:37:53","slug":"manejo-da-producao-agricola-em-sistemas-integrados","status":"publish","type":"page","link":"https:\/\/agrarias.ufpr.br\/fitotecnia\/manejo-da-producao-agricola-em-sistemas-integrados\/","title":{"rendered":"Manejo da Produ\u00e7\u00e3o Agr\u00edcola em Sistemas Integrados"},"content":{"rendered":"<p style=\"text-align: justify\">PROTOCOLO 1: Produ\u00e7\u00e3o de Capim \u00c1ries em resposta da competi\u00e7\u00e3o interespec\u00edfica com plantas daninhas. Uma abordagem em rela\u00e7\u00e3o ao sombreamento e aduba\u00e7\u00e3o nitrogenada. (2013\/2014)<\/p>\n<p style=\"text-align: justify\">PROTOCOLO 2: Produ\u00e7\u00e3o de Capim \u00c1ries em fun\u00e7\u00e3o do distanciamento das \u00e1rvores em Sistema Silvipastoril. (2014\/2015)<\/p>\n<p style=\"text-align: justify\">PROTOCOLO 4: Produ\u00e7\u00e3o de Milho e Girassol em fun\u00e7\u00e3o do distanciamento das \u00e1rvores em Sistema Silviagr\u00edcola (2015\/2016)<\/p>\n<p style=\"text-align: justify\">PROTOCOLO 5: Biomassa microbiana e carbono mineraliz\u00e1vel no solo em sistemas integrados de produ\u00e7\u00e3o agropecu\u00e1ria\u00a0 (2016\/2017)<\/p>\n<p style=\"text-align: justify\"><strong>Resumo<\/strong><\/p>\n<p style=\"text-align: justify\">A Produ\u00e7\u00e3o Integrada de Sistemas de Produ\u00e7\u00e3o (PISA) v\u00eam sendo adotados em diferentes estados brasileiros, havendo uma tend\u00eancia na melhoria das caracter\u00edsticas qu\u00edmicas e f\u00edsicas do solo. A\u00a0 produ\u00e7\u00e3o integrada dos sistemas atualmente se apresenta como uma alternativa na busca da sustentabilidade, tanto econ\u00f4mica como ambiental, devido \u00e0 diversifica\u00e7\u00e3o animal e vegetal. Com isso, o n\u00edvel dos variados sistemas agropecu\u00e1rios possuem altera\u00e7\u00f5es bi\u00f3ticas e abi\u00f3ticas que atuam de maneira independente. Nesta linha, o projeto de protocolo 5 busca analisar as respostas das perdas e ganhos com o aporte diferenciado de mat\u00e9ria org\u00e2nica (MOS), fonte importante de energia para os microrganismos, baseando-se nos impactos das altera\u00e7\u00f5es desses componentes (bi\u00f3ticos e abi\u00f3ticos) em diferentes sistemas de produ\u00e7\u00e3o e de sistemas especializados de lavoura e pecu\u00e1ria sobre a microbiologia e sua atividade no solo. Identificar as mudan\u00e7as qualitativas e quantitativas de C org\u00e2nico de 3tratamentos com delineamento de blocos ao acaso, de diferentes profundidades. O presente trabalho ser\u00e1 realizado em uma \u00e1rea experimental localizada na Fazenda Canguiri no N\u00facleo de Inova\u00e7\u00e3o Tecnol\u00f3gica em Agropecu\u00e1ria (NITA). As coletas ser\u00e3o realizadas no ver\u00e3o, anteriormente a semeadura das componentes agr\u00edcolas, durante o pleno florescimento e ap\u00f3s o ciclo do milho e girassol. Os compostos org\u00e2nicos eliminados pelas ra\u00edzes, que pode ser intensificado com pastejo moderado nas esp\u00e9cies forrageiras, servem como nutrientes para a biota do solo, estimulando a atividade dos microrganismos na rizosfera. A maior adi\u00e7\u00e3o de compostos org\u00e2nicos pelos animais e vegetais e o aumento da rizosfera das forrageiras em sistemas integrados podem estimular o desenvolvimento da microbiota do solo. A quantidade e qualidade da MOS influencia nos n\u00edveis de biomassa microbiana. Em fun\u00e7\u00e3o dessa rela\u00e7\u00e3o, pode se gerar subs\u00eddios que permitam compreender essas intera\u00e7\u00f5es com os diversos tipos de sistemas agropecu\u00e1rios e assim tra\u00e7ar um plano de manejo integrado sustent\u00e1vel, atingindo uma capacidade m\u00e1xima de aproveitamento desses nutrientes no solo.<\/p>\n<p style=\"text-align: justify\"><strong>Coordenadora<\/strong><\/p>\n<p style=\"text-align: justify\"><a href=\"https:\/\/agrarias.ufpr.br\/fitotecnia\/claudete-reisdorfer-lang\/\">Claudete Reisdorfer Lang<\/a><\/p>\n<p style=\"text-align: justify\"><strong>Vice-coordenador<\/strong><\/p>\n<p style=\"text-align: justify\"><a href=\"https:\/\/agrarias.ufpr.br\/fitotecnia\/anibal-de-moraes\/\">Anibal de Moraes\u00a0<\/a><\/p>\n<p style=\"text-align: justify\"><strong>Colaboradores<\/strong><\/p>\n<p style=\"text-align: justify\">Aluna Doutoranda Rubia DominscheK<\/p>\n<p style=\"text-align: justify\">Aluna Mestranda Georgia Kleina<\/p>\n<p style=\"text-align: justify\">Aluno da Gradua\u00e7\u00e3o \u2013IC &#8211; Gustavo Buff<\/p>\n<p style=\"text-align: justify\">Aluna da Gradua\u00e7\u00e3o \u2013 TCC &#8211; Anna Luiza Asth Lau<\/p>\n","protected":false},"excerpt":{"rendered":"<p>PROTOCOLO 1: Produ\u00e7\u00e3o de Capim \u00c1ries em resposta da competi\u00e7\u00e3o interespec\u00edfica com plantas daninhas. Uma abordagem em rela\u00e7\u00e3o ao sombreamento e aduba\u00e7\u00e3o nitrogenada. (2013\/2014) PROTOCOLO 2: Produ\u00e7\u00e3o de Capim \u00c1ries em fun\u00e7\u00e3o do distanciamento das \u00e1rvores em Sistema Silvipastoril. (2014\/2015) PROTOCOLO 4: Produ\u00e7\u00e3o de Milho e Girassol em fun\u00e7\u00e3o do distanciamento das \u00e1rvores em Sistema [&hellip;]<\/p>\n","protected":false},"author":3,"featured_media":0,"parent":0,"menu_order":0,"comment_status":"closed","ping_status":"closed","template":"","meta":{"footnotes":""},"class_list":["post-1043","page","type-page","status-publish","hentry"],"_links":{"self":[{"href":"https:\/\/agrarias.ufpr.br\/fitotecnia\/wp-json\/wp\/v2\/pages\/1043","targetHints":{"allow":["GET"]}}],"collection":[{"href":"https:\/\/agrarias.ufpr.br\/fitotecnia\/wp-json\/wp\/v2\/pages"}],"about":[{"href":"https:\/\/agrarias.ufpr.br\/fitotecnia\/wp-json\/wp\/v2\/types\/page"}],"author":[{"embeddable":true,"href":"https:\/\/agrarias.ufpr.br\/fitotecnia\/wp-json\/wp\/v2\/users\/3"}],"replies":[{"embeddable":true,"href":"https:\/\/agrarias.ufpr.br\/fitotecnia\/wp-json\/wp\/v2\/comments?post=1043"}],"version-history":[{"count":4,"href":"https:\/\/agrarias.ufpr.br\/fitotecnia\/wp-json\/wp\/v2\/pages\/1043\/revisions"}],"predecessor-version":[{"id":2289,"href":"https:\/\/agrarias.ufpr.br\/fitotecnia\/wp-json\/wp\/v2\/pages\/1043\/revisions\/2289"}],"wp:attachment":[{"href":"https:\/\/agrarias.ufpr.br\/fitotecnia\/wp-json\/wp\/v2\/media?parent=1043"}],"curies":[{"name":"wp","href":"https:\/\/api.w.org\/{rel}","templated":true}]}}

Manejo da Produção Agrícola em Sistemas Integrados

<p style="text-align: justify">PROTOCOLO 1: Produção de Capim Áries em resposta da competição interespecífica com plantas daninhas. Uma abordagem em relação ao sombreamento e adubação nitrogenada. (2013/2014)</p>
<p style="text-align: justify">PROTOCOLO 2: Produção de Capim Áries em função do distanciamento das árvores em Sistema Silvipastoril. (2014/2015)</p>
<p style="text-align: justify">PROTOCOLO 4: Produção de Milho e Girassol em função do distanciamento das árvores em Sistema Silviagrícola (2015/2016)</p>
<p style="text-align: justify">PROTOCOLO 5: Biomassa microbiana e carbono mineralizável no solo em sistemas integrados de produção agropecuária  (2016/2017)</p>
<p style="text-align: justify"><strong>Resumo</strong></p>
<p style="text-align: justify">A Produção Integrada de Sistemas de Produção (PISA) vêm sendo adotados em diferentes estados brasileiros, havendo uma tendência na melhoria das características químicas e físicas do solo. A  produção integrada dos sistemas atualmente se apresenta como uma alternativa na busca da sustentabilidade, tanto econômica como ambiental, devido à diversificação animal e vegetal. Com isso, o nível dos variados sistemas agropecuários possuem alterações bióticas e abióticas que atuam de maneira independente. Nesta linha, o projeto de protocolo 5 busca analisar as respostas das perdas e ganhos com o aporte diferenciado de matéria orgânica (MOS), fonte importante de energia para os microrganismos, baseando-se nos impactos das alterações desses componentes (bióticos e abióticos) em diferentes sistemas de produção e de sistemas especializados de lavoura e pecuária sobre a microbiologia e sua atividade no solo. Identificar as mudanças qualitativas e quantitativas de C orgânico de 3tratamentos com delineamento de blocos ao acaso, de diferentes profundidades. O presente trabalho será realizado em uma área experimental localizada na Fazenda Canguiri no Núcleo de Inovação Tecnológica em Agropecuária (NITA). As coletas serão realizadas no verão, anteriormente a semeadura das componentes agrícolas, durante o pleno florescimento e após o ciclo do milho e girassol. Os compostos orgânicos eliminados pelas raízes, que pode ser intensificado com pastejo moderado nas espécies forrageiras, servem como nutrientes para a biota do solo, estimulando a atividade dos microrganismos na rizosfera. A maior adição de compostos orgânicos pelos animais e vegetais e o aumento da rizosfera das forrageiras em sistemas integrados podem estimular o desenvolvimento da microbiota do solo. A quantidade e qualidade da MOS influencia nos níveis de biomassa microbiana. Em função dessa relação, pode se gerar subsídios que permitam compreender essas interações com os diversos tipos de sistemas agropecuários e assim traçar um plano de manejo integrado sustentável, atingindo uma capacidade máxima de aproveitamento desses nutrientes no solo.</p>
<p style="text-align: justify"><strong>Coordenadora</strong></p>
<p style="text-align: justify"><a href="https://agrarias.ufpr.br/fitotecnia/claudete-reisdorfer-lang/">Claudete Reisdorfer Lang</a></p>
<p style="text-align: justify"><strong>Vice-coordenador</strong></p>
<p style="text-align: justify"><a href="https://agrarias.ufpr.br/fitotecnia/anibal-de-moraes/">Anibal de Moraes </a></p>
<p style="text-align: justify"><strong>Colaboradores</strong></p>
<p style="text-align: justify">Aluna Doutoranda Rubia DominscheK</p>
<p style="text-align: justify">Aluna Mestranda Georgia Kleina</p>
<p style="text-align: justify">Aluno da Graduação –IC &#8211; Gustavo Buff</p>
<p style="text-align: justify">Aluna da Graduação – TCC &#8211; Anna Luiza Asth Lau</p>

<p>PROTOCOLO 1: Produção de Capim Áries em resposta da competição interespecífica com plantas daninhas. Uma abordagem em relação ao sombreamento e adubação nitrogenada. (2013/2014) PROTOCOLO 2: Produção de Capim Áries em função do distanciamento das árvores em Sistema Silvipastoril. (2014/2015) PROTOCOLO 4: Produção de Milho e Girassol em função do distanciamento das árvores em Sistema [&hellip;]</p>
