{"id":35,"date":"2026-03-23T10:40:30","date_gmt":"2026-03-23T13:40:30","guid":{"rendered":"https:\/\/agrarias.ufpr.br\/engenhariaflorestal\/?page_id=35"},"modified":"2026-03-23T10:40:44","modified_gmt":"2026-03-23T13:40:44","slug":"coordenacao","status":"publish","type":"page","link":"https:\/\/agrarias.ufpr.br\/engenhariaflorestal\/coordenacao\/","title":{"rendered":"Coordena\u00e7\u00e3o"},"content":{"rendered":"\n<p><strong>Coordena\u00e7\u00e3o: <\/strong>Professora Giovana Bomfim de Alcantara; giobomfim@ufpr.br; 3360-4244<\/p>\n\n\n\n<p><strong>Vice-coordena\u00e7\u00e3o:<\/strong> Lucieli Rossi; lucielirossi@ufpr.br; 3360<\/p>\n\n\n\n<p><strong>Secret\u00e1rio: <\/strong>Newton Celso Gurak; celso@ufpr.br; 3360-4206<\/p>\n","protected":false},"excerpt":{"rendered":"<p>Coordena\u00e7\u00e3o: Professora Giovana Bomfim de Alcantara; giobomfim@ufpr.br; 3360-4244 Vice-coordena\u00e7\u00e3o: Lucieli Rossi; lucielirossi@ufpr.br; 3360 Secret\u00e1rio: Newton Celso Gurak; celso@ufpr.br; 3360-4206<\/p>\n","protected":false},"author":10297,"featured_media":0,"parent":0,"menu_order":0,"comment_status":"closed","ping_status":"closed","template":"","meta":{"footnotes":""},"class_list":["post-35","page","type-page","status-publish","hentry"],"_links":{"self":[{"href":"https:\/\/agrarias.ufpr.br\/engenhariaflorestal\/wp-json\/wp\/v2\/pages\/35","targetHints":{"allow":["GET"]}}],"collection":[{"href":"https:\/\/agrarias.ufpr.br\/engenhariaflorestal\/wp-json\/wp\/v2\/pages"}],"about":[{"href":"https:\/\/agrarias.ufpr.br\/engenhariaflorestal\/wp-json\/wp\/v2\/types\/page"}],"author":[{"embeddable":true,"href":"https:\/\/agrarias.ufpr.br\/engenhariaflorestal\/wp-json\/wp\/v2\/users\/10297"}],"replies":[{"embeddable":true,"href":"https:\/\/agrarias.ufpr.br\/engenhariaflorestal\/wp-json\/wp\/v2\/comments?post=35"}],"version-history":[{"count":2,"href":"https:\/\/agrarias.ufpr.br\/engenhariaflorestal\/wp-json\/wp\/v2\/pages\/35\/revisions"}],"predecessor-version":[{"id":38,"href":"https:\/\/agrarias.ufpr.br\/engenhariaflorestal\/wp-json\/wp\/v2\/pages\/35\/revisions\/38"}],"wp:attachment":[{"href":"https:\/\/agrarias.ufpr.br\/engenhariaflorestal\/wp-json\/wp\/v2\/media?parent=35"}],"curies":[{"name":"wp","href":"https:\/\/api.w.org\/{rel}","templated":true}]}}