{"id":523,"date":"2016-10-13T12:38:09","date_gmt":"2016-10-13T12:38:09","guid":{"rendered":"https:\/\/agrarias.ufpr.br\/solos\/?page_id=523"},"modified":"2022-08-18T13:56:41","modified_gmt":"2022-08-18T13:56:41","slug":"formularios-2","status":"publish","type":"page","link":"https:\/\/agrarias.ufpr.br\/dsea\/formularios-2\/","title":{"rendered":"Formul\u00e1rios"},"content":{"rendered":"<ul>\n<li style=\"text-align: justify;\"><b><span style=\"font-family: Arial;\">Formul\u00e1rios disponibilizados para os Alunos do DSEA (gradua\u00e7\u00e3o e p\u00f3s-gradua\u00e7\u00e3o)<\/span><\/b>\n<ul>\n<li><a href=\"https:\/\/agrarias.ufpr.br\/dsea\/wp-content\/uploads\/sites\/30\/2022\/08\/autorizacao-solos.pdf\">Autoriza\u00e7\u00e3o para entrar no Campus do Setor de Ci\u00eancias Agr\u00e1rias (SCA) nos finais de semana ou feriados;<\/a><\/li>\n<li><a href=\"https:\/\/agrarias.ufpr.br\/agronomia\/wp-content\/uploads\/sites\/24\/2019\/08\/3-Disciplina-Eletiva.pdf\">Requerimento de matr\u00edcula em disciplina eletiva (somente para alunos da UFPR);<\/a><\/li>\n<li><a href=\"https:\/\/agrarias.ufpr.br\/agronomia\/wp-content\/uploads\/sites\/24\/2019\/08\/4-Disciplina-Isolada.pdf\">Requerimento de matr\u00edcula em disciplina isolada;<\/a><\/li>\n<li><a href=\"https:\/\/agrarias.ufpr.br\/dsea\/wp-content\/uploads\/sites\/30\/2022\/08\/REQUERIMENTO-DE-REVISAO-DE-PROVA.pdf\">Requerimento de revis\u00e3o de prova;<\/a><\/li>\n<li><a href=\"https:\/\/agrarias.ufpr.br\/dsea\/wp-content\/uploads\/sites\/30\/2022\/08\/REQUERIMENTO-2a-CHAMADA.pdf\">Requerimento de segunda chamada (provas);<\/a><\/li>\n<li>Solicita\u00e7\u00e3o de retifica\u00e7\u00e3o de nota;<\/li>\n<li><span class=\"TextoTitulos\" style=\"color: #000000;\"><span style=\"font-family: Arial;\"><a style=\"color: #000000;\" href=\"http:\/\/www.pgcisolo.agrarias.ufpr.br\/formularios\/\">Programa de P\u00f3s-Gradua\u00e7\u00e3o em Ci\u00eancia do Solo: Acesso aos modelos de formul\u00e1rios, of\u00edcios e termos de compromisso que o Programa deixa a disposi\u00e7\u00e3o para os Alunos de P\u00f3s-Gradua\u00e7\u00e3o.<\/a><\/span><\/span><\/li>\n<\/ul>\n<\/li>\n<\/ul>\n<hr \/>\n<ul>\n<li>\n<p align=\"justify\"><b><span style=\"font-family: Arial;\"> Formul\u00e1rios disponibilizados para os Servidores do DSEA<\/span><\/b><\/p>\n<ul>\n<li>\n<p align=\"justify\">Comunica\u00e7\u00e3o de aus\u00eancia do DSEA;<\/p>\n<\/li>\n<li>\n<p align=\"justify\">Comunica\u00e7\u00e3o de aus\u00eancia do DSEA por viagem a servi\u00e7o;<\/p>\n<\/li>\n<li>\n<p align=\"justify\">Autoriza\u00e7\u00e3o para entrar no Campus do Setor de Ci\u00eancias Agr\u00e1rias (SCA);<\/p>\n<\/li>\n<\/ul>\n<\/li>\n<\/ul>\n<hr \/>\n<ul>\n<li>\n<p align=\"justify\"><span style=\"color: #000000;\"><span style=\"font-family: Arial;\"><a style=\"color: #000000;\" href=\"http:\/\/www.ufpr.br\/cppd\/proceder.htm\" target=\"_blank\" rel=\"noopener\">Comiss\u00e3o Permanente de Pessoal Docente (CPPD): Acesso aos Formul\u00e1rios para solicitar Progress\u00e3o Funcional ou Solicita\u00e7\u00e3o de Mudan\u00e7a de Regime de Trabalho.<\/a><\/span><span style=\"font-family: Arial; font-size: xx-small;\"><br \/>\n<\/span><\/span><\/p>\n<\/li>\n<li>\n<p align=\"justify\"><span style=\"color: #000000;\"><span style=\"font-family: Arial;\"><a style=\"color: #000000;\" href=\"http:\/\/www.proec.ufpr.br\/links\/extensao\/progproj.html#formularios\" target=\"_blank\" rel=\"noopener\"> Pr\u00f3-Reitoria de Extens\u00e3o e Cultura (PROEC) &#8211; Coordenadoria de Extens\u00e3o<\/a><a style=\"color: #000000;\" href=\"http:\/\/www.proec.ufpr.br\/links\/extensao\/progproj.html#formularios\" target=\"_blank\" rel=\"noopener\">: Acesso aos <\/a><\/span><span style=\"font-family: Arial; font-size: medium;\"> <span class=\"TextoTitulos\"><a style=\"color: #000000;\" href=\"http:\/\/www.proec.ufpr.br\/links\/extensao\/progproj.html#formularios\" target=\"_blank\" rel=\"noopener\">Formul\u00e1rios de Proposta e Relat\u00f3rios de Programas ou Projetos de Extens\u00e3o.<\/a><\/span><\/span><\/span><\/p>\n<\/li>\n<\/ul>\n","protected":false},"excerpt":{"rendered":"<p>Formul\u00e1rios disponibilizados para os Alunos do DSEA (gradua\u00e7\u00e3o e p\u00f3s-gradua\u00e7\u00e3o) Autoriza\u00e7\u00e3o para entrar no Campus do Setor de Ci\u00eancias Agr\u00e1rias (SCA) nos finais de semana ou feriados; Requerimento de matr\u00edcula em disciplina eletiva (somente para alunos da UFPR); Requerimento de matr\u00edcula em disciplina isolada; Requerimento de revis\u00e3o de prova; Requerimento de segunda chamada (provas); Solicita\u00e7\u00e3o [&hellip;]<\/p>\n","protected":false},"author":3,"featured_media":0,"parent":0,"menu_order":0,"comment_status":"closed","ping_status":"closed","template":"","meta":{"footnotes":""},"class_list":["post-523","page","type-page","status-publish","hentry"],"_links":{"self":[{"href":"https:\/\/agrarias.ufpr.br\/dsea\/wp-json\/wp\/v2\/pages\/523","targetHints":{"allow":["GET"]}}],"collection":[{"href":"https:\/\/agrarias.ufpr.br\/dsea\/wp-json\/wp\/v2\/pages"}],"about":[{"href":"https:\/\/agrarias.ufpr.br\/dsea\/wp-json\/wp\/v2\/types\/page"}],"author":[{"embeddable":true,"href":"https:\/\/agrarias.ufpr.br\/dsea\/wp-json\/wp\/v2\/users\/3"}],"replies":[{"embeddable":true,"href":"https:\/\/agrarias.ufpr.br\/dsea\/wp-json\/wp\/v2\/comments?post=523"}],"version-history":[{"count":11,"href":"https:\/\/agrarias.ufpr.br\/dsea\/wp-json\/wp\/v2\/pages\/523\/revisions"}],"predecessor-version":[{"id":1037,"href":"https:\/\/agrarias.ufpr.br\/dsea\/wp-json\/wp\/v2\/pages\/523\/revisions\/1037"}],"wp:attachment":[{"href":"https:\/\/agrarias.ufpr.br\/dsea\/wp-json\/wp\/v2\/media?parent=523"}],"curies":[{"name":"wp","href":"https:\/\/api.w.org\/{rel}","templated":true}]}}