{"id":14,"date":"2024-10-15T14:49:25","date_gmt":"2024-10-15T17:49:25","guid":{"rendered":"https:\/\/agrarias.ufpr.br\/dmv\/?page_id=14"},"modified":"2025-02-06T14:55:07","modified_gmt":"2025-02-06T17:55:07","slug":"administracao","status":"publish","type":"page","link":"https:\/\/agrarias.ufpr.br\/dmv\/administracao\/","title":{"rendered":"ADMINISTRA\u00c7\u00c3O"},"content":{"rendered":"\n<h2 class=\"wp-block-heading\">Chefe do Departamento <\/h2>\n\n\n\n<p>Prof. Marcos Vin\u00edcius Ferrari<\/p>\n\n\n\n<p>ferrari@ufpr.br<\/p>\n\n\n\n<p><\/p>\n\n\n\n<h2 class=\"wp-block-heading\">Vice-chefe do Departamento <\/h2>\n\n\n\n<p>Prof. Renato Silva de Sousa<\/p>\n\n\n\n<p>renatosousa@ufpr.br<\/p>\n\n\n\n<p><\/p>\n\n\n\n<h2 class=\"wp-block-heading\">Secret\u00e1rio do Departamento <\/h2>\n\n\n\n<p>Luiz Domingos Caleffi J\u00fanior<\/p>\n\n\n\n<p>dmv@ufpr.br<\/p>\n\n\n\n<p><\/p>\n\n\n","protected":false},"excerpt":{"rendered":"<p>Chefe do Departamento Prof. Marcos Vin\u00edcius Ferrari ferrari@ufpr.br Vice-chefe do Departamento Prof. Renato Silva de Sousa renatosousa@ufpr.br Secret\u00e1rio do Departamento Luiz Domingos Caleffi J\u00fanior dmv@ufpr.br<\/p>\n","protected":false},"author":3,"featured_media":0,"parent":0,"menu_order":0,"comment_status":"closed","ping_status":"closed","template":"","meta":{"footnotes":""},"class_list":["post-14","page","type-page","status-publish","hentry"],"_links":{"self":[{"href":"https:\/\/agrarias.ufpr.br\/dmv\/wp-json\/wp\/v2\/pages\/14","targetHints":{"allow":["GET"]}}],"collection":[{"href":"https:\/\/agrarias.ufpr.br\/dmv\/wp-json\/wp\/v2\/pages"}],"about":[{"href":"https:\/\/agrarias.ufpr.br\/dmv\/wp-json\/wp\/v2\/types\/page"}],"author":[{"embeddable":true,"href":"https:\/\/agrarias.ufpr.br\/dmv\/wp-json\/wp\/v2\/users\/3"}],"replies":[{"embeddable":true,"href":"https:\/\/agrarias.ufpr.br\/dmv\/wp-json\/wp\/v2\/comments?post=14"}],"version-history":[{"count":4,"href":"https:\/\/agrarias.ufpr.br\/dmv\/wp-json\/wp\/v2\/pages\/14\/revisions"}],"predecessor-version":[{"id":85,"href":"https:\/\/agrarias.ufpr.br\/dmv\/wp-json\/wp\/v2\/pages\/14\/revisions\/85"}],"wp:attachment":[{"href":"https:\/\/agrarias.ufpr.br\/dmv\/wp-json\/wp\/v2\/media?parent=14"}],"curies":[{"name":"wp","href":"https:\/\/api.w.org\/{rel}","templated":true}]}}